{"id":99304,"date":"2024-09-04T12:07:33","date_gmt":"2024-09-04T10:07:33","guid":{"rendered":"https:\/\/www.pescafish.it\/new\/?post_type=product&#038;p=99304"},"modified":"2024-09-04T12:07:33","modified_gmt":"2024-09-04T10:07:33","slug":"canna-catana-te-boat-light-drift-shimano","status":"publish","type":"product","link":"https:\/\/www.pescafish.it\/new\/prodotto\/canna-catana-te-boat-light-drift-shimano\/","title":{"rendered":"Canna Catana Te Boat Light Drift &#8211; Shimano"},"content":{"rendered":"<p>La Catana Tele Boat Light Drifting \u00e8 stato progettata per il light drifting e offre un eccellente rapporto qualit\u00e0\/prezzo. Il design telescopico \u00e8 facile da trasportare e la lunghezza extra e l&#8217;azione rapida rendono il controllo della lenza preciso e pi\u00f9 facile rispetto alle canne tradizionali pi\u00f9 corte.<br \/>\nSe vi piace pescare con uno stile di drifting leggero, la Catana Tele Boat Light Drifting \u00e8 un&#8217;ottima canna da avere a disposizione. Perfette per insidiare prede come sgombri, orate, sugarelli, vi stupirete di quanto siano leggere e ben bilanciate queste canne dall&#8217;aspetto fantastico, soprattutto quando dovrete regolare costantemente la lenza durante lo scarroccio. Con una potenza di lancio di 50 g, che copre un&#8217;ampia gamma di grammature, sono fornite due vettini solid che consentono di regolare l&#8217;azione selezionando la potenza preferita. Durante l&#8217;uso, apprezzerete la lunghezza extra e l&#8217;azione rapida di queste canne, che vi permetteranno di mantenere un eccellente controllo dell&#8217;esca, anche a lunga distanza.<br \/>\nIl blank telescopico Full Carbon della Catana Tele Boat Light Drifting non solo conferisce alla canna una sensazione di leggerezza e bilanciamento, ma fornisce anche una maggiore resistenza, mentre la lunghezza ridotta per il trasporto aumenta la praticit\u00e0 di stoccaggio. Forniti con due vettini solid di diversa potenza, l&#8217;azione rapida e la lunghezza extra di questi modelli migliorano il controllo della lenza a distanza e aumentano la velocit\u00e0 della punta al momento dello strike per garantire un ferrata ultra rapida. Dotata di anelli Shimano Hardlite in acciaio inox, anti corrosione, la Catana ha portamulinello SHIMANO e un tappo in gomma per il comfort di combattimento.<\/p>\n<p><strong>Disponibile nei seguenti modelli:<\/strong><\/p>\n<table style=\"height: 72px; width: 100%; border-collapse: collapse; border-color: #000000;\" border=\"2\">\n<tbody>\n<tr style=\"height: 24px;\">\n<td style=\"width: 14.2857%; height: 24px; text-align: center;\"><strong>Modello<\/strong><\/td>\n<td style=\"width: 14.2857%; height: 24px; text-align: center;\"><strong>Lunghezza<\/strong><\/td>\n<td style=\"width: 14.2857%; height: 24px; text-align: center;\"><strong>Potenza<\/strong><\/td>\n<td style=\"width: 14.2857%; height: 24px; text-align: center;\"><strong>Ingombro<\/strong><\/td>\n<td style=\"width: 14.2857%; height: 24px; text-align: center;\"><strong>Peso<\/strong><\/td>\n<td style=\"width: 14.2857%; height: 24px; text-align: center;\"><strong>N\u00b0 sezioni<\/strong><\/td>\n<td style=\"width: 14.2857%; height: 24px; text-align: center;\"><strong>Azione<\/strong><\/td>\n<\/tr>\n<tr style=\"height: 24px;\">\n<td style=\"width: 14.2857%; height: 24px; text-align: center;\"><strong>CATBTTELD35<\/strong><\/td>\n<td style=\"width: 14.2857%; height: 24px; text-align: center;\">3,50m<\/td>\n<td style=\"width: 14.2857%; height: 24px; text-align: center;\">50g<\/td>\n<td style=\"width: 14.2857%; height: 24px; text-align: center;\">119cm<\/td>\n<td style=\"width: 14.2857%; height: 24px; text-align: center;\">235g<\/td>\n<td style=\"width: 14.2857%; height: 24px; text-align: center;\">5<\/td>\n<td style=\"width: 14.2857%; height: 24px; text-align: center;\">Extra Fast<\/td>\n<\/tr>\n<tr style=\"height: 24px;\">\n<td style=\"width: 14.2857%; height: 24px; text-align: center;\"><strong>CATBTTELD40<\/strong><\/td>\n<td style=\"width: 14.2857%; height: 24px; text-align: center;\">4m<\/td>\n<td style=\"width: 14.2857%; height: 24px; text-align: center;\">50g<\/td>\n<td style=\"width: 14.2857%; height: 24px; text-align: center;\">124cm<\/td>\n<td style=\"width: 14.2857%; height: 24px; text-align: center;\">290g<\/td>\n<td style=\"width: 14.2857%; height: 24px; text-align: center;\">6<\/td>\n<td style=\"width: 14.2857%; height: 24px; text-align: center;\">Extra Fast<\/td>\n<\/tr>\n<\/tbody>\n<\/table>\n<p>.<br \/>\n<span style=\"color: #ff0000;\"><strong>DUE ANNI DI GARANZIA<br \/>\n<\/strong><strong>Da oggi per avere il TERZO ANNO DI GARANZIA, collegati al nuovo portale e registra il tuo prodotto su:<\/strong><\/span><br \/>\n<span style=\"color: #000000; background-color: #ffff00;\"><strong><a style=\"color: #000000; background-color: #ffff00;\" href=\"http:\/\/www.shimanofishnetwork.it\/garanzia\/sign_in\">http:\/\/www.shimanofishnetwork.it\/garanzia\/sign_in<\/a><\/strong><\/span><\/p>\n","protected":false},"excerpt":{"rendered":"<p>La Catana Tele Boat Light Drifting \u00e8 stato progettata per il light drifting e offre un eccellente rapporto qualit\u00e0\/prezzo. Il design telescopico \u00e8 facile da trasportare e la lunghezza extra e l&#8217;azione rapida rendono il controllo della lenza preciso e pi\u00f9 facile rispetto alle canne tradizionali pi\u00f9 corte. Se vi piace pescare con uno stile [&hellip;]<\/p>\n","protected":false},"featured_media":99305,"comment_status":"closed","ping_status":"closed","template":"","meta":[],"product_cat":[81,80],"product_tag":[1023],"yoast_head":"<!-- This site is optimized with the Yoast SEO plugin v15.3 - https:\/\/yoast.com\/wordpress\/plugins\/seo\/ -->\n<title>Canna Catana Te Boat Light Drift - Shimano - Pesca Fish<\/title>\n<meta name=\"robots\" content=\"index, follow, max-snippet:-1, max-image-preview:large, max-video-preview:-1\" \/>\n<link rel=\"canonical\" href=\"https:\/\/www.pescafish.it\/new\/prodotto\/canna-catana-te-boat-light-drift-shimano\/\" \/>\n<meta property=\"og:locale\" content=\"it_IT\" \/>\n<meta property=\"og:type\" content=\"article\" \/>\n<meta property=\"og:title\" content=\"Canna Catana Te Boat Light Drift - Shimano - Pesca Fish\" \/>\n<meta property=\"og:description\" content=\"La Catana Tele Boat Light Drifting \u00e8 stato progettata per il light drifting e offre un eccellente rapporto qualit\u00e0\/prezzo. Il design telescopico \u00e8 facile da trasportare e la lunghezza extra e l&#8217;azione rapida rendono il controllo della lenza preciso e pi\u00f9 facile rispetto alle canne tradizionali pi\u00f9 corte. Se vi piace pescare con uno stile [&hellip;]\" \/>\n<meta property=\"og:url\" content=\"https:\/\/www.pescafish.it\/new\/prodotto\/canna-catana-te-boat-light-drift-shimano\/\" \/>\n<meta property=\"og:site_name\" content=\"Pesca Fish\" \/>\n<meta property=\"article:publisher\" content=\"https:\/\/www.facebook.com\/pescafishvr\/\" \/>\n<meta property=\"og:image\" content=\"https:\/\/www.pescafish.it\/new\/wp-content\/uploads\/2024\/09\/catana-te-boat-light-drift.jpg\" \/>\n\t<meta property=\"og:image:width\" content=\"848\" \/>\n\t<meta property=\"og:image:height\" content=\"848\" \/>\n<meta name=\"twitter:card\" content=\"summary_large_image\" \/>\n<meta name=\"twitter:label1\" content=\"Scritto da\">\n\t<meta name=\"twitter:data1\" content=\"francesca\">\n\t<meta name=\"twitter:label2\" content=\"Tempo di lettura stimato\">\n\t<meta name=\"twitter:data2\" content=\"1 minuto\">\n<script type=\"application\/ld+json\" class=\"yoast-schema-graph\">{\"@context\":\"https:\/\/schema.org\",\"@graph\":[{\"@type\":\"WebSite\",\"@id\":\"https:\/\/www.pescafish.it\/new\/#website\",\"url\":\"https:\/\/www.pescafish.it\/new\/\",\"name\":\"Pesca Fish\",\"description\":\"Benvenuti sul nostro sito!\",\"potentialAction\":[{\"@type\":\"SearchAction\",\"target\":\"https:\/\/www.pescafish.it\/new\/?s={search_term_string}\",\"query-input\":\"required name=search_term_string\"}],\"inLanguage\":\"it-IT\"},{\"@type\":\"ImageObject\",\"@id\":\"https:\/\/www.pescafish.it\/new\/prodotto\/canna-catana-te-boat-light-drift-shimano\/#primaryimage\",\"inLanguage\":\"it-IT\",\"url\":\"https:\/\/www.pescafish.it\/new\/wp-content\/uploads\/2024\/09\/catana-te-boat-light-drift.jpg\",\"width\":848,\"height\":848,\"caption\":\"catana te boat light drift shimano\"},{\"@type\":\"WebPage\",\"@id\":\"https:\/\/www.pescafish.it\/new\/prodotto\/canna-catana-te-boat-light-drift-shimano\/#webpage\",\"url\":\"https:\/\/www.pescafish.it\/new\/prodotto\/canna-catana-te-boat-light-drift-shimano\/\",\"name\":\"Canna Catana Te Boat Light Drift - Shimano - Pesca Fish\",\"isPartOf\":{\"@id\":\"https:\/\/www.pescafish.it\/new\/#website\"},\"primaryImageOfPage\":{\"@id\":\"https:\/\/www.pescafish.it\/new\/prodotto\/canna-catana-te-boat-light-drift-shimano\/#primaryimage\"},\"datePublished\":\"2024-09-04T10:07:33+00:00\",\"dateModified\":\"2024-09-04T10:07:33+00:00\",\"inLanguage\":\"it-IT\",\"potentialAction\":[{\"@type\":\"ReadAction\",\"target\":[\"https:\/\/www.pescafish.it\/new\/prodotto\/canna-catana-te-boat-light-drift-shimano\/\"]}]}]}<\/script>\n<!-- \/ Yoast SEO plugin. -->","_links":{"self":[{"href":"https:\/\/www.pescafish.it\/new\/wp-json\/wp\/v2\/product\/99304"}],"collection":[{"href":"https:\/\/www.pescafish.it\/new\/wp-json\/wp\/v2\/product"}],"about":[{"href":"https:\/\/www.pescafish.it\/new\/wp-json\/wp\/v2\/types\/product"}],"replies":[{"embeddable":true,"href":"https:\/\/www.pescafish.it\/new\/wp-json\/wp\/v2\/comments?post=99304"}],"wp:featuredmedia":[{"embeddable":true,"href":"https:\/\/www.pescafish.it\/new\/wp-json\/wp\/v2\/media\/99305"}],"wp:attachment":[{"href":"https:\/\/www.pescafish.it\/new\/wp-json\/wp\/v2\/media?parent=99304"}],"wp:term":[{"taxonomy":"product_cat","embeddable":true,"href":"https:\/\/www.pescafish.it\/new\/wp-json\/wp\/v2\/product_cat?post=99304"},{"taxonomy":"product_tag","embeddable":true,"href":"https:\/\/www.pescafish.it\/new\/wp-json\/wp\/v2\/product_tag?post=99304"}],"curies":[{"name":"wp","href":"https:\/\/api.w.org\/{rel}","templated":true}]}}