{"id":99298,"date":"2024-09-03T18:49:43","date_gmt":"2024-09-03T16:49:43","guid":{"rendered":"https:\/\/www.pescafish.it\/new\/?post_type=product&#038;p=99298"},"modified":"2024-09-03T18:49:43","modified_gmt":"2024-09-03T16:49:43","slug":"canna-biocraft-xr-fly-shimano","status":"publish","type":"product","link":"https:\/\/www.pescafish.it\/new\/prodotto\/canna-biocraft-xr-fly-shimano\/","title":{"rendered":"Canna Biocraft XR Fly &#8211; Shimano"},"content":{"rendered":"<p>Le canne Biocraft XR sono le canne da mosca tecnologicamente pi\u00f9 avanzate mai prodotte da Shimano e offrono una notevole combinazione di prestazioni di lancio, praticit\u00e0 di pesca e qualit\u00e0. La gamma completa copre tutte le situazioni, dalla pesca a ninfa ultra leggera fino alla pesca del tonno in mare.<br \/>\nLa Biocraft XR \u00e8 una straordinaria combinazione di tecnologia e conoscenza della pesca a mosca. Prendetene una e capirete immediatamente la qualit\u00e0 dell&#8217;attrezzo. Leggera, reattiva, perfettamente rifinita, la Biocraft XR \u00e8 ben al di sopra del suo prezzo ed \u00e8 un seria sfidante di alcuni modelli concorrenti di prezzo molto elevato. Con 25 modelli in gamma, ce n&#8217;\u00e8 per tutti i gusti, dalle azioni pi\u00f9 leggere e sensibili fino a quelle pi\u00f9 potenti per contrastare grossi predatori in mare e in acqua dolce. Ognuno di essi \u00e8 una squisita opera d&#8217;arte, che diventa immediatamente un&#8217;estensione del vostro braccio.<br \/>\nAlla base di ogni Biocraft XR vi \u00e8 una stupefacente combinazione di tecnologie esclusive Shimano, miscelate per ottenere l&#8217;azione perfetta per l&#8217;applicazione della canna. I grezzi ad alto modulo presentano HPC, Biofibre, Nanosheet e Diaflash in diverse miscele. Questa combinazione si traduce in leggerezza e bilanciamento dove \u00e8 richiesta nei modelli stream e leggeri e in potenza di controllo e prestazioni di lancio impareggiabili nei modelli potenti e a due mano. Come ulteriore vantaggio, quasi tutti i modelli sono costruiti in tre o quattro pezzi per ridurre la lunghezza di trasporto.<br \/>\nCome ci si aspetta da una canna di prima qualit\u00e0, gli innesti sono di altissimo livello e sono stati selezionati per le loro caratteristiche prestazionali. Gli anelli Seaguide e Fuji SIC assicurano leggerezza e resistenza, i portamulinelli Seaguide si sposano perfettamente con i tradizionali manici in sughero e ogni canna viene fornita con una borsa in velluto e un tubo rigido per il trasporto.<br \/>\nNaturalmente, per apprezzare appieno una Biocraft XR dovrete metterci le mani sopra e provarla. Allora, e solo allora, potrete apprezzare appieno le straordinarie prestazioni offerte da una canna che in alcuni casi costa la met\u00e0 dei suoi concorrenti. Biocraft XR &#8211; Born to fly!<\/p>\n<p><strong>Modello:<\/strong> FBXR8393PB<br \/>\n<strong>Lunghezza:<\/strong> 8,3ft &#8211; 2,51m<br \/>\n<strong>Coda:<\/strong> #9<br \/>\n<strong>Ingombro:<\/strong> 88cm<br \/>\n<strong>Peso:<\/strong> 105g<br \/>\n<strong>N\u00b0 sezioni:<\/strong> 3<br \/>\n.<br \/>\n<span style=\"color: #ff0000;\"><strong>DUE ANNI DI GARANZIA<br \/>\n<\/strong><strong>Da oggi per avere il TERZO ANNO DI GARANZIA, collegati al nuovo portale e registra il tuo prodotto su:<\/strong><\/span><br \/>\n<span style=\"color: #000000; background-color: #ffff00;\"><strong><a style=\"color: #000000; background-color: #ffff00;\" href=\"http:\/\/www.shimanofishnetwork.it\/garanzia\/sign_in\">http:\/\/www.shimanofishnetwork.it\/garanzia\/sign_in<\/a><\/strong><\/span><\/p>\n","protected":false},"excerpt":{"rendered":"<p>Le canne Biocraft XR sono le canne da mosca tecnologicamente pi\u00f9 avanzate mai prodotte da Shimano e offrono una notevole combinazione di prestazioni di lancio, praticit\u00e0 di pesca e qualit\u00e0. La gamma completa copre tutte le situazioni, dalla pesca a ninfa ultra leggera fino alla pesca del tonno in mare. La Biocraft XR \u00e8 una [&hellip;]<\/p>\n","protected":false},"featured_media":99299,"comment_status":"closed","ping_status":"closed","template":"","meta":[],"product_cat":[79],"product_tag":[1023],"yoast_head":"<!-- This site is optimized with the Yoast SEO plugin v15.3 - https:\/\/yoast.com\/wordpress\/plugins\/seo\/ -->\n<title>Canna Biocraft XR Fly - Shimano - Pesca Fish<\/title>\n<meta name=\"robots\" content=\"index, follow, max-snippet:-1, max-image-preview:large, max-video-preview:-1\" \/>\n<link rel=\"canonical\" href=\"https:\/\/www.pescafish.it\/new\/prodotto\/canna-biocraft-xr-fly-shimano\/\" \/>\n<meta property=\"og:locale\" content=\"it_IT\" \/>\n<meta property=\"og:type\" content=\"article\" \/>\n<meta property=\"og:title\" content=\"Canna Biocraft XR Fly - Shimano - Pesca Fish\" \/>\n<meta property=\"og:description\" content=\"Le canne Biocraft XR sono le canne da mosca tecnologicamente pi\u00f9 avanzate mai prodotte da Shimano e offrono una notevole combinazione di prestazioni di lancio, praticit\u00e0 di pesca e qualit\u00e0. La gamma completa copre tutte le situazioni, dalla pesca a ninfa ultra leggera fino alla pesca del tonno in mare. La Biocraft XR \u00e8 una [&hellip;]\" \/>\n<meta property=\"og:url\" content=\"https:\/\/www.pescafish.it\/new\/prodotto\/canna-biocraft-xr-fly-shimano\/\" \/>\n<meta property=\"og:site_name\" content=\"Pesca Fish\" \/>\n<meta property=\"article:publisher\" content=\"https:\/\/www.facebook.com\/pescafishvr\/\" \/>\n<meta property=\"og:image\" content=\"https:\/\/www.pescafish.it\/new\/wp-content\/uploads\/2024\/09\/biocraft-xr-fly.jpg\" \/>\n\t<meta property=\"og:image:width\" content=\"832\" \/>\n\t<meta property=\"og:image:height\" content=\"831\" \/>\n<meta name=\"twitter:card\" content=\"summary_large_image\" \/>\n<meta name=\"twitter:label1\" content=\"Scritto da\">\n\t<meta name=\"twitter:data1\" content=\"francesca\">\n\t<meta name=\"twitter:label2\" content=\"Tempo di lettura stimato\">\n\t<meta name=\"twitter:data2\" content=\"2 minuti\">\n<script type=\"application\/ld+json\" class=\"yoast-schema-graph\">{\"@context\":\"https:\/\/schema.org\",\"@graph\":[{\"@type\":\"WebSite\",\"@id\":\"https:\/\/www.pescafish.it\/new\/#website\",\"url\":\"https:\/\/www.pescafish.it\/new\/\",\"name\":\"Pesca Fish\",\"description\":\"Benvenuti sul nostro sito!\",\"potentialAction\":[{\"@type\":\"SearchAction\",\"target\":\"https:\/\/www.pescafish.it\/new\/?s={search_term_string}\",\"query-input\":\"required name=search_term_string\"}],\"inLanguage\":\"it-IT\"},{\"@type\":\"ImageObject\",\"@id\":\"https:\/\/www.pescafish.it\/new\/prodotto\/canna-biocraft-xr-fly-shimano\/#primaryimage\",\"inLanguage\":\"it-IT\",\"url\":\"https:\/\/www.pescafish.it\/new\/wp-content\/uploads\/2024\/09\/biocraft-xr-fly.jpg\",\"width\":832,\"height\":831,\"caption\":\"biocraft xr fly shimano\"},{\"@type\":\"WebPage\",\"@id\":\"https:\/\/www.pescafish.it\/new\/prodotto\/canna-biocraft-xr-fly-shimano\/#webpage\",\"url\":\"https:\/\/www.pescafish.it\/new\/prodotto\/canna-biocraft-xr-fly-shimano\/\",\"name\":\"Canna Biocraft XR Fly - Shimano - Pesca Fish\",\"isPartOf\":{\"@id\":\"https:\/\/www.pescafish.it\/new\/#website\"},\"primaryImageOfPage\":{\"@id\":\"https:\/\/www.pescafish.it\/new\/prodotto\/canna-biocraft-xr-fly-shimano\/#primaryimage\"},\"datePublished\":\"2024-09-03T16:49:43+00:00\",\"dateModified\":\"2024-09-03T16:49:43+00:00\",\"inLanguage\":\"it-IT\",\"potentialAction\":[{\"@type\":\"ReadAction\",\"target\":[\"https:\/\/www.pescafish.it\/new\/prodotto\/canna-biocraft-xr-fly-shimano\/\"]}]}]}<\/script>\n<!-- \/ Yoast SEO plugin. -->","_links":{"self":[{"href":"https:\/\/www.pescafish.it\/new\/wp-json\/wp\/v2\/product\/99298"}],"collection":[{"href":"https:\/\/www.pescafish.it\/new\/wp-json\/wp\/v2\/product"}],"about":[{"href":"https:\/\/www.pescafish.it\/new\/wp-json\/wp\/v2\/types\/product"}],"replies":[{"embeddable":true,"href":"https:\/\/www.pescafish.it\/new\/wp-json\/wp\/v2\/comments?post=99298"}],"wp:featuredmedia":[{"embeddable":true,"href":"https:\/\/www.pescafish.it\/new\/wp-json\/wp\/v2\/media\/99299"}],"wp:attachment":[{"href":"https:\/\/www.pescafish.it\/new\/wp-json\/wp\/v2\/media?parent=99298"}],"wp:term":[{"taxonomy":"product_cat","embeddable":true,"href":"https:\/\/www.pescafish.it\/new\/wp-json\/wp\/v2\/product_cat?post=99298"},{"taxonomy":"product_tag","embeddable":true,"href":"https:\/\/www.pescafish.it\/new\/wp-json\/wp\/v2\/product_tag?post=99298"}],"curies":[{"name":"wp","href":"https:\/\/api.w.org\/{rel}","templated":true}]}}