{"id":99231,"date":"2024-08-30T11:47:47","date_gmt":"2024-08-30T09:47:47","guid":{"rendered":"https:\/\/www.pescafish.it\/new\/?post_type=product&#038;p=99231"},"modified":"2024-09-05T09:42:43","modified_gmt":"2024-09-05T07:42:43","slug":"pillow-wafters-bicolor-5mm-feenyx-bait","status":"publish","type":"product","link":"https:\/\/www.pescafish.it\/new\/prodotto\/pillow-wafters-bicolor-5mm-feenyx-bait\/","title":{"rendered":"Pillow Wafters Bicolor 5mm \u2013 Feenyx Bait"},"content":{"rendered":"<p>Pillow Wafters Bicolor 5mm &#8211; FEENYX BAITS<\/p>\n<p>I Pillow Wafters sono un innesco innovativo a forma di cuscino, con una consistenza dura all&#8217;esterno e morbida all&#8217;interno. Possono essere utilizzati con bait band (gommino), speed stops e baionette. La loro forma leggermente schiacciata \u00e8 particolarmente efficace per attirare i pesci pi\u00f9 diffidenti. Questo wafter bilanciato \u00e8 bicolore.<\/p>\n<p><strong>Disponibile nei seguenti gusti:<\/strong><br \/>\nFruit Twister<br \/>\nSpace Cream<br \/>\nRed Punk<br \/>\nMistery Fish<\/p>\n","protected":false},"excerpt":{"rendered":"<p>Pillow Wafters Bicolor 5mm &#8211; FEENYX BAITS I Pillow Wafters sono un innesco innovativo a forma di cuscino, con una consistenza dura all&#8217;esterno e morbida all&#8217;interno. Possono essere utilizzati con bait band (gommino), speed stops e baionette. La loro forma leggermente schiacciata \u00e8 particolarmente efficace per attirare i pesci pi\u00f9 diffidenti. Questo wafter bilanciato \u00e8 [&hellip;]<\/p>\n","protected":false},"featured_media":99348,"comment_status":"closed","ping_status":"closed","template":"","meta":[],"product_cat":[707],"product_tag":[1252],"yoast_head":"<!-- This site is optimized with the Yoast SEO plugin v15.3 - https:\/\/yoast.com\/wordpress\/plugins\/seo\/ -->\n<title>Pillow Wafters Bicolor 5mm \u2013 Feenyx Bait - Pesca Fish<\/title>\n<meta name=\"robots\" content=\"index, follow, max-snippet:-1, max-image-preview:large, max-video-preview:-1\" \/>\n<link rel=\"canonical\" href=\"https:\/\/www.pescafish.it\/new\/prodotto\/pillow-wafters-bicolor-5mm-feenyx-bait\/\" \/>\n<meta property=\"og:locale\" content=\"it_IT\" \/>\n<meta property=\"og:type\" content=\"article\" \/>\n<meta property=\"og:title\" content=\"Pillow Wafters Bicolor 5mm \u2013 Feenyx Bait - Pesca Fish\" \/>\n<meta property=\"og:description\" content=\"Pillow Wafters Bicolor 5mm &#8211; FEENYX BAITS I Pillow Wafters sono un innesco innovativo a forma di cuscino, con una consistenza dura all&#8217;esterno e morbida all&#8217;interno. Possono essere utilizzati con bait band (gommino), speed stops e baionette. La loro forma leggermente schiacciata \u00e8 particolarmente efficace per attirare i pesci pi\u00f9 diffidenti. Questo wafter bilanciato \u00e8 [&hellip;]\" \/>\n<meta property=\"og:url\" content=\"https:\/\/www.pescafish.it\/new\/prodotto\/pillow-wafters-bicolor-5mm-feenyx-bait\/\" \/>\n<meta property=\"og:site_name\" content=\"Pesca Fish\" \/>\n<meta property=\"article:publisher\" content=\"https:\/\/www.facebook.com\/pescafishvr\/\" \/>\n<meta property=\"article:modified_time\" content=\"2024-09-05T07:42:43+00:00\" \/>\n<meta property=\"og:image\" content=\"https:\/\/www.pescafish.it\/new\/wp-content\/uploads\/2024\/08\/pillow-wafter.jpg\" \/>\n\t<meta property=\"og:image:width\" content=\"789\" \/>\n\t<meta property=\"og:image:height\" content=\"794\" \/>\n<meta name=\"twitter:card\" content=\"summary_large_image\" \/>\n<meta name=\"twitter:label1\" content=\"Scritto da\">\n\t<meta name=\"twitter:data1\" content=\"francesca\">\n\t<meta name=\"twitter:label2\" content=\"Tempo di lettura stimato\">\n\t<meta name=\"twitter:data2\" content=\"0 minuti\">\n<script type=\"application\/ld+json\" class=\"yoast-schema-graph\">{\"@context\":\"https:\/\/schema.org\",\"@graph\":[{\"@type\":\"WebSite\",\"@id\":\"https:\/\/www.pescafish.it\/new\/#website\",\"url\":\"https:\/\/www.pescafish.it\/new\/\",\"name\":\"Pesca Fish\",\"description\":\"Benvenuti sul nostro sito!\",\"potentialAction\":[{\"@type\":\"SearchAction\",\"target\":\"https:\/\/www.pescafish.it\/new\/?s={search_term_string}\",\"query-input\":\"required name=search_term_string\"}],\"inLanguage\":\"it-IT\"},{\"@type\":\"ImageObject\",\"@id\":\"https:\/\/www.pescafish.it\/new\/prodotto\/pillow-wafters-bicolor-5mm-feenyx-bait\/#primaryimage\",\"inLanguage\":\"it-IT\",\"url\":\"https:\/\/www.pescafish.it\/new\/wp-content\/uploads\/2024\/08\/pillow-wafter.jpg\",\"width\":789,\"height\":794},{\"@type\":\"WebPage\",\"@id\":\"https:\/\/www.pescafish.it\/new\/prodotto\/pillow-wafters-bicolor-5mm-feenyx-bait\/#webpage\",\"url\":\"https:\/\/www.pescafish.it\/new\/prodotto\/pillow-wafters-bicolor-5mm-feenyx-bait\/\",\"name\":\"Pillow Wafters Bicolor 5mm \\u2013 Feenyx Bait - Pesca Fish\",\"isPartOf\":{\"@id\":\"https:\/\/www.pescafish.it\/new\/#website\"},\"primaryImageOfPage\":{\"@id\":\"https:\/\/www.pescafish.it\/new\/prodotto\/pillow-wafters-bicolor-5mm-feenyx-bait\/#primaryimage\"},\"datePublished\":\"2024-08-30T09:47:47+00:00\",\"dateModified\":\"2024-09-05T07:42:43+00:00\",\"inLanguage\":\"it-IT\",\"potentialAction\":[{\"@type\":\"ReadAction\",\"target\":[\"https:\/\/www.pescafish.it\/new\/prodotto\/pillow-wafters-bicolor-5mm-feenyx-bait\/\"]}]}]}<\/script>\n<!-- \/ Yoast SEO plugin. -->","_links":{"self":[{"href":"https:\/\/www.pescafish.it\/new\/wp-json\/wp\/v2\/product\/99231"}],"collection":[{"href":"https:\/\/www.pescafish.it\/new\/wp-json\/wp\/v2\/product"}],"about":[{"href":"https:\/\/www.pescafish.it\/new\/wp-json\/wp\/v2\/types\/product"}],"replies":[{"embeddable":true,"href":"https:\/\/www.pescafish.it\/new\/wp-json\/wp\/v2\/comments?post=99231"}],"wp:featuredmedia":[{"embeddable":true,"href":"https:\/\/www.pescafish.it\/new\/wp-json\/wp\/v2\/media\/99348"}],"wp:attachment":[{"href":"https:\/\/www.pescafish.it\/new\/wp-json\/wp\/v2\/media?parent=99231"}],"wp:term":[{"taxonomy":"product_cat","embeddable":true,"href":"https:\/\/www.pescafish.it\/new\/wp-json\/wp\/v2\/product_cat?post=99231"},{"taxonomy":"product_tag","embeddable":true,"href":"https:\/\/www.pescafish.it\/new\/wp-json\/wp\/v2\/product_tag?post=99231"}],"curies":[{"name":"wp","href":"https:\/\/api.w.org\/{rel}","templated":true}]}}