{"id":99181,"date":"2024-08-29T11:54:53","date_gmt":"2024-08-29T09:54:53","guid":{"rendered":"https:\/\/www.pescafish.it\/new\/?post_type=product&#038;p=99181"},"modified":"2024-08-31T18:53:25","modified_gmt":"2024-08-31T16:53:25","slug":"keeling-heavy-sink-105-42g-ocean-legacy","status":"publish","type":"product","link":"https:\/\/www.pescafish.it\/new\/prodotto\/keeling-heavy-sink-105-42g-ocean-legacy\/","title":{"rendered":"Keeling Heavy Sink 105 42g &#8211; Ocean Legacy"},"content":{"rendered":"<p>Il nostro nuovo stickbait affondante \u00e8 stato progettato per offrire la massima versatilit\u00e0 e affrontare le condizioni di pesca pi\u00f9 impegnative. Testato e comprovato nelle situazioni di pesca pi\u00f9 difficili, dai fondali delle Isole Cocos Keeling, alle barriere coralline delle Isole Montebello e della Grande Barriera Corallina, fino a numerose spiagge, scogliere e promontori intermedi.<\/p>\n<p>Il corpo slanciato rende l\u2019esca Keeling facile da usare, consentendo ai pescatori di riprodurre un&#8217;azione realistica simile a quella di un pesce esca per attirare anche i predatori pi\u00f9 diffidenti. Le azioni possibili includono:<\/p>\n<p>\u2022 Recupero lineare \u2013 Nuoto dritto e costante<br \/>\n\u2022 Scatto e pausa \u2013 Imitazione di un pesce esca in difficolt\u00e0, con un movimento seducente durante la discesa<br \/>\n\u2022 Spazzolata lenta\/veloce tradizionale \u2013 Ricrea il comportamento di una preda in fuga<\/p>\n<p>La velocit\u00e0 di affondamento moderata (circa 3 secondi per metro) consente una presentazione a diverse profondit\u00e0, mirata ai predatori lungo tutta la colonna d&#8217;acqua.<\/p>\n<p>L\u2019esca Keeling \u00e8 bilanciata e pesata per mantenere un&#8217;azione eccezionale e massimizzare la distanza di lancio, anche in condizioni di vento. \u00c8 dotata di componenti personalizzati di alta qualit\u00e0, con anelli spaccati super resistenti e ami singoli. I pescatori possono sostituirli con ami singoli o ancorette a seconda delle necessit\u00e0.<\/p>\n<p>Tutti i modelli presentano una costruzione rinforzata con filo passante, che permette di esercitare una forte trazione durante l\u2019estrazione dei pesci da fondali accidentati. Inoltre, la gamma pi\u00f9 leggera di esche pu\u00f2 essere utilizzata con fiducia in situazioni in cui i predatori pi\u00f9 grandi sono attratti da pesci esca di piccole dimensioni.<\/p>\n<p>La gamma di colori offre 10 opzioni attraenti con vernici reattive ai raggi UV, inclusa la propriet\u00e0 luminescente su alcune selezioni. Per la finitura vengono utilizzati fogli 3D e glitter di alta qualit\u00e0 giapponesi con un rivestimento resistente multistrato.<\/p>\n<p><strong>Disponibile nelle seguenti varianti:<\/strong><br \/>\n<strong>KLL105G4-HS<\/strong>\u00a0 Double Lined Fusilier<br \/>\n<strong>KLL105G5-HS<\/strong>\u00a0 Silver Mullet<br \/>\n<strong>KLL105G6-HS<\/strong>\u00a0 Pacific Flying Fish<br \/>\n<strong>KLL105G7-HS<\/strong>\u00a0 Blue Pink Silver<\/p>\n","protected":false},"excerpt":{"rendered":"<p>Il nostro nuovo stickbait affondante \u00e8 stato progettato per offrire la massima versatilit\u00e0 e affrontare le condizioni di pesca pi\u00f9 impegnative. Testato e comprovato nelle situazioni di pesca pi\u00f9 difficili, dai fondali delle Isole Cocos Keeling, alle barriere coralline delle Isole Montebello e della Grande Barriera Corallina, fino a numerose spiagge, scogliere e promontori intermedi. [&hellip;]<\/p>\n","protected":false},"featured_media":99184,"comment_status":"closed","ping_status":"closed","template":"","meta":[],"product_cat":[692],"product_tag":[1416],"yoast_head":"<!-- This site is optimized with the Yoast SEO plugin v15.3 - https:\/\/yoast.com\/wordpress\/plugins\/seo\/ -->\n<title>Keeling Heavy Sink 105 42g - Ocean Legacy - Pesca Fish<\/title>\n<meta name=\"robots\" content=\"index, follow, max-snippet:-1, max-image-preview:large, max-video-preview:-1\" \/>\n<link rel=\"canonical\" href=\"https:\/\/www.pescafish.it\/new\/prodotto\/keeling-heavy-sink-105-42g-ocean-legacy\/\" \/>\n<meta property=\"og:locale\" content=\"it_IT\" \/>\n<meta property=\"og:type\" content=\"article\" \/>\n<meta property=\"og:title\" content=\"Keeling Heavy Sink 105 42g - Ocean Legacy - Pesca Fish\" \/>\n<meta property=\"og:description\" content=\"Il nostro nuovo stickbait affondante \u00e8 stato progettato per offrire la massima versatilit\u00e0 e affrontare le condizioni di pesca pi\u00f9 impegnative. Testato e comprovato nelle situazioni di pesca pi\u00f9 difficili, dai fondali delle Isole Cocos Keeling, alle barriere coralline delle Isole Montebello e della Grande Barriera Corallina, fino a numerose spiagge, scogliere e promontori intermedi. [&hellip;]\" \/>\n<meta property=\"og:url\" content=\"https:\/\/www.pescafish.it\/new\/prodotto\/keeling-heavy-sink-105-42g-ocean-legacy\/\" \/>\n<meta property=\"og:site_name\" content=\"Pesca Fish\" \/>\n<meta property=\"article:publisher\" content=\"https:\/\/www.facebook.com\/pescafishvr\/\" \/>\n<meta property=\"article:modified_time\" content=\"2024-08-31T16:53:25+00:00\" \/>\n<meta property=\"og:image\" content=\"https:\/\/www.pescafish.it\/new\/wp-content\/uploads\/2024\/08\/silver-mullet.jpg\" \/>\n\t<meta property=\"og:image:width\" content=\"789\" \/>\n\t<meta property=\"og:image:height\" content=\"794\" \/>\n<meta name=\"twitter:card\" content=\"summary_large_image\" \/>\n<meta name=\"twitter:label1\" content=\"Scritto da\">\n\t<meta name=\"twitter:data1\" content=\"francesca\">\n\t<meta name=\"twitter:label2\" content=\"Tempo di lettura stimato\">\n\t<meta name=\"twitter:data2\" content=\"1 minuto\">\n<script type=\"application\/ld+json\" class=\"yoast-schema-graph\">{\"@context\":\"https:\/\/schema.org\",\"@graph\":[{\"@type\":\"WebSite\",\"@id\":\"https:\/\/www.pescafish.it\/new\/#website\",\"url\":\"https:\/\/www.pescafish.it\/new\/\",\"name\":\"Pesca Fish\",\"description\":\"Benvenuti sul nostro sito!\",\"potentialAction\":[{\"@type\":\"SearchAction\",\"target\":\"https:\/\/www.pescafish.it\/new\/?s={search_term_string}\",\"query-input\":\"required name=search_term_string\"}],\"inLanguage\":\"it-IT\"},{\"@type\":\"ImageObject\",\"@id\":\"https:\/\/www.pescafish.it\/new\/prodotto\/keeling-heavy-sink-105-42g-ocean-legacy\/#primaryimage\",\"inLanguage\":\"it-IT\",\"url\":\"https:\/\/www.pescafish.it\/new\/wp-content\/uploads\/2024\/08\/silver-mullet.jpg\",\"width\":789,\"height\":794},{\"@type\":\"WebPage\",\"@id\":\"https:\/\/www.pescafish.it\/new\/prodotto\/keeling-heavy-sink-105-42g-ocean-legacy\/#webpage\",\"url\":\"https:\/\/www.pescafish.it\/new\/prodotto\/keeling-heavy-sink-105-42g-ocean-legacy\/\",\"name\":\"Keeling Heavy Sink 105 42g - Ocean Legacy - Pesca Fish\",\"isPartOf\":{\"@id\":\"https:\/\/www.pescafish.it\/new\/#website\"},\"primaryImageOfPage\":{\"@id\":\"https:\/\/www.pescafish.it\/new\/prodotto\/keeling-heavy-sink-105-42g-ocean-legacy\/#primaryimage\"},\"datePublished\":\"2024-08-29T09:54:53+00:00\",\"dateModified\":\"2024-08-31T16:53:25+00:00\",\"inLanguage\":\"it-IT\",\"potentialAction\":[{\"@type\":\"ReadAction\",\"target\":[\"https:\/\/www.pescafish.it\/new\/prodotto\/keeling-heavy-sink-105-42g-ocean-legacy\/\"]}]}]}<\/script>\n<!-- \/ Yoast SEO plugin. -->","_links":{"self":[{"href":"https:\/\/www.pescafish.it\/new\/wp-json\/wp\/v2\/product\/99181"}],"collection":[{"href":"https:\/\/www.pescafish.it\/new\/wp-json\/wp\/v2\/product"}],"about":[{"href":"https:\/\/www.pescafish.it\/new\/wp-json\/wp\/v2\/types\/product"}],"replies":[{"embeddable":true,"href":"https:\/\/www.pescafish.it\/new\/wp-json\/wp\/v2\/comments?post=99181"}],"wp:featuredmedia":[{"embeddable":true,"href":"https:\/\/www.pescafish.it\/new\/wp-json\/wp\/v2\/media\/99184"}],"wp:attachment":[{"href":"https:\/\/www.pescafish.it\/new\/wp-json\/wp\/v2\/media?parent=99181"}],"wp:term":[{"taxonomy":"product_cat","embeddable":true,"href":"https:\/\/www.pescafish.it\/new\/wp-json\/wp\/v2\/product_cat?post=99181"},{"taxonomy":"product_tag","embeddable":true,"href":"https:\/\/www.pescafish.it\/new\/wp-json\/wp\/v2\/product_tag?post=99181"}],"curies":[{"name":"wp","href":"https:\/\/api.w.org\/{rel}","templated":true}]}}