{"id":98695,"date":"2024-08-16T17:23:31","date_gmt":"2024-08-16T15:23:31","guid":{"rendered":"https:\/\/www.pescafish.it\/new\/?post_type=product&#038;p=98695"},"modified":"2024-08-16T17:23:32","modified_gmt":"2024-08-16T15:23:32","slug":"kamakura-wide-gape-korda","status":"publish","type":"product","link":"https:\/\/www.pescafish.it\/new\/prodotto\/kamakura-wide-gape-korda\/","title":{"rendered":"Kamakura Wide Gape &#8211; Korda"},"content":{"rendered":"<h2>Kamakura Wide Gape<\/h2>\n<p>Il processo di affilatura Kamakura produce una punta dell&#8217;amo che \u00e8 buona quanto un amo affilato a mano, ma senza che tu debba impiegare tutto il tempo e lo sforzo necessari per farlo da solo. Il Kamakura Wide Gape \u00e8 una versione di questo modello classico, ma con una punta molto pi\u00f9 affilata e sottile: \u00e8 probabile che dovrai cambiare l&#8217;amo dopo ogni pesce che catturi, perch\u00e9 le punte sono cos\u00ec delicate. Presenta un occhio leggermente rivolto verso l&#8217;interno, con un gambo corto, una curvatura fortemente forgiata e una punta a becco. Pu\u00f2 essere utilizzato con un&#8217;ampia variet\u00e0 di diverse presentazioni di esche pop-up e di fondo e, una volta inserito, tende a rimanere dentro. Le punte sono protette da una goccia di cera che deve essere accuratamente rimossa prima dell&#8217;uso e sono fornite in una scatola che tiene saldamente in posizione ogni singolo amo: ogni scatola contiene dieci ami. Le versioni con e senza ardiglione sono disponibili nelle misure 4, 6 o 8.<\/p>\n<p><strong>Disponibile nelle seguenti misure:<\/strong><br \/>\n<strong>KAM01<\/strong>\u00a0 Size 8<br \/>\n<strong>KAM02<\/strong>\u00a0 Size 6<br \/>\n<strong>KAM03<\/strong>\u00a0 Size 4<\/p>\n","protected":false},"excerpt":{"rendered":"<p>Kamakura Wide Gape Il processo di affilatura Kamakura produce una punta dell&#8217;amo che \u00e8 buona quanto un amo affilato a mano, ma senza che tu debba impiegare tutto il tempo e lo sforzo necessari per farlo da solo. Il Kamakura Wide Gape \u00e8 una versione di questo modello classico, ma con una punta molto pi\u00f9 [&hellip;]<\/p>\n","protected":false},"featured_media":98696,"comment_status":"closed","ping_status":"closed","template":"","meta":[],"product_cat":[396],"product_tag":[1018],"yoast_head":"<!-- This site is optimized with the Yoast SEO plugin v15.3 - https:\/\/yoast.com\/wordpress\/plugins\/seo\/ -->\n<title>Kamakura Wide Gape - Korda - Pesca Fish<\/title>\n<meta name=\"robots\" content=\"index, follow, max-snippet:-1, max-image-preview:large, max-video-preview:-1\" \/>\n<link rel=\"canonical\" href=\"https:\/\/www.pescafish.it\/new\/prodotto\/kamakura-wide-gape-korda\/\" \/>\n<meta property=\"og:locale\" content=\"it_IT\" \/>\n<meta property=\"og:type\" content=\"article\" \/>\n<meta property=\"og:title\" content=\"Kamakura Wide Gape - Korda - Pesca Fish\" \/>\n<meta property=\"og:description\" content=\"Kamakura Wide Gape Il processo di affilatura Kamakura produce una punta dell&#8217;amo che \u00e8 buona quanto un amo affilato a mano, ma senza che tu debba impiegare tutto il tempo e lo sforzo necessari per farlo da solo. Il Kamakura Wide Gape \u00e8 una versione di questo modello classico, ma con una punta molto pi\u00f9 [&hellip;]\" \/>\n<meta property=\"og:url\" content=\"https:\/\/www.pescafish.it\/new\/prodotto\/kamakura-wide-gape-korda\/\" \/>\n<meta property=\"og:site_name\" content=\"Pesca Fish\" \/>\n<meta property=\"article:publisher\" content=\"https:\/\/www.facebook.com\/pescafishvr\/\" \/>\n<meta property=\"article:modified_time\" content=\"2024-08-16T15:23:32+00:00\" \/>\n<meta property=\"og:image\" content=\"https:\/\/www.pescafish.it\/new\/wp-content\/uploads\/2024\/08\/KAMAKURA-WIDE-GAPE.jpg\" \/>\n\t<meta property=\"og:image:width\" content=\"789\" \/>\n\t<meta property=\"og:image:height\" content=\"794\" \/>\n<meta name=\"twitter:card\" content=\"summary_large_image\" \/>\n<meta name=\"twitter:label1\" content=\"Scritto da\">\n\t<meta name=\"twitter:data1\" content=\"francesca\">\n\t<meta name=\"twitter:label2\" content=\"Tempo di lettura stimato\">\n\t<meta name=\"twitter:data2\" content=\"1 minuto\">\n<script type=\"application\/ld+json\" class=\"yoast-schema-graph\">{\"@context\":\"https:\/\/schema.org\",\"@graph\":[{\"@type\":\"WebSite\",\"@id\":\"https:\/\/www.pescafish.it\/new\/#website\",\"url\":\"https:\/\/www.pescafish.it\/new\/\",\"name\":\"Pesca Fish\",\"description\":\"Benvenuti sul nostro sito!\",\"potentialAction\":[{\"@type\":\"SearchAction\",\"target\":\"https:\/\/www.pescafish.it\/new\/?s={search_term_string}\",\"query-input\":\"required name=search_term_string\"}],\"inLanguage\":\"it-IT\"},{\"@type\":\"ImageObject\",\"@id\":\"https:\/\/www.pescafish.it\/new\/prodotto\/kamakura-wide-gape-korda\/#primaryimage\",\"inLanguage\":\"it-IT\",\"url\":\"https:\/\/www.pescafish.it\/new\/wp-content\/uploads\/2024\/08\/KAMAKURA-WIDE-GAPE.jpg\",\"width\":789,\"height\":794,\"caption\":\"Korda\"},{\"@type\":\"WebPage\",\"@id\":\"https:\/\/www.pescafish.it\/new\/prodotto\/kamakura-wide-gape-korda\/#webpage\",\"url\":\"https:\/\/www.pescafish.it\/new\/prodotto\/kamakura-wide-gape-korda\/\",\"name\":\"Kamakura Wide Gape - Korda - Pesca Fish\",\"isPartOf\":{\"@id\":\"https:\/\/www.pescafish.it\/new\/#website\"},\"primaryImageOfPage\":{\"@id\":\"https:\/\/www.pescafish.it\/new\/prodotto\/kamakura-wide-gape-korda\/#primaryimage\"},\"datePublished\":\"2024-08-16T15:23:31+00:00\",\"dateModified\":\"2024-08-16T15:23:32+00:00\",\"inLanguage\":\"it-IT\",\"potentialAction\":[{\"@type\":\"ReadAction\",\"target\":[\"https:\/\/www.pescafish.it\/new\/prodotto\/kamakura-wide-gape-korda\/\"]}]}]}<\/script>\n<!-- \/ Yoast SEO plugin. -->","_links":{"self":[{"href":"https:\/\/www.pescafish.it\/new\/wp-json\/wp\/v2\/product\/98695"}],"collection":[{"href":"https:\/\/www.pescafish.it\/new\/wp-json\/wp\/v2\/product"}],"about":[{"href":"https:\/\/www.pescafish.it\/new\/wp-json\/wp\/v2\/types\/product"}],"replies":[{"embeddable":true,"href":"https:\/\/www.pescafish.it\/new\/wp-json\/wp\/v2\/comments?post=98695"}],"wp:featuredmedia":[{"embeddable":true,"href":"https:\/\/www.pescafish.it\/new\/wp-json\/wp\/v2\/media\/98696"}],"wp:attachment":[{"href":"https:\/\/www.pescafish.it\/new\/wp-json\/wp\/v2\/media?parent=98695"}],"wp:term":[{"taxonomy":"product_cat","embeddable":true,"href":"https:\/\/www.pescafish.it\/new\/wp-json\/wp\/v2\/product_cat?post=98695"},{"taxonomy":"product_tag","embeddable":true,"href":"https:\/\/www.pescafish.it\/new\/wp-json\/wp\/v2\/product_tag?post=98695"}],"curies":[{"name":"wp","href":"https:\/\/api.w.org\/{rel}","templated":true}]}}