{"id":98150,"date":"2024-08-02T18:40:38","date_gmt":"2024-08-02T16:40:38","guid":{"rendered":"https:\/\/www.pescafish.it\/new\/?post_type=product&#038;p=98150"},"modified":"2026-04-06T18:59:31","modified_gmt":"2026-04-06T16:59:31","slug":"lwgf-feeder-rig-1mt-guru","status":"publish","type":"product","link":"https:\/\/www.pescafish.it\/new\/prodotto\/lwgf-feeder-rig-1mt-guru\/","title":{"rendered":"LWGF Feeder Rig 1mt &#8211; Guru"},"content":{"rendered":"<h2>LWGF Feeder Rig 1mt<\/h2>\n<p><span>I LWGF Feeder Special Ready Rigs sono l&#8217;opzione di lunghezza finale per soddisfare tutte le tue esigenze di pesca in acque naturali. Questo modello di amo micro-ardiglione \u00e8 perfetto per la pesca con feeder, pole e waggler in luoghi naturali quando si utilizzano esche come vermi, pinkies, caster, vermi, mais, ecc.<\/span><\/p>\n<p><span>L&#8217;amo LWGF Feeder Special \u00e8 dotato di una punta super affilata e di una finitura in nichel nero che migliora la durata complessiva dell&#8217;amo, la longevit\u00e0 e l&#8217;affilatura della punta. La punta larga e a becco \u00e8 inoltre essenziale per mantenere una forte tenuta dell&#8217;amo, soprattutto quando si pescano grandi quantit\u00e0 di piccoli pesci come scardole, persici e skimmer.\u00a0<\/span><\/p>\n<p><span>Le LWGF Feeder Special Ready Rigs di dimensioni maggiori, 10, 12 e 14, sono pi\u00f9 adatte a pesci pi\u00f9 grandi, come breme, skimmer, tinche e ibridi. Le dimensioni pi\u00f9 piccole, 16 e 18, sono ideali per pesci pi\u00f9 piccoli come scardole, persici e skimmer pi\u00f9 piccoli.\u00a0<\/span><\/p>\n<p><span>Ogni LWGF Feeder Special Ready Rig \u00e8 legato a una lunghezza di 1 m, che consente all&#8217;utente di tagliare il rig alla lunghezza desiderata, offrendo la massima versatilit\u00e0 in ogni singolo Ready Rig. Ogni Ready Rig \u00e8 pre-legato sulle nostre bobine di terminali facili da usare.\u00a0<\/span><\/p>\n<p><span>Tutti i nostri Ready Rigs sono legati alla nostra collaudata lenza N-Gauge. Si \u00e8 dimostrata nel corso di innumerevoli anni una delle preferite dai pescatori amatoriali, di pesca grossa e di pesca sportiva.\u00a0<\/span><\/p>\n<p><strong>Disponibile nelle seguenti varianti:<br \/>\nGRR054<\/strong>\u00a0 Size 20 \/ 0,11mm<br \/>\n<strong>GRR053<\/strong>\u00a0 Size 18 \/ 0,13mm<br \/>\n<strong>GRR052<\/strong>\u00a0 Size 16 \/ 0,13mm<br \/>\n<strong>GRR050<\/strong>\u00a0 Size 12 \/ 0,15mm<br \/>\n<strong>GRR049<\/strong>\u00a0 Size 10 \/ 0,17mm<\/p>\n","protected":false},"excerpt":{"rendered":"<p>LWGF Feeder Rig 1mt I LWGF Feeder Special Ready Rigs sono l&#8217;opzione di lunghezza finale per soddisfare tutte le tue esigenze di pesca in acque naturali. Questo modello di amo micro-ardiglione \u00e8 perfetto per la pesca con feeder, pole e waggler in luoghi naturali quando si utilizzano esche come vermi, pinkies, caster, vermi, mais, ecc. [&hellip;]<\/p>\n","protected":false},"featured_media":98151,"comment_status":"closed","ping_status":"closed","template":"","meta":[],"product_cat":[175],"product_tag":[1026],"yoast_head":"<!-- This site is optimized with the Yoast SEO plugin v15.3 - https:\/\/yoast.com\/wordpress\/plugins\/seo\/ -->\n<title>LWGF Feeder Rig 1mt - Guru - Pesca Fish<\/title>\n<meta name=\"robots\" content=\"index, follow, max-snippet:-1, max-image-preview:large, max-video-preview:-1\" \/>\n<link rel=\"canonical\" href=\"https:\/\/www.pescafish.it\/new\/prodotto\/lwgf-feeder-rig-1mt-guru\/\" \/>\n<meta property=\"og:locale\" content=\"it_IT\" \/>\n<meta property=\"og:type\" content=\"article\" \/>\n<meta property=\"og:title\" content=\"LWGF Feeder Rig 1mt - Guru - Pesca Fish\" \/>\n<meta property=\"og:description\" content=\"LWGF Feeder Rig 1mt I LWGF Feeder Special Ready Rigs sono l&#8217;opzione di lunghezza finale per soddisfare tutte le tue esigenze di pesca in acque naturali. Questo modello di amo micro-ardiglione \u00e8 perfetto per la pesca con feeder, pole e waggler in luoghi naturali quando si utilizzano esche come vermi, pinkies, caster, vermi, mais, ecc. [&hellip;]\" \/>\n<meta property=\"og:url\" content=\"https:\/\/www.pescafish.it\/new\/prodotto\/lwgf-feeder-rig-1mt-guru\/\" \/>\n<meta property=\"og:site_name\" content=\"Pesca Fish\" \/>\n<meta property=\"article:publisher\" content=\"https:\/\/www.facebook.com\/pescafishvr\/\" \/>\n<meta property=\"article:modified_time\" content=\"2026-04-06T16:59:31+00:00\" \/>\n<meta property=\"og:image\" content=\"https:\/\/www.pescafish.it\/new\/wp-content\/uploads\/2024\/08\/LWGF.jpg\" \/>\n\t<meta property=\"og:image:width\" content=\"789\" \/>\n\t<meta property=\"og:image:height\" content=\"794\" \/>\n<meta name=\"twitter:card\" content=\"summary_large_image\" \/>\n<meta name=\"twitter:label1\" content=\"Scritto da\">\n\t<meta name=\"twitter:data1\" content=\"francesca\">\n\t<meta name=\"twitter:label2\" content=\"Tempo di lettura stimato\">\n\t<meta name=\"twitter:data2\" content=\"1 minuto\">\n<script type=\"application\/ld+json\" class=\"yoast-schema-graph\">{\"@context\":\"https:\/\/schema.org\",\"@graph\":[{\"@type\":\"WebSite\",\"@id\":\"https:\/\/www.pescafish.it\/new\/#website\",\"url\":\"https:\/\/www.pescafish.it\/new\/\",\"name\":\"Pesca Fish\",\"description\":\"Benvenuti sul nostro sito!\",\"potentialAction\":[{\"@type\":\"SearchAction\",\"target\":\"https:\/\/www.pescafish.it\/new\/?s={search_term_string}\",\"query-input\":\"required name=search_term_string\"}],\"inLanguage\":\"it-IT\"},{\"@type\":\"ImageObject\",\"@id\":\"https:\/\/www.pescafish.it\/new\/prodotto\/lwgf-feeder-rig-1mt-guru\/#primaryimage\",\"inLanguage\":\"it-IT\",\"url\":\"https:\/\/www.pescafish.it\/new\/wp-content\/uploads\/2024\/08\/LWGF.jpg\",\"width\":789,\"height\":794,\"caption\":\"Guru\"},{\"@type\":\"WebPage\",\"@id\":\"https:\/\/www.pescafish.it\/new\/prodotto\/lwgf-feeder-rig-1mt-guru\/#webpage\",\"url\":\"https:\/\/www.pescafish.it\/new\/prodotto\/lwgf-feeder-rig-1mt-guru\/\",\"name\":\"LWGF Feeder Rig 1mt - Guru - Pesca Fish\",\"isPartOf\":{\"@id\":\"https:\/\/www.pescafish.it\/new\/#website\"},\"primaryImageOfPage\":{\"@id\":\"https:\/\/www.pescafish.it\/new\/prodotto\/lwgf-feeder-rig-1mt-guru\/#primaryimage\"},\"datePublished\":\"2024-08-02T16:40:38+00:00\",\"dateModified\":\"2026-04-06T16:59:31+00:00\",\"inLanguage\":\"it-IT\",\"potentialAction\":[{\"@type\":\"ReadAction\",\"target\":[\"https:\/\/www.pescafish.it\/new\/prodotto\/lwgf-feeder-rig-1mt-guru\/\"]}]}]}<\/script>\n<!-- \/ Yoast SEO plugin. -->","_links":{"self":[{"href":"https:\/\/www.pescafish.it\/new\/wp-json\/wp\/v2\/product\/98150"}],"collection":[{"href":"https:\/\/www.pescafish.it\/new\/wp-json\/wp\/v2\/product"}],"about":[{"href":"https:\/\/www.pescafish.it\/new\/wp-json\/wp\/v2\/types\/product"}],"replies":[{"embeddable":true,"href":"https:\/\/www.pescafish.it\/new\/wp-json\/wp\/v2\/comments?post=98150"}],"wp:featuredmedia":[{"embeddable":true,"href":"https:\/\/www.pescafish.it\/new\/wp-json\/wp\/v2\/media\/98151"}],"wp:attachment":[{"href":"https:\/\/www.pescafish.it\/new\/wp-json\/wp\/v2\/media?parent=98150"}],"wp:term":[{"taxonomy":"product_cat","embeddable":true,"href":"https:\/\/www.pescafish.it\/new\/wp-json\/wp\/v2\/product_cat?post=98150"},{"taxonomy":"product_tag","embeddable":true,"href":"https:\/\/www.pescafish.it\/new\/wp-json\/wp\/v2\/product_tag?post=98150"}],"curies":[{"name":"wp","href":"https:\/\/api.w.org\/{rel}","templated":true}]}}