{"id":97790,"date":"2024-07-16T15:57:31","date_gmt":"2024-07-16T13:57:31","guid":{"rendered":"https:\/\/www.pescafish.it\/new\/?post_type=product&#038;p=97790"},"modified":"2024-07-16T15:57:31","modified_gmt":"2024-07-16T13:57:31","slug":"21-crosscast-45-scw-ld-qd-ot-daiwa","status":"publish","type":"product","link":"https:\/\/www.pescafish.it\/new\/prodotto\/21-crosscast-45-scw-ld-qd-ot-daiwa\/","title":{"rendered":"21 Crosscast 45 SCW LD QD-OT &#8211; Daiwa"},"content":{"rendered":"<div id=\"panoramica\" class=\"avia-section av-ho9as-61e502ed6079a980b12bbc18e3eb0dec main_color avia-section-small avia-no-border-styling  avia-builder-el-11  el_after_av_submenu  el_before_av_section  avia-bg-style-scroll container_wrap fullsize\">\n<div class=\"container av-section-cont-open\">\n<div class=\"template-page content  av-content-full alpha units\">\n<div class=\"post-entry post-entry-type-page post-entry-4560\">\n<div class=\"entry-content-wrapper clearfix\">\n<div class=\"flex_column av-9k6n0-26-d314a580186f0c8c360174414c3f7df2 av_one_full  avia-builder-el-15  el_after_av_one_full  avia-builder-el-last  first flex_column_div av-zero-column-padding  column-top-margin\">\n<section class=\"av_textblock_section av-kjog7pxe-3fdac9325328be63c9f1f043669b0f66 \">\n<div class=\"avia_textblock\">\n<h2 class=\"av-special-heading-tag\">21 Crosscast 45 SCW LD QD-OT<\/h2>\n<p>Questa variante del celebre Crosscast da Carpfishing unisce un look classico a tecnologie all\u2019avanguardia e alta qualit\u00e0 costruttiva.<\/p>\n<p>La bobina in dotazione \u00e8 di tipo di tipo Long Distance da 45 mm ad alta capienza, costruita in in alluminio con finitura oro,\u00a0 mentre la manovella con pomello in legno \u00e8 di tipo pieghevole One Touch di nuova generazione: il meccanismo di chiusura \u00e8 stato migliorato per garantire una maggiore stabilit\u00e0 e affidabilit\u00e0.<\/p>\n<\/div>\n<\/section>\n<\/div>\n<\/div>\n<\/div>\n<\/div>\n<\/div>\n<\/div>\n<div id=\"caratteristiche\" class=\"avia-section av-ho9as-27-67e7807239c39c30a4e2a2a9776e2a94 main_color avia-section-small avia-no-border-styling  avia-builder-el-17  el_after_av_section  el_before_av_section  avia-bg-style-scroll container_wrap fullsize\">\n<div class=\"container av-section-cont-open\">\n<div class=\"template-page content  av-content-full alpha units\">\n<div class=\"post-entry post-entry-type-page post-entry-4560\">\n<div class=\"entry-content-wrapper clearfix\">\n<div class=\"flex_column av-9k6n0-25-fe7cdce04ca8d9a50ba67d732209e6d6 av_one_full  avia-builder-el-18  el_before_av_one_third  avia-builder-el-first  first flex_column_div av-zero-column-padding  \">\n<div class=\"av-special-heading av-s3tmyo-3d8518be12d1468b7838bcc771463f13 av-special-heading-h3 blockquote elegant-quote elegant-centered  avia-builder-el-19  avia-builder-el-no-sibling \">\n<h3 class=\"av-special-heading-tag\"><span class=\"heading-wrap\">Caratteristiche<\/span><\/h3>\n<\/div>\n<\/div>\n<div class=\"flex_column av-9k6n0-22-075dee1b36dd300e9d9b4985435da452 av_one_third  avia-builder-el-20  el_after_av_one_full  el_before_av_one_third  first flex_column_div av-zero-column-padding  column-top-margin\">\n<section class=\"av_textblock_section av-kjog7pxe-24-06bb588e4145d80e9ceb3a900d4c2006 \">\n<div class=\"avia_textblock\">\n<p>\u2022 Corpo in DS4<br \/>\n\u2022 Rotore Air Rotor in DS5<br \/>\n\u2022 Bobina LD<br \/>\n\u2022 Long Distance da 45mm in alluminio<br \/>\n\u2022 Rullino guidafilo Twist Buster II<br \/>\n\u2022 Digigear II<br \/>\n\u2022 Frizione QD \u2013 Quick Drag<br \/>\n\u2022 Infinite Anti-reverse<br \/>\n\u2022 3 cuscinetti a sfera<br \/>\n\u2022 Imbobinamento Slow Cross Wrap<br \/>\n\u2022 Manovella Pieghevole \u201cOne Touch\u201d di ultima generazione<\/p>\n<p><strong>Disponibile nelle seguenti varianti:<\/strong><\/p>\n<table style=\"height: 48px; width: 100%; border-collapse: collapse;\" border=\"1\">\n<tbody>\n<tr style=\"height: 24px;\">\n<td style=\"width: 16.6667%; height: 24px;\"><strong>Codice<\/strong><\/td>\n<td style=\"width: 16.6667%; height: 24px;\"><strong>Capacit\u00e0 Bob<\/strong><\/td>\n<td style=\"width: 16.6667%; height: 24px;\"><strong>Rapporto<\/strong>\u00a0<strong>Di Recupero<\/strong><\/td>\n<td style=\"width: 16.6667%; height: 24px;\"><strong>Cuscinetti<\/strong> <strong>a Sfera<\/strong><\/td>\n<td style=\"width: 16.6667%; height: 24px;\"><strong>Psso (gr)<\/strong><\/td>\n<td style=\"width: 16.6667%; height: 24px;\"><strong>Freno (kg)<\/strong><\/td>\n<\/tr>\n<tr style=\"height: 24px;\">\n<td style=\"width: 16.6667%; height: 24px;\"><strong>21CC45SCWLDQDOT<\/strong><\/td>\n<td style=\"width: 16.6667%; height: 24px;\">530 m \u00d8 35<\/td>\n<td style=\"width: 16.6667%; height: 24px;\">4,9:1 (104cm)<\/td>\n<td style=\"width: 16.6667%; height: 24px;\">3<\/td>\n<td style=\"width: 16.6667%; height: 24px;\">640<\/td>\n<td style=\"width: 16.6667%; height: 24px;\">15<\/td>\n<\/tr>\n<\/tbody>\n<\/table>\n<\/div>\n<\/section>\n<\/div>\n<\/div>\n<\/div>\n<\/div>\n<\/div>\n<\/div>\n","protected":false},"excerpt":{"rendered":"<p>21 Crosscast 45 SCW LD QD-OT Questa variante del celebre Crosscast da Carpfishing unisce un look classico a tecnologie all\u2019avanguardia e alta qualit\u00e0 costruttiva. La bobina in dotazione \u00e8 di tipo di tipo Long Distance da 45 mm ad alta capienza, costruita in in alluminio con finitura oro,\u00a0 mentre la manovella con pomello in legno [&hellip;]<\/p>\n","protected":false},"featured_media":97791,"comment_status":"closed","ping_status":"closed","template":"","meta":[],"product_cat":[351],"product_tag":[1051],"yoast_head":"<!-- This site is optimized with the Yoast SEO plugin v15.3 - https:\/\/yoast.com\/wordpress\/plugins\/seo\/ -->\n<title>21 Crosscast 45 SCW LD QD-OT - Daiwa - Pesca Fish<\/title>\n<meta name=\"robots\" content=\"index, follow, max-snippet:-1, max-image-preview:large, max-video-preview:-1\" \/>\n<link rel=\"canonical\" href=\"https:\/\/www.pescafish.it\/new\/prodotto\/21-crosscast-45-scw-ld-qd-ot-daiwa\/\" \/>\n<meta property=\"og:locale\" content=\"it_IT\" \/>\n<meta property=\"og:type\" content=\"article\" \/>\n<meta property=\"og:title\" content=\"21 Crosscast 45 SCW LD QD-OT - Daiwa - Pesca Fish\" \/>\n<meta property=\"og:description\" content=\"21 Crosscast 45 SCW LD QD-OT Questa variante del celebre Crosscast da Carpfishing unisce un look classico a tecnologie all\u2019avanguardia e alta qualit\u00e0 costruttiva. La bobina in dotazione \u00e8 di tipo di tipo Long Distance da 45 mm ad alta capienza, costruita in in alluminio con finitura oro,\u00a0 mentre la manovella con pomello in legno [&hellip;]\" \/>\n<meta property=\"og:url\" content=\"https:\/\/www.pescafish.it\/new\/prodotto\/21-crosscast-45-scw-ld-qd-ot-daiwa\/\" \/>\n<meta property=\"og:site_name\" content=\"Pesca Fish\" \/>\n<meta property=\"article:publisher\" content=\"https:\/\/www.facebook.com\/pescafishvr\/\" \/>\n<meta property=\"og:image\" content=\"https:\/\/www.pescafish.it\/new\/wp-content\/uploads\/2024\/07\/21CC45SCWLDQDOT.jpg\" \/>\n\t<meta property=\"og:image:width\" content=\"789\" \/>\n\t<meta property=\"og:image:height\" content=\"794\" \/>\n<meta name=\"twitter:card\" content=\"summary_large_image\" \/>\n<meta name=\"twitter:label1\" content=\"Scritto da\">\n\t<meta name=\"twitter:data1\" content=\"francesca\">\n\t<meta name=\"twitter:label2\" content=\"Tempo di lettura stimato\">\n\t<meta name=\"twitter:data2\" content=\"1 minuto\">\n<script type=\"application\/ld+json\" class=\"yoast-schema-graph\">{\"@context\":\"https:\/\/schema.org\",\"@graph\":[{\"@type\":\"WebSite\",\"@id\":\"https:\/\/www.pescafish.it\/new\/#website\",\"url\":\"https:\/\/www.pescafish.it\/new\/\",\"name\":\"Pesca Fish\",\"description\":\"Benvenuti sul nostro sito!\",\"potentialAction\":[{\"@type\":\"SearchAction\",\"target\":\"https:\/\/www.pescafish.it\/new\/?s={search_term_string}\",\"query-input\":\"required name=search_term_string\"}],\"inLanguage\":\"it-IT\"},{\"@type\":\"ImageObject\",\"@id\":\"https:\/\/www.pescafish.it\/new\/prodotto\/21-crosscast-45-scw-ld-qd-ot-daiwa\/#primaryimage\",\"inLanguage\":\"it-IT\",\"url\":\"https:\/\/www.pescafish.it\/new\/wp-content\/uploads\/2024\/07\/21CC45SCWLDQDOT.jpg\",\"width\":789,\"height\":794,\"caption\":\"Daiwa\"},{\"@type\":\"WebPage\",\"@id\":\"https:\/\/www.pescafish.it\/new\/prodotto\/21-crosscast-45-scw-ld-qd-ot-daiwa\/#webpage\",\"url\":\"https:\/\/www.pescafish.it\/new\/prodotto\/21-crosscast-45-scw-ld-qd-ot-daiwa\/\",\"name\":\"21 Crosscast 45 SCW LD QD-OT - Daiwa - Pesca Fish\",\"isPartOf\":{\"@id\":\"https:\/\/www.pescafish.it\/new\/#website\"},\"primaryImageOfPage\":{\"@id\":\"https:\/\/www.pescafish.it\/new\/prodotto\/21-crosscast-45-scw-ld-qd-ot-daiwa\/#primaryimage\"},\"datePublished\":\"2024-07-16T13:57:31+00:00\",\"dateModified\":\"2024-07-16T13:57:31+00:00\",\"inLanguage\":\"it-IT\",\"potentialAction\":[{\"@type\":\"ReadAction\",\"target\":[\"https:\/\/www.pescafish.it\/new\/prodotto\/21-crosscast-45-scw-ld-qd-ot-daiwa\/\"]}]}]}<\/script>\n<!-- \/ Yoast SEO plugin. -->","_links":{"self":[{"href":"https:\/\/www.pescafish.it\/new\/wp-json\/wp\/v2\/product\/97790"}],"collection":[{"href":"https:\/\/www.pescafish.it\/new\/wp-json\/wp\/v2\/product"}],"about":[{"href":"https:\/\/www.pescafish.it\/new\/wp-json\/wp\/v2\/types\/product"}],"replies":[{"embeddable":true,"href":"https:\/\/www.pescafish.it\/new\/wp-json\/wp\/v2\/comments?post=97790"}],"wp:featuredmedia":[{"embeddable":true,"href":"https:\/\/www.pescafish.it\/new\/wp-json\/wp\/v2\/media\/97791"}],"wp:attachment":[{"href":"https:\/\/www.pescafish.it\/new\/wp-json\/wp\/v2\/media?parent=97790"}],"wp:term":[{"taxonomy":"product_cat","embeddable":true,"href":"https:\/\/www.pescafish.it\/new\/wp-json\/wp\/v2\/product_cat?post=97790"},{"taxonomy":"product_tag","embeddable":true,"href":"https:\/\/www.pescafish.it\/new\/wp-json\/wp\/v2\/product_tag?post=97790"}],"curies":[{"name":"wp","href":"https:\/\/api.w.org\/{rel}","templated":true}]}}