{"id":97689,"date":"2024-07-11T12:03:45","date_gmt":"2024-07-11T10:03:45","guid":{"rendered":"https:\/\/www.pescafish.it\/new\/?post_type=product&#038;p=97689"},"modified":"2024-07-11T12:03:45","modified_gmt":"2024-07-11T10:03:45","slug":"wrath-ii-labrax-penn","status":"publish","type":"product","link":"https:\/\/www.pescafish.it\/new\/prodotto\/wrath-ii-labrax-penn\/","title":{"rendered":"Wrath II Labrax\u00a0&#8211; Penn"},"content":{"rendered":"<h2>Wrath II Labrax<\/h2>\n<p>Le canne PENN\u00ae Wrath\u00ae II Labrax sono canne da spinning molto sensibili e reattive dotate di impugnature in EVA per comfort e controllo. Progettate specificatamente per colpire la spigola con esche, queste canne eccellono nella loro fascia di prezzo. Queste aste composite in grafite in 2 pezzi sono dotate di guide in acciaio inossidabile con inserti in ossido di titanio per una maggiore durata. Queste canne sono perfette per lo spinning alla spigola con qualsiasi tipo di metallo, esche dure o morbide. Con 3 diversi modelli, che vanno dai 7 piedi fino agli 8 piedi, c&#8217;\u00e8 sempre una canna adatta al tuo stile di pesca. Queste canne offrono un ottimo rapporto qualit\u00e0-prezzo e sono molto adatte per il pescatore che non vuole spendere una grande quantit\u00e0 di denaro ma vuole una canna di buona qualit\u00e0.<\/p>\n<p><strong>Caratteristiche:<\/strong><br \/>\n\u2022 Blank forte e reattivo<br \/>\n\u2022 Manico ergonomico in EVA<br \/>\n\u2022 Anelli in ossido di titanio<\/p>\n<p><strong>Disponibile nelle seguenti varianti:<\/strong><br \/>\n<strong>1581634<\/strong>\u00a0 702 \/ 10-30gr<br \/>\n<strong>1581635<\/strong>\u00a0 762 \/ 15-40gr<br \/>\n<strong>1581636<\/strong> 802 \/ 20-50gr<\/p>\n","protected":false},"excerpt":{"rendered":"<p>Wrath II Labrax Le canne PENN\u00ae Wrath\u00ae II Labrax sono canne da spinning molto sensibili e reattive dotate di impugnature in EVA per comfort e controllo. Progettate specificatamente per colpire la spigola con esche, queste canne eccellono nella loro fascia di prezzo. Queste aste composite in grafite in 2 pezzi sono dotate di guide in [&hellip;]<\/p>\n","protected":false},"featured_media":97696,"comment_status":"closed","ping_status":"closed","template":"","meta":[],"product_cat":[940],"product_tag":[1064],"yoast_head":"<!-- This site is optimized with the Yoast SEO plugin v15.3 - https:\/\/yoast.com\/wordpress\/plugins\/seo\/ -->\n<title>Wrath II Labrax\u00a0- Penn - Pesca Fish<\/title>\n<meta name=\"robots\" content=\"index, follow, max-snippet:-1, max-image-preview:large, max-video-preview:-1\" \/>\n<link rel=\"canonical\" href=\"https:\/\/www.pescafish.it\/new\/prodotto\/wrath-ii-labrax-penn\/\" \/>\n<meta property=\"og:locale\" content=\"it_IT\" \/>\n<meta property=\"og:type\" content=\"article\" \/>\n<meta property=\"og:title\" content=\"Wrath II Labrax\u00a0- Penn - Pesca Fish\" \/>\n<meta property=\"og:description\" content=\"Wrath II Labrax Le canne PENN\u00ae Wrath\u00ae II Labrax sono canne da spinning molto sensibili e reattive dotate di impugnature in EVA per comfort e controllo. Progettate specificatamente per colpire la spigola con esche, queste canne eccellono nella loro fascia di prezzo. Queste aste composite in grafite in 2 pezzi sono dotate di guide in [&hellip;]\" \/>\n<meta property=\"og:url\" content=\"https:\/\/www.pescafish.it\/new\/prodotto\/wrath-ii-labrax-penn\/\" \/>\n<meta property=\"og:site_name\" content=\"Pesca Fish\" \/>\n<meta property=\"article:publisher\" content=\"https:\/\/www.facebook.com\/pescafishvr\/\" \/>\n<meta property=\"og:image\" content=\"https:\/\/www.pescafish.it\/new\/wp-content\/uploads\/2024\/07\/WRATH-1.jpg\" \/>\n\t<meta property=\"og:image:width\" content=\"794\" \/>\n\t<meta property=\"og:image:height\" content=\"794\" \/>\n<meta name=\"twitter:card\" content=\"summary_large_image\" \/>\n<meta name=\"twitter:label1\" content=\"Scritto da\">\n\t<meta name=\"twitter:data1\" content=\"francesca\">\n\t<meta name=\"twitter:label2\" content=\"Tempo di lettura stimato\">\n\t<meta name=\"twitter:data2\" content=\"1 minuto\">\n<script type=\"application\/ld+json\" class=\"yoast-schema-graph\">{\"@context\":\"https:\/\/schema.org\",\"@graph\":[{\"@type\":\"WebSite\",\"@id\":\"https:\/\/www.pescafish.it\/new\/#website\",\"url\":\"https:\/\/www.pescafish.it\/new\/\",\"name\":\"Pesca Fish\",\"description\":\"Benvenuti sul nostro sito!\",\"potentialAction\":[{\"@type\":\"SearchAction\",\"target\":\"https:\/\/www.pescafish.it\/new\/?s={search_term_string}\",\"query-input\":\"required name=search_term_string\"}],\"inLanguage\":\"it-IT\"},{\"@type\":\"ImageObject\",\"@id\":\"https:\/\/www.pescafish.it\/new\/prodotto\/wrath-ii-labrax-penn\/#primaryimage\",\"inLanguage\":\"it-IT\",\"url\":\"https:\/\/www.pescafish.it\/new\/wp-content\/uploads\/2024\/07\/WRATH-1.jpg\",\"width\":794,\"height\":794,\"caption\":\"Penn\"},{\"@type\":\"WebPage\",\"@id\":\"https:\/\/www.pescafish.it\/new\/prodotto\/wrath-ii-labrax-penn\/#webpage\",\"url\":\"https:\/\/www.pescafish.it\/new\/prodotto\/wrath-ii-labrax-penn\/\",\"name\":\"Wrath II Labrax\\u00a0- Penn - Pesca Fish\",\"isPartOf\":{\"@id\":\"https:\/\/www.pescafish.it\/new\/#website\"},\"primaryImageOfPage\":{\"@id\":\"https:\/\/www.pescafish.it\/new\/prodotto\/wrath-ii-labrax-penn\/#primaryimage\"},\"datePublished\":\"2024-07-11T10:03:45+00:00\",\"dateModified\":\"2024-07-11T10:03:45+00:00\",\"inLanguage\":\"it-IT\",\"potentialAction\":[{\"@type\":\"ReadAction\",\"target\":[\"https:\/\/www.pescafish.it\/new\/prodotto\/wrath-ii-labrax-penn\/\"]}]}]}<\/script>\n<!-- \/ Yoast SEO plugin. -->","_links":{"self":[{"href":"https:\/\/www.pescafish.it\/new\/wp-json\/wp\/v2\/product\/97689"}],"collection":[{"href":"https:\/\/www.pescafish.it\/new\/wp-json\/wp\/v2\/product"}],"about":[{"href":"https:\/\/www.pescafish.it\/new\/wp-json\/wp\/v2\/types\/product"}],"replies":[{"embeddable":true,"href":"https:\/\/www.pescafish.it\/new\/wp-json\/wp\/v2\/comments?post=97689"}],"wp:featuredmedia":[{"embeddable":true,"href":"https:\/\/www.pescafish.it\/new\/wp-json\/wp\/v2\/media\/97696"}],"wp:attachment":[{"href":"https:\/\/www.pescafish.it\/new\/wp-json\/wp\/v2\/media?parent=97689"}],"wp:term":[{"taxonomy":"product_cat","embeddable":true,"href":"https:\/\/www.pescafish.it\/new\/wp-json\/wp\/v2\/product_cat?post=97689"},{"taxonomy":"product_tag","embeddable":true,"href":"https:\/\/www.pescafish.it\/new\/wp-json\/wp\/v2\/product_tag?post=97689"}],"curies":[{"name":"wp","href":"https:\/\/api.w.org\/{rel}","templated":true}]}}