{"id":97446,"date":"2024-07-02T11:03:14","date_gmt":"2024-07-02T09:03:14","guid":{"rendered":"https:\/\/www.pescafish.it\/new\/?post_type=product&#038;p=97446"},"modified":"2024-07-02T11:03:15","modified_gmt":"2024-07-02T09:03:15","slug":"marka-flex-korum","status":"publish","type":"product","link":"https:\/\/www.pescafish.it\/new\/prodotto\/marka-flex-korum\/","title":{"rendered":"Marka Flex &#8211; Korum"},"content":{"rendered":"<p>Il Marka Flex \u00e8 l&#8217;elastico marcatore dal profilo pi\u00f9 sottile che tu abbia mai utilizzato. Questo materiale ultra resistente \u00e8 elastico, ma si annoda come una normale treccia. Sia che venga utilizzato per segnare la distanza dal punto in cui si pesca con la clip o come nodo di arresto, MARKA-FLEX afferra saldamente il vostro monofilo o il trecciato senza danni. Colore verde fluo per una facile visibilit\u00e0 a tutti i livelli di luce.<\/p>\n<p><strong>Colore:<\/strong> Fluoro Green<\/p>\n<p><strong>Bobina da 5m<\/strong><\/p>\n","protected":false},"excerpt":{"rendered":"<p>Il Marka Flex \u00e8 l&#8217;elastico marcatore dal profilo pi\u00f9 sottile che tu abbia mai utilizzato. Questo materiale ultra resistente \u00e8 elastico, ma si annoda come una normale treccia. Sia che venga utilizzato per segnare la distanza dal punto in cui si pesca con la clip o come nodo di arresto, MARKA-FLEX afferra saldamente il vostro [&hellip;]<\/p>\n","protected":false},"featured_media":97447,"comment_status":"closed","ping_status":"closed","template":"","meta":[],"product_cat":[180],"product_tag":[1031],"yoast_head":"<!-- This site is optimized with the Yoast SEO plugin v15.3 - https:\/\/yoast.com\/wordpress\/plugins\/seo\/ -->\n<title>Marka Flex - Korum - Pesca Fish<\/title>\n<meta name=\"robots\" content=\"index, follow, max-snippet:-1, max-image-preview:large, max-video-preview:-1\" \/>\n<link rel=\"canonical\" href=\"https:\/\/www.pescafish.it\/new\/prodotto\/marka-flex-korum\/\" \/>\n<meta property=\"og:locale\" content=\"it_IT\" \/>\n<meta property=\"og:type\" content=\"article\" \/>\n<meta property=\"og:title\" content=\"Marka Flex - Korum - Pesca Fish\" \/>\n<meta property=\"og:description\" content=\"Il Marka Flex \u00e8 l&#8217;elastico marcatore dal profilo pi\u00f9 sottile che tu abbia mai utilizzato. Questo materiale ultra resistente \u00e8 elastico, ma si annoda come una normale treccia. Sia che venga utilizzato per segnare la distanza dal punto in cui si pesca con la clip o come nodo di arresto, MARKA-FLEX afferra saldamente il vostro [&hellip;]\" \/>\n<meta property=\"og:url\" content=\"https:\/\/www.pescafish.it\/new\/prodotto\/marka-flex-korum\/\" \/>\n<meta property=\"og:site_name\" content=\"Pesca Fish\" \/>\n<meta property=\"article:publisher\" content=\"https:\/\/www.facebook.com\/pescafishvr\/\" \/>\n<meta property=\"article:modified_time\" content=\"2024-07-02T09:03:15+00:00\" \/>\n<meta property=\"og:image\" content=\"https:\/\/www.pescafish.it\/new\/wp-content\/uploads\/2024\/07\/marka-flex.jpg\" \/>\n\t<meta property=\"og:image:width\" content=\"1000\" \/>\n\t<meta property=\"og:image:height\" content=\"1000\" \/>\n<meta name=\"twitter:card\" content=\"summary_large_image\" \/>\n<meta name=\"twitter:label1\" content=\"Scritto da\">\n\t<meta name=\"twitter:data1\" content=\"francesca\">\n\t<meta name=\"twitter:label2\" content=\"Tempo di lettura stimato\">\n\t<meta name=\"twitter:data2\" content=\"0 minuti\">\n<script type=\"application\/ld+json\" class=\"yoast-schema-graph\">{\"@context\":\"https:\/\/schema.org\",\"@graph\":[{\"@type\":\"WebSite\",\"@id\":\"https:\/\/www.pescafish.it\/new\/#website\",\"url\":\"https:\/\/www.pescafish.it\/new\/\",\"name\":\"Pesca Fish\",\"description\":\"Benvenuti sul nostro sito!\",\"potentialAction\":[{\"@type\":\"SearchAction\",\"target\":\"https:\/\/www.pescafish.it\/new\/?s={search_term_string}\",\"query-input\":\"required name=search_term_string\"}],\"inLanguage\":\"it-IT\"},{\"@type\":\"ImageObject\",\"@id\":\"https:\/\/www.pescafish.it\/new\/prodotto\/marka-flex-korum\/#primaryimage\",\"inLanguage\":\"it-IT\",\"url\":\"https:\/\/www.pescafish.it\/new\/wp-content\/uploads\/2024\/07\/marka-flex.jpg\",\"width\":1000,\"height\":1000,\"caption\":\"marka flex korum\"},{\"@type\":\"WebPage\",\"@id\":\"https:\/\/www.pescafish.it\/new\/prodotto\/marka-flex-korum\/#webpage\",\"url\":\"https:\/\/www.pescafish.it\/new\/prodotto\/marka-flex-korum\/\",\"name\":\"Marka Flex - Korum - Pesca Fish\",\"isPartOf\":{\"@id\":\"https:\/\/www.pescafish.it\/new\/#website\"},\"primaryImageOfPage\":{\"@id\":\"https:\/\/www.pescafish.it\/new\/prodotto\/marka-flex-korum\/#primaryimage\"},\"datePublished\":\"2024-07-02T09:03:14+00:00\",\"dateModified\":\"2024-07-02T09:03:15+00:00\",\"inLanguage\":\"it-IT\",\"potentialAction\":[{\"@type\":\"ReadAction\",\"target\":[\"https:\/\/www.pescafish.it\/new\/prodotto\/marka-flex-korum\/\"]}]}]}<\/script>\n<!-- \/ Yoast SEO plugin. -->","_links":{"self":[{"href":"https:\/\/www.pescafish.it\/new\/wp-json\/wp\/v2\/product\/97446"}],"collection":[{"href":"https:\/\/www.pescafish.it\/new\/wp-json\/wp\/v2\/product"}],"about":[{"href":"https:\/\/www.pescafish.it\/new\/wp-json\/wp\/v2\/types\/product"}],"replies":[{"embeddable":true,"href":"https:\/\/www.pescafish.it\/new\/wp-json\/wp\/v2\/comments?post=97446"}],"wp:featuredmedia":[{"embeddable":true,"href":"https:\/\/www.pescafish.it\/new\/wp-json\/wp\/v2\/media\/97447"}],"wp:attachment":[{"href":"https:\/\/www.pescafish.it\/new\/wp-json\/wp\/v2\/media?parent=97446"}],"wp:term":[{"taxonomy":"product_cat","embeddable":true,"href":"https:\/\/www.pescafish.it\/new\/wp-json\/wp\/v2\/product_cat?post=97446"},{"taxonomy":"product_tag","embeddable":true,"href":"https:\/\/www.pescafish.it\/new\/wp-json\/wp\/v2\/product_tag?post=97446"}],"curies":[{"name":"wp","href":"https:\/\/api.w.org\/{rel}","templated":true}]}}