{"id":96902,"date":"2024-06-20T19:21:40","date_gmt":"2024-06-20T17:21:40","guid":{"rendered":"https:\/\/www.pescafish.it\/new\/?post_type=product&#038;p=96902"},"modified":"2024-06-20T19:21:41","modified_gmt":"2024-06-20T17:21:41","slug":"nxc-camo-rig-r-box-trakker","status":"publish","type":"product","link":"https:\/\/www.pescafish.it\/new\/prodotto\/nxc-camo-rig-r-box-trakker\/","title":{"rendered":"NXC Camo Rig-R Box &#8211; Trakker"},"content":{"rendered":"<h2>NXC Camo Rig-R Box<\/h2>\n<p>La NXC Rig-R Box \u00e8 una postazione di lavoro completa per la legatura delle montature! Conserva la tua scatola per l&#8217;attrezzatura, l&#8217;attrezzatura terminale e altri accessori essenziali per la carpa ben organizzati in un unico bagaglio per la pesca alla carpa. Per tutte le vostre esigenze di legatura abbiamo incluso un vassoio per rig in EVA completamente magnetico, che \u00e8 fissato al coperchio esterno tramite quattro magneti, posizionati in ogni angolo del vassoio. Se preferisci, questo pu\u00f2 essere rimosso e utilizzato internamente mentre accedi alla scatola degli attrezzi o ad altri accessori da pesca all&#8217;interno. Il vassoio magnetico pu\u00f2 essere utilizzato anche in modo totalmente indipendente o insieme ad altri bagagli Trakker. Poich\u00e9 il vassoio per rig in EVA \u00e8 magnetico, funziona perfettamente per fissare le punte del rig e gli strumenti per l&#8217;esca durante l&#8217;uso. Le tasche interne in rete nella borsa principale utilizzano una rete resistente che la rende ideale per riporre strumenti di rig come gli aghi da innesco senza preoccuparsi che rimangano intrappolati nella rete convenzionale. Il divisore centrale con cerniera ha una grande tasca in rete con cerniera su un lato e sei grandi tasche per l&#8217;attrezzatura sull&#8217;altro. La scatola NXC Rig-R pu\u00f2 ospitare la maggior parte delle scatole per attrezzatura di medie dimensioni attualmente disponibili e tavole per rig, rendendola una soluzione di archiviazione estremamente versatile, totalmente personalizzabile in base alle tue esigenze. La custodia \u00e8 fortemente imbottita per la protezione, ha una base impermeabile resistente e una maniglia in neoprene per il trasporto dentro e fuori dalle borse pi\u00f9 grandi.<\/p>\n<p><strong>Caratteristiche:<\/strong><\/p>\n<p><span><strong>Dimensioni:<\/strong> 29 (L) x 21 (L) 15 (A) cm<br \/>\n<\/span><span><strong>Peso:<\/strong> 0,8 kg<br \/>\n<\/span><span><strong>Materiale:<\/strong> poliestere<\/span><\/p>\n","protected":false},"excerpt":{"rendered":"<p>NXC Camo Rig-R Box La NXC Rig-R Box \u00e8 una postazione di lavoro completa per la legatura delle montature! Conserva la tua scatola per l&#8217;attrezzatura, l&#8217;attrezzatura terminale e altri accessori essenziali per la carpa ben organizzati in un unico bagaglio per la pesca alla carpa. Per tutte le vostre esigenze di legatura abbiamo incluso un [&hellip;]<\/p>\n","protected":false},"featured_media":96903,"comment_status":"closed","ping_status":"closed","template":"","meta":[],"product_cat":[568],"product_tag":[1073],"yoast_head":"<!-- This site is optimized with the Yoast SEO plugin v15.3 - https:\/\/yoast.com\/wordpress\/plugins\/seo\/ -->\n<title>NXC Camo Rig-R Box - Trakker - Pesca Fish<\/title>\n<meta name=\"robots\" content=\"index, follow, max-snippet:-1, max-image-preview:large, max-video-preview:-1\" \/>\n<link rel=\"canonical\" href=\"https:\/\/www.pescafish.it\/new\/prodotto\/nxc-camo-rig-r-box-trakker\/\" \/>\n<meta property=\"og:locale\" content=\"it_IT\" \/>\n<meta property=\"og:type\" content=\"article\" \/>\n<meta property=\"og:title\" content=\"NXC Camo Rig-R Box - Trakker - Pesca Fish\" \/>\n<meta property=\"og:description\" content=\"NXC Camo Rig-R Box La NXC Rig-R Box \u00e8 una postazione di lavoro completa per la legatura delle montature! Conserva la tua scatola per l&#8217;attrezzatura, l&#8217;attrezzatura terminale e altri accessori essenziali per la carpa ben organizzati in un unico bagaglio per la pesca alla carpa. Per tutte le vostre esigenze di legatura abbiamo incluso un [&hellip;]\" \/>\n<meta property=\"og:url\" content=\"https:\/\/www.pescafish.it\/new\/prodotto\/nxc-camo-rig-r-box-trakker\/\" \/>\n<meta property=\"og:site_name\" content=\"Pesca Fish\" \/>\n<meta property=\"article:publisher\" content=\"https:\/\/www.facebook.com\/pescafishvr\/\" \/>\n<meta property=\"article:modified_time\" content=\"2024-06-20T17:21:41+00:00\" \/>\n<meta property=\"og:image\" content=\"https:\/\/www.pescafish.it\/new\/wp-content\/uploads\/2024\/06\/8003933-e205264_3-2-3-800.jpg\" \/>\n\t<meta property=\"og:image:width\" content=\"800\" \/>\n\t<meta property=\"og:image:height\" content=\"800\" \/>\n<meta name=\"twitter:card\" content=\"summary_large_image\" \/>\n<meta name=\"twitter:label1\" content=\"Scritto da\">\n\t<meta name=\"twitter:data1\" content=\"francesca\">\n\t<meta name=\"twitter:label2\" content=\"Tempo di lettura stimato\">\n\t<meta name=\"twitter:data2\" content=\"1 minuto\">\n<script type=\"application\/ld+json\" class=\"yoast-schema-graph\">{\"@context\":\"https:\/\/schema.org\",\"@graph\":[{\"@type\":\"WebSite\",\"@id\":\"https:\/\/www.pescafish.it\/new\/#website\",\"url\":\"https:\/\/www.pescafish.it\/new\/\",\"name\":\"Pesca Fish\",\"description\":\"Benvenuti sul nostro sito!\",\"potentialAction\":[{\"@type\":\"SearchAction\",\"target\":\"https:\/\/www.pescafish.it\/new\/?s={search_term_string}\",\"query-input\":\"required name=search_term_string\"}],\"inLanguage\":\"it-IT\"},{\"@type\":\"ImageObject\",\"@id\":\"https:\/\/www.pescafish.it\/new\/prodotto\/nxc-camo-rig-r-box-trakker\/#primaryimage\",\"inLanguage\":\"it-IT\",\"url\":\"https:\/\/www.pescafish.it\/new\/wp-content\/uploads\/2024\/06\/8003933-e205264_3-2-3-800.jpg\",\"width\":800,\"height\":800,\"caption\":\"Trakker\"},{\"@type\":\"WebPage\",\"@id\":\"https:\/\/www.pescafish.it\/new\/prodotto\/nxc-camo-rig-r-box-trakker\/#webpage\",\"url\":\"https:\/\/www.pescafish.it\/new\/prodotto\/nxc-camo-rig-r-box-trakker\/\",\"name\":\"NXC Camo Rig-R Box - Trakker - Pesca Fish\",\"isPartOf\":{\"@id\":\"https:\/\/www.pescafish.it\/new\/#website\"},\"primaryImageOfPage\":{\"@id\":\"https:\/\/www.pescafish.it\/new\/prodotto\/nxc-camo-rig-r-box-trakker\/#primaryimage\"},\"datePublished\":\"2024-06-20T17:21:40+00:00\",\"dateModified\":\"2024-06-20T17:21:41+00:00\",\"inLanguage\":\"it-IT\",\"potentialAction\":[{\"@type\":\"ReadAction\",\"target\":[\"https:\/\/www.pescafish.it\/new\/prodotto\/nxc-camo-rig-r-box-trakker\/\"]}]}]}<\/script>\n<!-- \/ Yoast SEO plugin. -->","_links":{"self":[{"href":"https:\/\/www.pescafish.it\/new\/wp-json\/wp\/v2\/product\/96902"}],"collection":[{"href":"https:\/\/www.pescafish.it\/new\/wp-json\/wp\/v2\/product"}],"about":[{"href":"https:\/\/www.pescafish.it\/new\/wp-json\/wp\/v2\/types\/product"}],"replies":[{"embeddable":true,"href":"https:\/\/www.pescafish.it\/new\/wp-json\/wp\/v2\/comments?post=96902"}],"wp:featuredmedia":[{"embeddable":true,"href":"https:\/\/www.pescafish.it\/new\/wp-json\/wp\/v2\/media\/96903"}],"wp:attachment":[{"href":"https:\/\/www.pescafish.it\/new\/wp-json\/wp\/v2\/media?parent=96902"}],"wp:term":[{"taxonomy":"product_cat","embeddable":true,"href":"https:\/\/www.pescafish.it\/new\/wp-json\/wp\/v2\/product_cat?post=96902"},{"taxonomy":"product_tag","embeddable":true,"href":"https:\/\/www.pescafish.it\/new\/wp-json\/wp\/v2\/product_tag?post=96902"}],"curies":[{"name":"wp","href":"https:\/\/api.w.org\/{rel}","templated":true}]}}