{"id":96631,"date":"2024-06-12T09:17:30","date_gmt":"2024-06-12T07:17:30","guid":{"rendered":"https:\/\/www.pescafish.it\/new\/?post_type=product&#038;p=96631"},"modified":"2025-09-24T10:20:12","modified_gmt":"2025-09-24T08:20:12","slug":"canna-ocea-plugger-limited-shimano","status":"publish","type":"product","link":"https:\/\/www.pescafish.it\/new\/prodotto\/canna-ocea-plugger-limited-shimano\/","title":{"rendered":"Canna Ocea Plugger Limited &#8211; Shimano"},"content":{"rendered":"<p>Se utilizzate stick bait e popper di grandi dimensioni, alla ricerca di grossi GT o Tonni, saprete quanto sia importante la leggerezza e le prestazioni di lancio quando bisogna mantenersi a distanza da una mangianza per non insospettire i pesci. \u00c8 allora che potrete apprezzare le straordinarie prestazioni di lancio dell\u2019OCEA Plugger Limited. Progettata senza compromessi, questa gamma \u00e8 in grado di surclassare quasi tutto ci\u00f2 che \u00e8 disponibile ed \u00e8 cos\u00ec leggera da consentire di mantenere le prestazioni massime pi\u00f9 a lungo rispetto all\u2019utilizzo di canne altrettanto potenti, ma molto pi\u00f9 pesanti. La punta veloce e la curva progressiva del combattimento accendono l\u2019azione di tutte le esche di grandi dimensioni, anche a lunga distanza, dandovi la potenza e la fiducia necessarie per fronteggiare i pesci pi\u00f9 grandi.<\/p>\n<p><strong>Anelli:<\/strong> Fuji Torzite<br \/>\n<strong>Blank:<\/strong> High Modulus Full Carbon + Spiral X Core + Hi-Power X + Nanopitch + Screw Lock Joint<br \/>\n<strong>Placca Portamulinello:<\/strong> SHIMANO<br \/>\n<strong>Impugnatura:<\/strong> EVA<\/p>\n<p><strong>Modello:<\/strong> 55COA62783<br \/>\n<strong>Lunghezza:<\/strong>\u00a08\u20193\u2033ft \u2013 2,51m<br \/>\n<strong>Potenza:<\/strong>\u00a0120g<br \/>\n<strong>Ingombro:<\/strong> 185cm<br \/>\n<strong>Peso:<\/strong> 346g<br \/>\n<strong>N\u00b0 Sezioni:<\/strong>\u00a01+1<br \/>\n.<br \/>\n<span style=\"color: #ff0000;\"><strong>DUE ANNI DI GARANZIA<\/strong><\/span><br \/>\n<span style=\"color: #ff0000;\"><strong>Da oggi per avere il TERZO ANNO DI GARANZIA, collegati al nuovo portale e registra il tuo prodotto su:<\/strong><\/span><br \/>\n<span style=\"color: #000000; background-color: #ffff00;\"><strong><a style=\"color: #000000; background-color: #ffff00;\" href=\"http:\/\/www.shimanofishnetwork.it\/garanzia\/sign_in\">http:\/\/www.shimanofishnetwork.it\/garanzia\/sign_in<\/a><\/strong><\/span><\/p>\n","protected":false},"excerpt":{"rendered":"<p>Se utilizzate stick bait e popper di grandi dimensioni, alla ricerca di grossi GT o Tonni, saprete quanto sia importante la leggerezza e le prestazioni di lancio quando bisogna mantenersi a distanza da una mangianza per non insospettire i pesci. \u00c8 allora che potrete apprezzare le straordinarie prestazioni di lancio dell\u2019OCEA Plugger Limited. Progettata senza [&hellip;]<\/p>\n","protected":false},"featured_media":96632,"comment_status":"closed","ping_status":"closed","template":"","meta":[],"product_cat":[90],"product_tag":[1023],"yoast_head":"<!-- This site is optimized with the Yoast SEO plugin v15.3 - https:\/\/yoast.com\/wordpress\/plugins\/seo\/ -->\n<title>Canna Ocea Plugger Limited - Shimano - Pesca Fish<\/title>\n<meta name=\"robots\" content=\"index, follow, max-snippet:-1, max-image-preview:large, max-video-preview:-1\" \/>\n<link rel=\"canonical\" href=\"https:\/\/www.pescafish.it\/new\/prodotto\/canna-ocea-plugger-limited-shimano\/\" \/>\n<meta property=\"og:locale\" content=\"it_IT\" \/>\n<meta property=\"og:type\" content=\"article\" \/>\n<meta property=\"og:title\" content=\"Canna Ocea Plugger Limited - Shimano - Pesca Fish\" \/>\n<meta property=\"og:description\" content=\"Se utilizzate stick bait e popper di grandi dimensioni, alla ricerca di grossi GT o Tonni, saprete quanto sia importante la leggerezza e le prestazioni di lancio quando bisogna mantenersi a distanza da una mangianza per non insospettire i pesci. \u00c8 allora che potrete apprezzare le straordinarie prestazioni di lancio dell\u2019OCEA Plugger Limited. Progettata senza [&hellip;]\" \/>\n<meta property=\"og:url\" content=\"https:\/\/www.pescafish.it\/new\/prodotto\/canna-ocea-plugger-limited-shimano\/\" \/>\n<meta property=\"og:site_name\" content=\"Pesca Fish\" \/>\n<meta property=\"article:publisher\" content=\"https:\/\/www.facebook.com\/pescafishvr\/\" \/>\n<meta property=\"article:modified_time\" content=\"2025-09-24T08:20:12+00:00\" \/>\n<meta property=\"og:image\" content=\"https:\/\/www.pescafish.it\/new\/wp-content\/uploads\/2024\/06\/ocea-plugger-limited.jpg\" \/>\n\t<meta property=\"og:image:width\" content=\"710\" \/>\n\t<meta property=\"og:image:height\" content=\"710\" \/>\n<meta name=\"twitter:card\" content=\"summary_large_image\" \/>\n<meta name=\"twitter:label1\" content=\"Scritto da\">\n\t<meta name=\"twitter:data1\" content=\"francesca\">\n\t<meta name=\"twitter:label2\" content=\"Tempo di lettura stimato\">\n\t<meta name=\"twitter:data2\" content=\"1 minuto\">\n<script type=\"application\/ld+json\" class=\"yoast-schema-graph\">{\"@context\":\"https:\/\/schema.org\",\"@graph\":[{\"@type\":\"WebSite\",\"@id\":\"https:\/\/www.pescafish.it\/new\/#website\",\"url\":\"https:\/\/www.pescafish.it\/new\/\",\"name\":\"Pesca Fish\",\"description\":\"Benvenuti sul nostro sito!\",\"potentialAction\":[{\"@type\":\"SearchAction\",\"target\":\"https:\/\/www.pescafish.it\/new\/?s={search_term_string}\",\"query-input\":\"required name=search_term_string\"}],\"inLanguage\":\"it-IT\"},{\"@type\":\"ImageObject\",\"@id\":\"https:\/\/www.pescafish.it\/new\/prodotto\/canna-ocea-plugger-limited-shimano\/#primaryimage\",\"inLanguage\":\"it-IT\",\"url\":\"https:\/\/www.pescafish.it\/new\/wp-content\/uploads\/2024\/06\/ocea-plugger-limited.jpg\",\"width\":710,\"height\":710,\"caption\":\"ocea plugger limited shimano\"},{\"@type\":\"WebPage\",\"@id\":\"https:\/\/www.pescafish.it\/new\/prodotto\/canna-ocea-plugger-limited-shimano\/#webpage\",\"url\":\"https:\/\/www.pescafish.it\/new\/prodotto\/canna-ocea-plugger-limited-shimano\/\",\"name\":\"Canna Ocea Plugger Limited - Shimano - Pesca Fish\",\"isPartOf\":{\"@id\":\"https:\/\/www.pescafish.it\/new\/#website\"},\"primaryImageOfPage\":{\"@id\":\"https:\/\/www.pescafish.it\/new\/prodotto\/canna-ocea-plugger-limited-shimano\/#primaryimage\"},\"datePublished\":\"2024-06-12T07:17:30+00:00\",\"dateModified\":\"2025-09-24T08:20:12+00:00\",\"inLanguage\":\"it-IT\",\"potentialAction\":[{\"@type\":\"ReadAction\",\"target\":[\"https:\/\/www.pescafish.it\/new\/prodotto\/canna-ocea-plugger-limited-shimano\/\"]}]}]}<\/script>\n<!-- \/ Yoast SEO plugin. -->","_links":{"self":[{"href":"https:\/\/www.pescafish.it\/new\/wp-json\/wp\/v2\/product\/96631"}],"collection":[{"href":"https:\/\/www.pescafish.it\/new\/wp-json\/wp\/v2\/product"}],"about":[{"href":"https:\/\/www.pescafish.it\/new\/wp-json\/wp\/v2\/types\/product"}],"replies":[{"embeddable":true,"href":"https:\/\/www.pescafish.it\/new\/wp-json\/wp\/v2\/comments?post=96631"}],"wp:featuredmedia":[{"embeddable":true,"href":"https:\/\/www.pescafish.it\/new\/wp-json\/wp\/v2\/media\/96632"}],"wp:attachment":[{"href":"https:\/\/www.pescafish.it\/new\/wp-json\/wp\/v2\/media?parent=96631"}],"wp:term":[{"taxonomy":"product_cat","embeddable":true,"href":"https:\/\/www.pescafish.it\/new\/wp-json\/wp\/v2\/product_cat?post=96631"},{"taxonomy":"product_tag","embeddable":true,"href":"https:\/\/www.pescafish.it\/new\/wp-json\/wp\/v2\/product_tag?post=96631"}],"curies":[{"name":"wp","href":"https:\/\/api.w.org\/{rel}","templated":true}]}}