{"id":9656,"date":"2015-12-01T11:37:27","date_gmt":"2015-12-01T10:37:27","guid":{"rendered":"http:\/\/www.pescafish.it\/new\/amo-ls-2120n-gamakatsu"},"modified":"2025-10-02T16:32:32","modified_gmt":"2025-10-02T14:32:32","slug":"amo-ls-2120n-gamakatsu","status":"publish","type":"product","link":"https:\/\/www.pescafish.it\/new\/prodotto\/amo-ls-2120n-gamakatsu\/","title":{"rendered":"Amo LS-2120N &#8211; Gamakatsu"},"content":{"rendered":"<p>Alla base del suo successo c&#8217;\u00e8 la versatilit\u00e0, in quanto pu\u00f2 essere utilizzato indifferentemente sul torrente come nel laghetto, con esche di qualsiasi tipo e dimensione.<\/p>\n<p><strong>Disponibile nelle seguenti misure:<\/strong><br \/>\n<strong>LS-2120N 4<\/strong>\u00a0 size 4<br \/>\n<strong>LS-2120N 6<\/strong>\u00a0 size 6<br \/>\n<strong>LS-2120N 8<\/strong>\u00a0 size 8<\/p>\n<p><b>Confezione da 25 ami<\/b><\/p>\n","protected":false},"excerpt":{"rendered":"<p>Alla base del suo successo c&#8217;\u00e8 la versatilit\u00e0, in quanto pu\u00f2 essere utilizzato indifferentemente sul torrente come nel laghetto, con esche di qualsiasi tipo e dimensione. Disponibile nelle seguenti misure: LS-2120N 4\u00a0 size 4 LS-2120N 6\u00a0 size 6 LS-2120N 8\u00a0 size 8 Confezione da 25 ami<\/p>\n","protected":false},"featured_media":21840,"comment_status":"closed","ping_status":"closed","template":"","meta":[],"product_cat":[700],"product_tag":[1223],"yoast_head":"<!-- This site is optimized with the Yoast SEO plugin v15.3 - https:\/\/yoast.com\/wordpress\/plugins\/seo\/ -->\n<title>Amo LS-2120N - Gamakatsu - Pesca Fish<\/title>\n<meta name=\"robots\" content=\"index, follow, max-snippet:-1, max-image-preview:large, max-video-preview:-1\" \/>\n<link rel=\"canonical\" href=\"https:\/\/www.pescafish.it\/new\/prodotto\/amo-ls-2120n-gamakatsu\/\" \/>\n<meta property=\"og:locale\" content=\"it_IT\" \/>\n<meta property=\"og:type\" content=\"article\" \/>\n<meta property=\"og:title\" content=\"Amo LS-2120N - Gamakatsu - Pesca Fish\" \/>\n<meta property=\"og:description\" content=\"Alla base del suo successo c&#8217;\u00e8 la versatilit\u00e0, in quanto pu\u00f2 essere utilizzato indifferentemente sul torrente come nel laghetto, con esche di qualsiasi tipo e dimensione. Disponibile nelle seguenti misure: LS-2120N 4\u00a0 size 4 LS-2120N 6\u00a0 size 6 LS-2120N 8\u00a0 size 8 Confezione da 25 ami\" \/>\n<meta property=\"og:url\" content=\"https:\/\/www.pescafish.it\/new\/prodotto\/amo-ls-2120n-gamakatsu\/\" \/>\n<meta property=\"og:site_name\" content=\"Pesca Fish\" \/>\n<meta property=\"article:publisher\" content=\"https:\/\/www.facebook.com\/pescafishvr\/\" \/>\n<meta property=\"article:modified_time\" content=\"2025-10-02T14:32:32+00:00\" \/>\n<meta property=\"og:image\" content=\"https:\/\/www.pescafish.it\/new\/wp-content\/uploads\/2015\/12\/4f242f5cc4ec833360d3ce0daddceb79.jpg\" \/>\n\t<meta property=\"og:image:width\" content=\"122\" \/>\n\t<meta property=\"og:image:height\" content=\"97\" \/>\n<meta name=\"twitter:card\" content=\"summary_large_image\" \/>\n<meta name=\"twitter:label1\" content=\"Scritto da\">\n\t<meta name=\"twitter:data1\" content=\"francesca\">\n\t<meta name=\"twitter:label2\" content=\"Tempo di lettura stimato\">\n\t<meta name=\"twitter:data2\" content=\"0 minuti\">\n<script type=\"application\/ld+json\" class=\"yoast-schema-graph\">{\"@context\":\"https:\/\/schema.org\",\"@graph\":[{\"@type\":\"WebSite\",\"@id\":\"https:\/\/www.pescafish.it\/new\/#website\",\"url\":\"https:\/\/www.pescafish.it\/new\/\",\"name\":\"Pesca Fish\",\"description\":\"Benvenuti sul nostro sito!\",\"potentialAction\":[{\"@type\":\"SearchAction\",\"target\":\"https:\/\/www.pescafish.it\/new\/?s={search_term_string}\",\"query-input\":\"required name=search_term_string\"}],\"inLanguage\":\"it-IT\"},{\"@type\":\"ImageObject\",\"@id\":\"https:\/\/www.pescafish.it\/new\/prodotto\/amo-ls-2120n-gamakatsu\/#primaryimage\",\"inLanguage\":\"it-IT\",\"url\":\"https:\/\/www.pescafish.it\/new\/wp-content\/uploads\/2015\/12\/4f242f5cc4ec833360d3ce0daddceb79.jpg\",\"width\":122,\"height\":97},{\"@type\":\"WebPage\",\"@id\":\"https:\/\/www.pescafish.it\/new\/prodotto\/amo-ls-2120n-gamakatsu\/#webpage\",\"url\":\"https:\/\/www.pescafish.it\/new\/prodotto\/amo-ls-2120n-gamakatsu\/\",\"name\":\"Amo LS-2120N - Gamakatsu - Pesca Fish\",\"isPartOf\":{\"@id\":\"https:\/\/www.pescafish.it\/new\/#website\"},\"primaryImageOfPage\":{\"@id\":\"https:\/\/www.pescafish.it\/new\/prodotto\/amo-ls-2120n-gamakatsu\/#primaryimage\"},\"datePublished\":\"2015-12-01T10:37:27+00:00\",\"dateModified\":\"2025-10-02T14:32:32+00:00\",\"inLanguage\":\"it-IT\",\"potentialAction\":[{\"@type\":\"ReadAction\",\"target\":[\"https:\/\/www.pescafish.it\/new\/prodotto\/amo-ls-2120n-gamakatsu\/\"]}]}]}<\/script>\n<!-- \/ Yoast SEO plugin. -->","_links":{"self":[{"href":"https:\/\/www.pescafish.it\/new\/wp-json\/wp\/v2\/product\/9656"}],"collection":[{"href":"https:\/\/www.pescafish.it\/new\/wp-json\/wp\/v2\/product"}],"about":[{"href":"https:\/\/www.pescafish.it\/new\/wp-json\/wp\/v2\/types\/product"}],"replies":[{"embeddable":true,"href":"https:\/\/www.pescafish.it\/new\/wp-json\/wp\/v2\/comments?post=9656"}],"wp:featuredmedia":[{"embeddable":true,"href":"https:\/\/www.pescafish.it\/new\/wp-json\/wp\/v2\/media\/21840"}],"wp:attachment":[{"href":"https:\/\/www.pescafish.it\/new\/wp-json\/wp\/v2\/media?parent=9656"}],"wp:term":[{"taxonomy":"product_cat","embeddable":true,"href":"https:\/\/www.pescafish.it\/new\/wp-json\/wp\/v2\/product_cat?post=9656"},{"taxonomy":"product_tag","embeddable":true,"href":"https:\/\/www.pescafish.it\/new\/wp-json\/wp\/v2\/product_tag?post=9656"}],"curies":[{"name":"wp","href":"https:\/\/api.w.org\/{rel}","templated":true}]}}