{"id":93781,"date":"2024-01-27T09:53:01","date_gmt":"2024-01-27T08:53:01","guid":{"rendered":"https:\/\/www.pescafish.it\/new\/?post_type=product&#038;p=93781"},"modified":"2025-08-27T19:13:18","modified_gmt":"2025-08-27T17:13:18","slug":"canna-bassterra-lrf-shimano","status":"publish","type":"product","link":"https:\/\/www.pescafish.it\/new\/prodotto\/canna-bassterra-lrf-shimano\/","title":{"rendered":"Canna Bassterra LRF &#8211; Shimano"},"content":{"rendered":"<p>Le canne Bassterra LRF sono state sviluppate specificamente per il sempre pi\u00f9 diffuso light rock fishing. Con un valore eccezionale, i grezzi Full Carbon ad azione rapida sono rinforzati con Diaflash e hanno vette solid e sensibili per massimizzare anche le pi\u00f9 piccole abboccate quando si pesca con piccoli spinners o soft plastics.<br \/>\nQuando si tratta di divertimento, non c&#8217;\u00e8 niente di meglio del light rock fishing (LRF). Se siete il tipo di pescatore che non si lascia condizionare dalle dimensioni dei pesci che cattura, sicuramente vi divertirete a catturare i piccoli pesci quasi esotici che vivono lungo tutte le coste europee. Con una Bassterra LRF in mano potete lavorare con esche di piccole dimensioni in modo davvero efficace dalle rocce o in prossimit\u00e0 di strutture come i muri dei porti o i pontili, sapendo che quando un pesce afferra la vostra esca vedrete immediatamente l&#8217;abboccata sulla vetta solid e super sensibile montata su entrambi i modelli.<br \/>\nIl grezzo totalmente in carbonio della Bassterra LRF ha un&#8217;azione veloce ed \u00e8 arricchito dalla costruzione Diaflash per dare alle canne la giusta azione, la reattivit\u00e0 e le prestazioni di lancio necessarie quando si utilizzano esche ultraleggere. \u00c8 possibile lanciare piccoli spinner e altre esche dure in modo perfetto o, in alternativa, pescare con piccole gomme vicino alla riva con estrema precisione, grazie alle vette solid e sensibili. Montati con anelli Seaguide XOG Zirconia resistenti alla corrosione, ideali per trecce sottili o monofili, entrambi i modelli sono dotati di portamulinello VSS e impugnatura in EVA splittata.<\/p>\n<p><strong>Lunghezza:<\/strong> 7,2ft &#8211; 2,18m<br \/>\n<strong>Potenza:<\/strong>1-11g<br \/>\n<strong>Azione:<\/strong> Fast Light<br \/>\n<strong>Ingombro:<\/strong> 113cm<br \/>\n<strong>Peso:<\/strong> 95g<br \/>\n<strong>N\u00b0 sezioni:<\/strong> 2<br \/>\n.<br \/>\n<strong><span style=\"color: #ff0000;\">DUE ANNI DI GARANZIA<\/span><br \/>\n<span style=\"color: #ff0000;\">Da oggi per avere il TERZO ANNO DI GARANZIA, collegati al nuovo portale e registra il tuo prodotto su:<\/span><br \/>\n<span style=\"color: #000000; background-color: #ffff00;\"><a style=\"color: #000000; background-color: #ffff00;\" href=\"http:\/\/www.shimanofishnetwork.it\/garanzia\/sign_in\">http:\/\/www.shimanofishnetwork.it\/garanzia\/sign_in<\/a><\/span><\/strong><\/p>\n","protected":false},"excerpt":{"rendered":"<p>Le canne Bassterra LRF sono state sviluppate specificamente per il sempre pi\u00f9 diffuso light rock fishing. Con un valore eccezionale, i grezzi Full Carbon ad azione rapida sono rinforzati con Diaflash e hanno vette solid e sensibili per massimizzare anche le pi\u00f9 piccole abboccate quando si pesca con piccoli spinners o soft plastics. Quando si [&hellip;]<\/p>\n","protected":false},"featured_media":93782,"comment_status":"closed","ping_status":"closed","template":"","meta":[],"product_cat":[289],"product_tag":[1023],"yoast_head":"<!-- This site is optimized with the Yoast SEO plugin v15.3 - https:\/\/yoast.com\/wordpress\/plugins\/seo\/ -->\n<title>Canna Bassterra LRF - Shimano - Pesca Fish<\/title>\n<meta name=\"robots\" content=\"index, follow, max-snippet:-1, max-image-preview:large, max-video-preview:-1\" \/>\n<link rel=\"canonical\" href=\"https:\/\/www.pescafish.it\/new\/prodotto\/canna-bassterra-lrf-shimano\/\" \/>\n<meta property=\"og:locale\" content=\"it_IT\" \/>\n<meta property=\"og:type\" content=\"article\" \/>\n<meta property=\"og:title\" content=\"Canna Bassterra LRF - Shimano - Pesca Fish\" \/>\n<meta property=\"og:description\" content=\"Le canne Bassterra LRF sono state sviluppate specificamente per il sempre pi\u00f9 diffuso light rock fishing. Con un valore eccezionale, i grezzi Full Carbon ad azione rapida sono rinforzati con Diaflash e hanno vette solid e sensibili per massimizzare anche le pi\u00f9 piccole abboccate quando si pesca con piccoli spinners o soft plastics. Quando si [&hellip;]\" \/>\n<meta property=\"og:url\" content=\"https:\/\/www.pescafish.it\/new\/prodotto\/canna-bassterra-lrf-shimano\/\" \/>\n<meta property=\"og:site_name\" content=\"Pesca Fish\" \/>\n<meta property=\"article:publisher\" content=\"https:\/\/www.facebook.com\/pescafishvr\/\" \/>\n<meta property=\"article:modified_time\" content=\"2025-08-27T17:13:18+00:00\" \/>\n<meta property=\"og:image\" content=\"https:\/\/www.pescafish.it\/new\/wp-content\/uploads\/2024\/01\/bassterra-lrf.jpg\" \/>\n\t<meta property=\"og:image:width\" content=\"861\" \/>\n\t<meta property=\"og:image:height\" content=\"861\" \/>\n<meta name=\"twitter:card\" content=\"summary_large_image\" \/>\n<meta name=\"twitter:label1\" content=\"Scritto da\">\n\t<meta name=\"twitter:data1\" content=\"francesca\">\n\t<meta name=\"twitter:label2\" content=\"Tempo di lettura stimato\">\n\t<meta name=\"twitter:data2\" content=\"1 minuto\">\n<script type=\"application\/ld+json\" class=\"yoast-schema-graph\">{\"@context\":\"https:\/\/schema.org\",\"@graph\":[{\"@type\":\"WebSite\",\"@id\":\"https:\/\/www.pescafish.it\/new\/#website\",\"url\":\"https:\/\/www.pescafish.it\/new\/\",\"name\":\"Pesca Fish\",\"description\":\"Benvenuti sul nostro sito!\",\"potentialAction\":[{\"@type\":\"SearchAction\",\"target\":\"https:\/\/www.pescafish.it\/new\/?s={search_term_string}\",\"query-input\":\"required name=search_term_string\"}],\"inLanguage\":\"it-IT\"},{\"@type\":\"ImageObject\",\"@id\":\"https:\/\/www.pescafish.it\/new\/prodotto\/canna-bassterra-lrf-shimano\/#primaryimage\",\"inLanguage\":\"it-IT\",\"url\":\"https:\/\/www.pescafish.it\/new\/wp-content\/uploads\/2024\/01\/bassterra-lrf.jpg\",\"width\":861,\"height\":861,\"caption\":\"canna bassterra lrf shimano\"},{\"@type\":\"WebPage\",\"@id\":\"https:\/\/www.pescafish.it\/new\/prodotto\/canna-bassterra-lrf-shimano\/#webpage\",\"url\":\"https:\/\/www.pescafish.it\/new\/prodotto\/canna-bassterra-lrf-shimano\/\",\"name\":\"Canna Bassterra LRF - Shimano - Pesca Fish\",\"isPartOf\":{\"@id\":\"https:\/\/www.pescafish.it\/new\/#website\"},\"primaryImageOfPage\":{\"@id\":\"https:\/\/www.pescafish.it\/new\/prodotto\/canna-bassterra-lrf-shimano\/#primaryimage\"},\"datePublished\":\"2024-01-27T08:53:01+00:00\",\"dateModified\":\"2025-08-27T17:13:18+00:00\",\"inLanguage\":\"it-IT\",\"potentialAction\":[{\"@type\":\"ReadAction\",\"target\":[\"https:\/\/www.pescafish.it\/new\/prodotto\/canna-bassterra-lrf-shimano\/\"]}]}]}<\/script>\n<!-- \/ Yoast SEO plugin. -->","_links":{"self":[{"href":"https:\/\/www.pescafish.it\/new\/wp-json\/wp\/v2\/product\/93781"}],"collection":[{"href":"https:\/\/www.pescafish.it\/new\/wp-json\/wp\/v2\/product"}],"about":[{"href":"https:\/\/www.pescafish.it\/new\/wp-json\/wp\/v2\/types\/product"}],"replies":[{"embeddable":true,"href":"https:\/\/www.pescafish.it\/new\/wp-json\/wp\/v2\/comments?post=93781"}],"wp:featuredmedia":[{"embeddable":true,"href":"https:\/\/www.pescafish.it\/new\/wp-json\/wp\/v2\/media\/93782"}],"wp:attachment":[{"href":"https:\/\/www.pescafish.it\/new\/wp-json\/wp\/v2\/media?parent=93781"}],"wp:term":[{"taxonomy":"product_cat","embeddable":true,"href":"https:\/\/www.pescafish.it\/new\/wp-json\/wp\/v2\/product_cat?post=93781"},{"taxonomy":"product_tag","embeddable":true,"href":"https:\/\/www.pescafish.it\/new\/wp-json\/wp\/v2\/product_tag?post=93781"}],"curies":[{"name":"wp","href":"https:\/\/api.w.org\/{rel}","templated":true}]}}