{"id":93760,"date":"2024-01-26T12:30:12","date_gmt":"2024-01-26T11:30:12","guid":{"rendered":"https:\/\/www.pescafish.it\/new\/?post_type=product&#038;p=93760"},"modified":"2024-01-26T12:30:12","modified_gmt":"2024-01-26T11:30:12","slug":"aero-pro-landing-net-shimano","status":"publish","type":"product","link":"https:\/\/www.pescafish.it\/new\/prodotto\/aero-pro-landing-net-shimano\/","title":{"rendered":"Aero Pro Landing Net &#8211; Shimano"},"content":{"rendered":"<p>La gamma di teste di guadino Aero Pro \u00e8 stata progettata per offrire una grande combinazione di praticit\u00e0 e affidabilit\u00e0, pur mantenendo elevati standard di benessere dei pesci.<br \/>\nIl telaio della rete \u00e8 realizzato in alluminio estruso anodizzato, robusto, durevole e leggero, in grado di mantenere la sua forma nelle situazioni pi\u00f9 difficili, anche quando si incontrano pesci di grandi dimensioni. Il tutto \u00e8 fissato in un blocco divaricatore in policarbonato (ABS) ad alto impatto e ultraresistente mediante un attacco a doppia vite per prestazioni a prova di errore e rifinito con una filettatura metallica standard da 3\/8&#8243;. \u00c8 disponibile un&#8217;ampia gamma di dimensioni per coprire tutte le situazioni e le preferenze. All&#8217;estremit\u00e0 pi\u00f9 piccola della scala, il 14&#8243; (36 cm) \u00e8 perfetto per la peschetta in piccoli canali, il 16&#8243; (40 cm) e il 18&#8243; (46 cm) sono ottimi per pesche bianco di taglia maggiore o carpe pi\u00f9 piccole e i pi\u00f9 grandi 20&#8243; (50 cm) e 22&#8243; (56 cm) sono ideali per le carpe &#8220;commerciali&#8221; pi\u00f9 grandi. Il diametro del telaio in alluminio estruso \u00e8 lo stesso per tutte le reti, quindi se siete il tipo di pescatore che preferisce utilizzare reti pi\u00f9 piccole per la pesca alla carpa, non dovrete sacrificare la resistenza.<br \/>\nLa rete morbida, adatta ai pesci, ha un design a due dimensioni, con una parete laterale di diametro maggiore da 5 mm e una maglia inferiore pi\u00f9 fine da 3 mm, per ridurre l&#8217;impigliamento di ami e hair rig, pur mantenendo la capacit\u00e0 di muovere rapidamente la rete nell&#8217;acqua durante la guadinata. Le cuciture aggiuntive sui punti di stress riducono inoltre al minimo l&#8217;usura. Combinate una qualsiasi delle teste Aero Pro con un manico Shimano Aero per ottenere la combo perfetta.<\/p>\n<p><strong>Disponibile nelle seguenti misure:<\/strong><br \/>\n<strong>AEPLN14<\/strong>\u00a0 14&#8243; &#8211; 36cm<br \/>\n<strong>AEPLN16\u00a0<\/strong> 16&#8243; &#8211; 40cm<br \/>\n<strong>AEPLN18\u00a0<\/strong> 18&#8243; &#8211; 46cm<br \/>\n<strong>AEPLN20\u00a0<\/strong> 20&#8243; &#8211; 50cm<br \/>\n<strong>AEPLN22<\/strong>\u00a0 22&#8243; &#8211; 56cm<\/p>\n","protected":false},"excerpt":{"rendered":"<p>La gamma di teste di guadino Aero Pro \u00e8 stata progettata per offrire una grande combinazione di praticit\u00e0 e affidabilit\u00e0, pur mantenendo elevati standard di benessere dei pesci. Il telaio della rete \u00e8 realizzato in alluminio estruso anodizzato, robusto, durevole e leggero, in grado di mantenere la sua forma nelle situazioni pi\u00f9 difficili, anche quando [&hellip;]<\/p>\n","protected":false},"featured_media":93761,"comment_status":"closed","ping_status":"closed","template":"","meta":[],"product_cat":[183],"product_tag":[1023],"yoast_head":"<!-- This site is optimized with the Yoast SEO plugin v15.3 - https:\/\/yoast.com\/wordpress\/plugins\/seo\/ -->\n<title>Aero Pro Landing Net - Shimano - Pesca Fish<\/title>\n<meta name=\"robots\" content=\"index, follow, max-snippet:-1, max-image-preview:large, max-video-preview:-1\" \/>\n<link rel=\"canonical\" href=\"https:\/\/www.pescafish.it\/new\/prodotto\/aero-pro-landing-net-shimano\/\" \/>\n<meta property=\"og:locale\" content=\"it_IT\" \/>\n<meta property=\"og:type\" content=\"article\" \/>\n<meta property=\"og:title\" content=\"Aero Pro Landing Net - Shimano - Pesca Fish\" \/>\n<meta property=\"og:description\" content=\"La gamma di teste di guadino Aero Pro \u00e8 stata progettata per offrire una grande combinazione di praticit\u00e0 e affidabilit\u00e0, pur mantenendo elevati standard di benessere dei pesci. Il telaio della rete \u00e8 realizzato in alluminio estruso anodizzato, robusto, durevole e leggero, in grado di mantenere la sua forma nelle situazioni pi\u00f9 difficili, anche quando [&hellip;]\" \/>\n<meta property=\"og:url\" content=\"https:\/\/www.pescafish.it\/new\/prodotto\/aero-pro-landing-net-shimano\/\" \/>\n<meta property=\"og:site_name\" content=\"Pesca Fish\" \/>\n<meta property=\"article:publisher\" content=\"https:\/\/www.facebook.com\/pescafishvr\/\" \/>\n<meta property=\"og:image\" content=\"https:\/\/www.pescafish.it\/new\/wp-content\/uploads\/2024\/01\/aero-pro-landing-net.jpg\" \/>\n\t<meta property=\"og:image:width\" content=\"962\" \/>\n\t<meta property=\"og:image:height\" content=\"962\" \/>\n<meta name=\"twitter:card\" content=\"summary_large_image\" \/>\n<meta name=\"twitter:label1\" content=\"Scritto da\">\n\t<meta name=\"twitter:data1\" content=\"francesca\">\n\t<meta name=\"twitter:label2\" content=\"Tempo di lettura stimato\">\n\t<meta name=\"twitter:data2\" content=\"1 minuto\">\n<script type=\"application\/ld+json\" class=\"yoast-schema-graph\">{\"@context\":\"https:\/\/schema.org\",\"@graph\":[{\"@type\":\"WebSite\",\"@id\":\"https:\/\/www.pescafish.it\/new\/#website\",\"url\":\"https:\/\/www.pescafish.it\/new\/\",\"name\":\"Pesca Fish\",\"description\":\"Benvenuti sul nostro sito!\",\"potentialAction\":[{\"@type\":\"SearchAction\",\"target\":\"https:\/\/www.pescafish.it\/new\/?s={search_term_string}\",\"query-input\":\"required name=search_term_string\"}],\"inLanguage\":\"it-IT\"},{\"@type\":\"ImageObject\",\"@id\":\"https:\/\/www.pescafish.it\/new\/prodotto\/aero-pro-landing-net-shimano\/#primaryimage\",\"inLanguage\":\"it-IT\",\"url\":\"https:\/\/www.pescafish.it\/new\/wp-content\/uploads\/2024\/01\/aero-pro-landing-net.jpg\",\"width\":962,\"height\":962,\"caption\":\"aero pro landing net shimano\"},{\"@type\":\"WebPage\",\"@id\":\"https:\/\/www.pescafish.it\/new\/prodotto\/aero-pro-landing-net-shimano\/#webpage\",\"url\":\"https:\/\/www.pescafish.it\/new\/prodotto\/aero-pro-landing-net-shimano\/\",\"name\":\"Aero Pro Landing Net - Shimano - Pesca Fish\",\"isPartOf\":{\"@id\":\"https:\/\/www.pescafish.it\/new\/#website\"},\"primaryImageOfPage\":{\"@id\":\"https:\/\/www.pescafish.it\/new\/prodotto\/aero-pro-landing-net-shimano\/#primaryimage\"},\"datePublished\":\"2024-01-26T11:30:12+00:00\",\"dateModified\":\"2024-01-26T11:30:12+00:00\",\"inLanguage\":\"it-IT\",\"potentialAction\":[{\"@type\":\"ReadAction\",\"target\":[\"https:\/\/www.pescafish.it\/new\/prodotto\/aero-pro-landing-net-shimano\/\"]}]}]}<\/script>\n<!-- \/ Yoast SEO plugin. -->","_links":{"self":[{"href":"https:\/\/www.pescafish.it\/new\/wp-json\/wp\/v2\/product\/93760"}],"collection":[{"href":"https:\/\/www.pescafish.it\/new\/wp-json\/wp\/v2\/product"}],"about":[{"href":"https:\/\/www.pescafish.it\/new\/wp-json\/wp\/v2\/types\/product"}],"replies":[{"embeddable":true,"href":"https:\/\/www.pescafish.it\/new\/wp-json\/wp\/v2\/comments?post=93760"}],"wp:featuredmedia":[{"embeddable":true,"href":"https:\/\/www.pescafish.it\/new\/wp-json\/wp\/v2\/media\/93761"}],"wp:attachment":[{"href":"https:\/\/www.pescafish.it\/new\/wp-json\/wp\/v2\/media?parent=93760"}],"wp:term":[{"taxonomy":"product_cat","embeddable":true,"href":"https:\/\/www.pescafish.it\/new\/wp-json\/wp\/v2\/product_cat?post=93760"},{"taxonomy":"product_tag","embeddable":true,"href":"https:\/\/www.pescafish.it\/new\/wp-json\/wp\/v2\/product_tag?post=93760"}],"curies":[{"name":"wp","href":"https:\/\/api.w.org\/{rel}","templated":true}]}}