{"id":93629,"date":"2024-01-19T18:39:42","date_gmt":"2024-01-19T17:39:42","guid":{"rendered":"https:\/\/www.pescafish.it\/new\/?post_type=product&#038;p=93629"},"modified":"2024-01-19T18:39:43","modified_gmt":"2024-01-19T17:39:43","slug":"canna-beastmaster-fx-surf-tele-shimano","status":"publish","type":"product","link":"https:\/\/www.pescafish.it\/new\/prodotto\/canna-beastmaster-fx-surf-tele-shimano\/","title":{"rendered":"Canna Beastmaster FX Surf Tele &#8211; Shimano"},"content":{"rendered":"<p>La Beastmaster Surf Telescopic combina un&#8217;eccellente azione di lancio con la comodit\u00e0 di una lunghezza di trasporto ridotta. Se siete alla ricerca di una canna da surf telescopica di prezzo medio che combini prestazioni di lancio con una vetta sensibile per massimizzare il rilevamento delle abboccate, la Beastmaster Surf Tele potrebbe essere proprio quello che state cercando. Con una lunga storia e una reputazione impeccabile, il nome Beastmaster \u00e8 garanzia di qualit\u00e0 e affidabilit\u00e0. Grazie all&#8217;abbondanza di potenza nella sezione inferiore, \u00e8 possibile spingere la Beastmaster per estrarre la massima distanza dal suo blank ad azione fast, con la piena consapevolezza che offrir\u00e0 sempre le massime prestazioni.<br \/>\nLe canne da surf telescopiche di medio prezzo sono migliorate notevolmente negli ultimi anni e la Beastmaster Surf Tele ne \u00e8 un ottimo esempio. Il blank Full Carbon ad azione fast \u00e8 stato progettato per favorire il raggiungimento di ottime distanze di lancio, senza dover per forza essere dei lanciatori super tecnici. \u00c8 possibile montare qualsiasi taglia di mulinello da surf Shimano sul portamulinello DPS, ma un modello di taglia 14000 con oscillazione super lenta vi garantir\u00e0 le massime prestazioni in termini di distanza. Per garantire la fuoriuscita del filo, la Beastmaster monta anelli Seaguide BG resistenti alla corrosione, protetti durante il trasporto da un&#8217;apposito copri anelli.<\/p>\n<p><strong>Disponibile nei seguenti modelli:<\/strong><\/p>\n<table style=\"width: 100%; border-collapse: collapse; border-color: #000000;\" border=\"2\">\n<tbody>\n<tr>\n<td style=\"width: 16.6667%; text-align: center;\"><strong>Modello<\/strong><\/td>\n<td style=\"width: 16.6667%; text-align: center;\"><strong>Lunghezza<\/strong><\/td>\n<td style=\"width: 16.6667%; text-align: center;\"><strong>Potenza<\/strong><\/td>\n<td style=\"width: 16.6667%; text-align: center;\"><strong>Ingombro<\/strong><\/td>\n<td style=\"width: 16.6667%; text-align: center;\"><strong>Peso<\/strong><\/td>\n<td style=\"width: 16.6667%; text-align: center;\"><strong>N\u00b0 sezioni<\/strong><\/td>\n<\/tr>\n<tr>\n<td style=\"width: 16.6667%; text-align: center;\"><strong>BMFXSFTE4217<\/strong><\/td>\n<td style=\"width: 16.6667%; text-align: center;\">4,25m<\/td>\n<td style=\"width: 16.6667%; text-align: center;\">170g<\/td>\n<td style=\"width: 16.6667%; text-align: center;\">158cm<\/td>\n<td style=\"width: 16.6667%; text-align: center;\">538g<\/td>\n<td style=\"width: 16.6667%; text-align: center;\">6<\/td>\n<\/tr>\n<tr>\n<td style=\"width: 16.6667%; text-align: center;\"><strong>BMFXSFTE4220<\/strong><\/td>\n<td style=\"width: 16.6667%; text-align: center;\">4,25m<\/td>\n<td style=\"width: 16.6667%; text-align: center;\">200g<\/td>\n<td style=\"width: 16.6667%; text-align: center;\">158cm<\/td>\n<td style=\"width: 16.6667%; text-align: center;\">575g<\/td>\n<td style=\"width: 16.6667%; text-align: center;\">6<\/td>\n<\/tr>\n<\/tbody>\n<\/table>\n<p>.<br \/>\n<strong><span style=\"color: #ff0000;\">DUE ANNI DI GARANZIA<\/span><br \/>\n<span style=\"color: #ff0000;\">Da oggi per avere il TERZO ANNO DI GARANZIA, collegati al nuovo portale e registra il tuo prodotto su:<\/span><br \/>\n<span style=\"color: #000000; background-color: #ffff00;\"><a style=\"color: #000000; background-color: #ffff00;\" href=\"http:\/\/www.shimanofishnetwork.it\/garanzia\/sign_in\">http:\/\/www.shimanofishnetwork.it\/garanzia\/sign_in<\/a><\/span><\/strong><\/p>\n","protected":false},"excerpt":{"rendered":"<p>La Beastmaster Surf Telescopic combina un&#8217;eccellente azione di lancio con la comodit\u00e0 di una lunghezza di trasporto ridotta. Se siete alla ricerca di una canna da surf telescopica di prezzo medio che combini prestazioni di lancio con una vetta sensibile per massimizzare il rilevamento delle abboccate, la Beastmaster Surf Tele potrebbe essere proprio quello che [&hellip;]<\/p>\n","protected":false},"featured_media":93630,"comment_status":"closed","ping_status":"closed","template":"","meta":[],"product_cat":[86],"product_tag":[1023],"yoast_head":"<!-- This site is optimized with the Yoast SEO plugin v15.3 - https:\/\/yoast.com\/wordpress\/plugins\/seo\/ -->\n<title>Canna Beastmaster FX Surf Tele - Shimano - Pesca Fish<\/title>\n<meta name=\"robots\" content=\"index, follow, max-snippet:-1, max-image-preview:large, max-video-preview:-1\" \/>\n<link rel=\"canonical\" href=\"https:\/\/www.pescafish.it\/new\/prodotto\/canna-beastmaster-fx-surf-tele-shimano\/\" \/>\n<meta property=\"og:locale\" content=\"it_IT\" \/>\n<meta property=\"og:type\" content=\"article\" \/>\n<meta property=\"og:title\" content=\"Canna Beastmaster FX Surf Tele - Shimano - Pesca Fish\" \/>\n<meta property=\"og:description\" content=\"La Beastmaster Surf Telescopic combina un&#8217;eccellente azione di lancio con la comodit\u00e0 di una lunghezza di trasporto ridotta. Se siete alla ricerca di una canna da surf telescopica di prezzo medio che combini prestazioni di lancio con una vetta sensibile per massimizzare il rilevamento delle abboccate, la Beastmaster Surf Tele potrebbe essere proprio quello che [&hellip;]\" \/>\n<meta property=\"og:url\" content=\"https:\/\/www.pescafish.it\/new\/prodotto\/canna-beastmaster-fx-surf-tele-shimano\/\" \/>\n<meta property=\"og:site_name\" content=\"Pesca Fish\" \/>\n<meta property=\"article:publisher\" content=\"https:\/\/www.facebook.com\/pescafishvr\/\" \/>\n<meta property=\"article:modified_time\" content=\"2024-01-19T17:39:43+00:00\" \/>\n<meta property=\"og:image\" content=\"https:\/\/www.pescafish.it\/new\/wp-content\/uploads\/2024\/01\/beastmaster-fx-surf-tele.jpg\" \/>\n\t<meta property=\"og:image:width\" content=\"832\" \/>\n\t<meta property=\"og:image:height\" content=\"832\" \/>\n<meta name=\"twitter:card\" content=\"summary_large_image\" \/>\n<meta name=\"twitter:label1\" content=\"Scritto da\">\n\t<meta name=\"twitter:data1\" content=\"francesca\">\n\t<meta name=\"twitter:label2\" content=\"Tempo di lettura stimato\">\n\t<meta name=\"twitter:data2\" content=\"1 minuto\">\n<script type=\"application\/ld+json\" class=\"yoast-schema-graph\">{\"@context\":\"https:\/\/schema.org\",\"@graph\":[{\"@type\":\"WebSite\",\"@id\":\"https:\/\/www.pescafish.it\/new\/#website\",\"url\":\"https:\/\/www.pescafish.it\/new\/\",\"name\":\"Pesca Fish\",\"description\":\"Benvenuti sul nostro sito!\",\"potentialAction\":[{\"@type\":\"SearchAction\",\"target\":\"https:\/\/www.pescafish.it\/new\/?s={search_term_string}\",\"query-input\":\"required name=search_term_string\"}],\"inLanguage\":\"it-IT\"},{\"@type\":\"ImageObject\",\"@id\":\"https:\/\/www.pescafish.it\/new\/prodotto\/canna-beastmaster-fx-surf-tele-shimano\/#primaryimage\",\"inLanguage\":\"it-IT\",\"url\":\"https:\/\/www.pescafish.it\/new\/wp-content\/uploads\/2024\/01\/beastmaster-fx-surf-tele.jpg\",\"width\":832,\"height\":832,\"caption\":\"beastmaster fx surf tele shimano\"},{\"@type\":\"WebPage\",\"@id\":\"https:\/\/www.pescafish.it\/new\/prodotto\/canna-beastmaster-fx-surf-tele-shimano\/#webpage\",\"url\":\"https:\/\/www.pescafish.it\/new\/prodotto\/canna-beastmaster-fx-surf-tele-shimano\/\",\"name\":\"Canna Beastmaster FX Surf Tele - Shimano - Pesca Fish\",\"isPartOf\":{\"@id\":\"https:\/\/www.pescafish.it\/new\/#website\"},\"primaryImageOfPage\":{\"@id\":\"https:\/\/www.pescafish.it\/new\/prodotto\/canna-beastmaster-fx-surf-tele-shimano\/#primaryimage\"},\"datePublished\":\"2024-01-19T17:39:42+00:00\",\"dateModified\":\"2024-01-19T17:39:43+00:00\",\"inLanguage\":\"it-IT\",\"potentialAction\":[{\"@type\":\"ReadAction\",\"target\":[\"https:\/\/www.pescafish.it\/new\/prodotto\/canna-beastmaster-fx-surf-tele-shimano\/\"]}]}]}<\/script>\n<!-- \/ Yoast SEO plugin. -->","_links":{"self":[{"href":"https:\/\/www.pescafish.it\/new\/wp-json\/wp\/v2\/product\/93629"}],"collection":[{"href":"https:\/\/www.pescafish.it\/new\/wp-json\/wp\/v2\/product"}],"about":[{"href":"https:\/\/www.pescafish.it\/new\/wp-json\/wp\/v2\/types\/product"}],"replies":[{"embeddable":true,"href":"https:\/\/www.pescafish.it\/new\/wp-json\/wp\/v2\/comments?post=93629"}],"wp:featuredmedia":[{"embeddable":true,"href":"https:\/\/www.pescafish.it\/new\/wp-json\/wp\/v2\/media\/93630"}],"wp:attachment":[{"href":"https:\/\/www.pescafish.it\/new\/wp-json\/wp\/v2\/media?parent=93629"}],"wp:term":[{"taxonomy":"product_cat","embeddable":true,"href":"https:\/\/www.pescafish.it\/new\/wp-json\/wp\/v2\/product_cat?post=93629"},{"taxonomy":"product_tag","embeddable":true,"href":"https:\/\/www.pescafish.it\/new\/wp-json\/wp\/v2\/product_tag?post=93629"}],"curies":[{"name":"wp","href":"https:\/\/api.w.org\/{rel}","templated":true}]}}