{"id":93562,"date":"2024-01-19T10:11:12","date_gmt":"2024-01-19T09:11:12","guid":{"rendered":"https:\/\/www.pescafish.it\/new\/?post_type=product&#038;p=93562"},"modified":"2025-11-25T16:29:47","modified_gmt":"2025-11-25T15:29:47","slug":"canna-technium-as-trout-area-shimano","status":"publish","type":"product","link":"https:\/\/www.pescafish.it\/new\/prodotto\/canna-technium-as-trout-area-shimano\/","title":{"rendered":"Canna Technium AS Trout Area &#8211; Shimano"},"content":{"rendered":"<p>Le canne da trout area Technium AS sono progettate specificamente per massimizzare le prestazioni di pesca con piccoli hardbait e spoon. Ultra leggera e sottile, l&#8217;azione premium della Technium AS \u00e8 semi-parabolica per migliorare il lancio e il recupero dei pesci quando si usano lenze leggere e ami senza ardiglione.<br \/>\nLa Technium AS offre diametri ridotti con prestazioni eccellenti. Abbinata a un piccolo mulinello da spinning Shimano 1000 o 2000, si ottiene un set-up che anche i migliori pescatori di Trout Area sarebbero lieti di utilizzare. Non si pu\u00f2 fare a meno di notare quanto la Technium AS lanci bene, anche quando si utilizzano i cucchiaini pi\u00f9 piccoli, di peso inferiore a 1 g. Ma \u00e8 quando si aggancia una trota che la canna mostra i suoi veri valori: si piega dolcemente per tutta la sua lunghezza, assorbendo fughe e testate della trota allamata.<br \/>\nI grezzi Full Carbon della Technium AS sono in linea con i pi\u00f9 recenti requisiti delle canne da Trout Area. Leggeri, ultra sottili e con un&#8217;azione perfetta, l&#8217;aggiunta dell&#8217;esclusiva tecnologia Diaflash di Shimano conferisce a tutti e quattro i modelli la quantit\u00e0 di backbone perfetta per lanciare con precisione esche ultraleggere e per dare vita a spoon e micro hardbait. Per rafforzare la qualit\u00e0 del design, la Technium AS utilizza anelli di tipo Fuji KR con rivestimenti in Fazlite, che funzionano particolarmente bene con i trecciati ultra sottili. L&#8217;ergonomico portamulinello Shimano IPS \u00e8 stato scelto per garantire comfort e sensibilit\u00e0 e l&#8217;impugnatura in sughero split grip completa il look moderno e classico.<\/p>\n<p><strong>Disponibile nei seguenti modelli:<\/strong><\/p>\n<table style=\"width: 100%; border-collapse: collapse; border-color: #000000;\" border=\"2\">\n<tbody>\n<tr>\n<td style=\"width: 16.6667%; text-align: center;\"><strong>Modello<\/strong><\/td>\n<td style=\"width: 16.6667%; text-align: center;\"><strong>Lunghezza<\/strong><\/td>\n<td style=\"width: 16.6667%; text-align: center;\"><strong>Potenza<\/strong><\/td>\n<td style=\"width: 16.6667%; text-align: center;\"><strong>Azione<\/strong><\/td>\n<td style=\"width: 16.6667%; text-align: center;\"><strong>N\u00b0 Sezioni<\/strong><\/td>\n<\/tr>\n<tr>\n<td style=\"width: 16.6667%; text-align: center;\"><strong>STECAS62SUL<\/strong><\/td>\n<td style=\"width: 16.6667%; text-align: center;\">6,2ft &#8211; 1,88m<\/td>\n<td style=\"width: 16.6667%; text-align: center;\">0,5-4,5g<\/td>\n<td style=\"width: 16.6667%; text-align: center;\">Slow &#8211; Super Ultra Light<\/td>\n<td style=\"width: 16.6667%; text-align: center;\">2<\/td>\n<\/tr>\n<tr>\n<td style=\"width: 16.6667%; text-align: center;\"><strong>STECAS66SUL<\/strong><\/td>\n<td style=\"width: 16.6667%; text-align: center;\">6,6ft &#8211; 1,98m<\/td>\n<td style=\"width: 16.6667%; text-align: center;\">0,5-4,5g<\/td>\n<td style=\"width: 16.6667%; text-align: center;\">Slow &#8211; Super Ultra Light<\/td>\n<td style=\"width: 16.6667%; text-align: center;\">2<\/td>\n<\/tr>\n<tr>\n<td style=\"width: 16.6667%; text-align: center;\"><strong>STECAS66UL<\/strong><\/td>\n<td style=\"width: 16.6667%; text-align: center;\">6,6ft &#8211; 1,98m<\/td>\n<td style=\"width: 16.6667%; text-align: center;\">0,7-6g<\/td>\n<td style=\"width: 16.6667%; text-align: center;\">Slow &#8211; Ultra Light<\/td>\n<td style=\"width: 16.6667%; text-align: center;\">2<\/td>\n<\/tr>\n<\/tbody>\n<\/table>\n<p>.<\/p>\n<p><strong><span style=\"color: #ff0000;\">DUE ANNI DI GARANZIA<\/span><br \/>\n<span style=\"color: #ff0000;\">Da oggi per avere il TERZO ANNO DI GARANZIA, collegati al nuovo portale e registra il tuo prodotto su:<\/span><br \/>\n<span style=\"color: #000000; background-color: #ffff00;\"><a style=\"color: #000000; background-color: #ffff00;\" href=\"http:\/\/www.shimanofishnetwork.it\/garanzia\/sign_in\">http:\/\/www.shimanofishnetwork.it\/garanzia\/sign_in<\/a><\/span><\/strong><\/p>\n","protected":false},"excerpt":{"rendered":"<p>Le canne da trout area Technium AS sono progettate specificamente per massimizzare le prestazioni di pesca con piccoli hardbait e spoon. Ultra leggera e sottile, l&#8217;azione premium della Technium AS \u00e8 semi-parabolica per migliorare il lancio e il recupero dei pesci quando si usano lenze leggere e ami senza ardiglione. La Technium AS offre diametri [&hellip;]<\/p>\n","protected":false},"featured_media":93574,"comment_status":"closed","ping_status":"closed","template":"","meta":[],"product_cat":[922,289],"product_tag":[1023],"yoast_head":"<!-- This site is optimized with the Yoast SEO plugin v15.3 - https:\/\/yoast.com\/wordpress\/plugins\/seo\/ -->\n<title>Canna Technium AS Trout Area - Shimano - Pesca Fish<\/title>\n<meta name=\"robots\" content=\"index, follow, max-snippet:-1, max-image-preview:large, max-video-preview:-1\" \/>\n<link rel=\"canonical\" href=\"https:\/\/www.pescafish.it\/new\/prodotto\/canna-technium-as-trout-area-shimano\/\" \/>\n<meta property=\"og:locale\" content=\"it_IT\" \/>\n<meta property=\"og:type\" content=\"article\" \/>\n<meta property=\"og:title\" content=\"Canna Technium AS Trout Area - Shimano - Pesca Fish\" \/>\n<meta property=\"og:description\" content=\"Le canne da trout area Technium AS sono progettate specificamente per massimizzare le prestazioni di pesca con piccoli hardbait e spoon. Ultra leggera e sottile, l&#8217;azione premium della Technium AS \u00e8 semi-parabolica per migliorare il lancio e il recupero dei pesci quando si usano lenze leggere e ami senza ardiglione. La Technium AS offre diametri [&hellip;]\" \/>\n<meta property=\"og:url\" content=\"https:\/\/www.pescafish.it\/new\/prodotto\/canna-technium-as-trout-area-shimano\/\" \/>\n<meta property=\"og:site_name\" content=\"Pesca Fish\" \/>\n<meta property=\"article:publisher\" content=\"https:\/\/www.facebook.com\/pescafishvr\/\" \/>\n<meta property=\"article:modified_time\" content=\"2025-11-25T15:29:47+00:00\" \/>\n<meta property=\"og:image\" content=\"https:\/\/www.pescafish.it\/new\/wp-content\/uploads\/2024\/01\/technium-as.jpg\" \/>\n\t<meta property=\"og:image:width\" content=\"850\" \/>\n\t<meta property=\"og:image:height\" content=\"850\" \/>\n<meta name=\"twitter:card\" content=\"summary_large_image\" \/>\n<meta name=\"twitter:label1\" content=\"Scritto da\">\n\t<meta name=\"twitter:data1\" content=\"francesca\">\n\t<meta name=\"twitter:label2\" content=\"Tempo di lettura stimato\">\n\t<meta name=\"twitter:data2\" content=\"1 minuto\">\n<script type=\"application\/ld+json\" class=\"yoast-schema-graph\">{\"@context\":\"https:\/\/schema.org\",\"@graph\":[{\"@type\":\"WebSite\",\"@id\":\"https:\/\/www.pescafish.it\/new\/#website\",\"url\":\"https:\/\/www.pescafish.it\/new\/\",\"name\":\"Pesca Fish\",\"description\":\"Benvenuti sul nostro sito!\",\"potentialAction\":[{\"@type\":\"SearchAction\",\"target\":\"https:\/\/www.pescafish.it\/new\/?s={search_term_string}\",\"query-input\":\"required name=search_term_string\"}],\"inLanguage\":\"it-IT\"},{\"@type\":\"ImageObject\",\"@id\":\"https:\/\/www.pescafish.it\/new\/prodotto\/canna-technium-as-trout-area-shimano\/#primaryimage\",\"inLanguage\":\"it-IT\",\"url\":\"https:\/\/www.pescafish.it\/new\/wp-content\/uploads\/2024\/01\/technium-as.jpg\",\"width\":850,\"height\":850,\"caption\":\"canna technium as trout area shimano\"},{\"@type\":\"WebPage\",\"@id\":\"https:\/\/www.pescafish.it\/new\/prodotto\/canna-technium-as-trout-area-shimano\/#webpage\",\"url\":\"https:\/\/www.pescafish.it\/new\/prodotto\/canna-technium-as-trout-area-shimano\/\",\"name\":\"Canna Technium AS Trout Area - Shimano - Pesca Fish\",\"isPartOf\":{\"@id\":\"https:\/\/www.pescafish.it\/new\/#website\"},\"primaryImageOfPage\":{\"@id\":\"https:\/\/www.pescafish.it\/new\/prodotto\/canna-technium-as-trout-area-shimano\/#primaryimage\"},\"datePublished\":\"2024-01-19T09:11:12+00:00\",\"dateModified\":\"2025-11-25T15:29:47+00:00\",\"inLanguage\":\"it-IT\",\"potentialAction\":[{\"@type\":\"ReadAction\",\"target\":[\"https:\/\/www.pescafish.it\/new\/prodotto\/canna-technium-as-trout-area-shimano\/\"]}]}]}<\/script>\n<!-- \/ Yoast SEO plugin. -->","_links":{"self":[{"href":"https:\/\/www.pescafish.it\/new\/wp-json\/wp\/v2\/product\/93562"}],"collection":[{"href":"https:\/\/www.pescafish.it\/new\/wp-json\/wp\/v2\/product"}],"about":[{"href":"https:\/\/www.pescafish.it\/new\/wp-json\/wp\/v2\/types\/product"}],"replies":[{"embeddable":true,"href":"https:\/\/www.pescafish.it\/new\/wp-json\/wp\/v2\/comments?post=93562"}],"wp:featuredmedia":[{"embeddable":true,"href":"https:\/\/www.pescafish.it\/new\/wp-json\/wp\/v2\/media\/93574"}],"wp:attachment":[{"href":"https:\/\/www.pescafish.it\/new\/wp-json\/wp\/v2\/media?parent=93562"}],"wp:term":[{"taxonomy":"product_cat","embeddable":true,"href":"https:\/\/www.pescafish.it\/new\/wp-json\/wp\/v2\/product_cat?post=93562"},{"taxonomy":"product_tag","embeddable":true,"href":"https:\/\/www.pescafish.it\/new\/wp-json\/wp\/v2\/product_tag?post=93562"}],"curies":[{"name":"wp","href":"https:\/\/api.w.org\/{rel}","templated":true}]}}