{"id":93520,"date":"2024-01-17T10:08:54","date_gmt":"2024-01-17T09:08:54","guid":{"rendered":"https:\/\/www.pescafish.it\/new\/?post_type=product&#038;p=93520"},"modified":"2024-01-17T10:08:54","modified_gmt":"2024-01-17T09:08:54","slug":"mulinello-sedona-fj-shimano","status":"publish","type":"product","link":"https:\/\/www.pescafish.it\/new\/prodotto\/mulinello-sedona-fj-shimano\/","title":{"rendered":"Mulinello Sedona FJ &#8211; Shimano"},"content":{"rendered":"<p>Il mulinello Sedona a frizione anteriore offre scorrevolezza, resistenza, leggerezza e potenza a lungo termine nel cuore del mulinello, a portata di tutti. Ideale per molte applicazioni in acqua dolce e in mare da riva.<br \/>\nIl mulinello da spinning Shimano Sedona \u00e8 un must per ogni pescatore. Questo mulinello \u00e8 costruito tenendo conto della durabilit\u00e0 e delle prestazioni e rappresenta la scelta perfetta sia per i pescatori principianti che per quelli esperti che ricercano un mulinello di riserva Il corpo e il rotore sono costruiti in materiale XT-7 di alta qualit\u00e0, per offrire una base leggera ma rigida in grado di gestire le esigenze di tutti gli appassionati il Sedona \u00e8 dotato di tecnologie uniche Shimano come la bobina AR-C e il Varispeed Oscillation System, che lavorano insieme per garantire un imbobinamento perfetto ed efficiente e un lancio preciso quando si gira la manovella del Sedona si percepisce quanto sia fluido, silenzioso e potente nella rotazione, soprattutto quando si combatte con pesci sotto pressione. Ci\u00f2 \u00e8 dovuto alla combinazione di Hagane Gear e della tecnologia SilentDrive.<br \/>\nUna delle caratteristiche principali del mulinello da spinning Shimano Sedona \u00e8 il suo sistema frizione fluido e affidabile. La frizione anteriore fornisce una pressione uniforme e costante, consentendo ai pescatori di recuperare facilmente le catture senza temere la rottura della lenza.<br \/>\nOltre alle sue caratteristiche che migliorano le prestazioni, il mulinello da spinning Shimano Sedona \u00e8 anche esteticamente gradevole. L&#8217;elegante design argentato del mulinello \u00e8 completato da leggeri accenti dorati, che lo rendono non solo uno strumento funzionale ma anche un accessorio elegante nel parco attrezzature Che siate pescatori del fine settimana o professionisti esperti, il mulinello da spinning Shimano Sedona \u00e8 la scelta migliore per la vostra prossima avventura di pesca. Grazie alle sue eccezionali prestazioni e alla sua affidabile durata, sar\u00e0 sicuramente un compagno fidato in pesca.<\/p>\n<p><strong>Disponibile nei seguenti modelli:<\/strong><\/p>\n<table style=\"height: 216px; width: 100%; border-collapse: collapse; border-color: #000000;\" border=\"2\">\n<tbody>\n<tr style=\"height: 24px;\">\n<td style=\"width: 16.6667%; height: 24px; text-align: center;\"><strong>Modello<\/strong><\/td>\n<td style=\"width: 16.6667%; height: 24px; text-align: center;\"><strong>Rapporto di Recupero<\/strong><\/td>\n<td style=\"width: 16.6667%; height: 24px; text-align: center;\"><strong>Capacit\u00e0 Bobina (mm-m)<\/strong><\/td>\n<td style=\"width: 16.6667%; height: 24px; text-align: center;\"><strong>Peso<\/strong><\/td>\n<td style=\"width: 16.6667%; height: 24px; text-align: center;\"><strong>Max Drag<\/strong><\/td>\n<td style=\"width: 8.33335%; height: 24px; text-align: center;\"><strong>Line Retrive<\/strong><\/td>\n<td style=\"width: 8.33335%; text-align: center; height: 24px;\"><strong>Cuscinetti<\/strong><\/td>\n<\/tr>\n<tr style=\"height: 24px;\">\n<td style=\"width: 16.6667%; height: 24px; text-align: center;\"><strong>SE500FJ<\/strong><\/td>\n<td style=\"width: 16.6667%; height: 24px; text-align: center;\">5.6:1<\/td>\n<td style=\"width: 16.6667%; height: 24px; text-align: center;\">0.20-110<\/td>\n<td style=\"width: 16.6667%; height: 24px; text-align: center;\">170g<\/td>\n<td style=\"width: 16.6667%; height: 24px; text-align: center;\">3kg<\/td>\n<td style=\"width: 8.33335%; height: 24px; text-align: center;\">69cm<\/td>\n<td style=\"width: 8.33335%; text-align: center; height: 24px;\">3+1<\/td>\n<\/tr>\n<tr style=\"height: 24px;\">\n<td style=\"width: 16.6667%; height: 24px; text-align: center;\"><strong>SEC2000SFJ<\/strong><\/td>\n<td style=\"width: 16.6667%; height: 24px; text-align: center;\">5.0:1<\/td>\n<td style=\"width: 16.6667%; height: 24px; text-align: center;\">0.14-145 \/ 0.16-105 \/ 0.18-80<\/td>\n<td style=\"width: 16.6667%; height: 24px; text-align: center;\">215g<\/td>\n<td style=\"width: 16.6667%; height: 24px; text-align: center;\">3kg<\/td>\n<td style=\"width: 8.33335%; height: 24px; text-align: center;\">66cm<\/td>\n<td style=\"width: 8.33335%; text-align: center; height: 24px;\">3+1<\/td>\n<\/tr>\n<tr style=\"height: 24px;\">\n<td style=\"width: 16.6667%; height: 24px; text-align: center;\"><strong>SE2500FJ<\/strong><\/td>\n<td style=\"width: 16.6667%; height: 24px; text-align: center;\">5.0:1<\/td>\n<td style=\"width: 16.6667%; height: 24px; text-align: center;\">0.25-160<\/td>\n<td style=\"width: 16.6667%; height: 24px; text-align: center;\">240g<\/td>\n<td style=\"width: 16.6667%; height: 24px; text-align: center;\">9kg<\/td>\n<td style=\"width: 8.33335%; height: 24px; text-align: center;\">73cm<\/td>\n<td style=\"width: 8.33335%; text-align: center; height: 24px;\">3+1<\/td>\n<\/tr>\n<tr style=\"height: 24px;\">\n<td style=\"width: 16.6667%; height: 24px; text-align: center;\"><strong>SE2500HGFJ<\/strong><\/td>\n<td style=\"width: 16.6667%; height: 24px; text-align: center;\">6.2:1<\/td>\n<td style=\"width: 16.6667%; height: 24px; text-align: center;\">0.25-160<\/td>\n<td style=\"width: 16.6667%; height: 24px; text-align: center;\">240g<\/td>\n<td style=\"width: 16.6667%; height: 24px; text-align: center;\">9kg<\/td>\n<td style=\"width: 8.33335%; height: 24px; text-align: center;\">91cm<\/td>\n<td style=\"width: 8.33335%; text-align: center; height: 24px;\">3+1<\/td>\n<\/tr>\n<tr style=\"height: 24px;\">\n<td style=\"width: 16.6667%; height: 24px; text-align: center;\"><strong>SEC3000FJ<\/strong><\/td>\n<td style=\"width: 16.6667%; height: 24px; text-align: center;\">5.0:1<\/td>\n<td style=\"width: 16.6667%; height: 24px; text-align: center;\">0.25-210 \/ 0.30-130 \/ 0.35-100<\/td>\n<td style=\"width: 16.6667%; height: 24px; text-align: center;\">245g<\/td>\n<td style=\"width: 16.6667%; height: 24px; text-align: center;\">9kg<\/td>\n<td style=\"width: 8.33335%; height: 24px; text-align: center;\">73cm<\/td>\n<td style=\"width: 8.33335%; text-align: center; height: 24px;\">3+1<\/td>\n<\/tr>\n<tr style=\"height: 24px;\">\n<td style=\"width: 16.6667%; height: 24px; text-align: center;\"><strong>SEC3000HGFJ<\/strong><\/td>\n<td style=\"width: 16.6667%; height: 24px; text-align: center;\">6.2:1<\/td>\n<td style=\"width: 16.6667%; height: 24px; text-align: center;\">0.25-210 \/ 0.30-130 \/ 0.35-100<\/td>\n<td style=\"width: 16.6667%; height: 24px; text-align: center;\">245g<\/td>\n<td style=\"width: 16.6667%; height: 24px; text-align: center;\">9kg<\/td>\n<td style=\"width: 8.33335%; height: 24px; text-align: center;\">91cm<\/td>\n<td style=\"width: 8.33335%; text-align: center; height: 24px;\">3+1<\/td>\n<\/tr>\n<tr style=\"height: 24px;\">\n<td style=\"width: 16.6667%; height: 24px; text-align: center;\"><strong>SE4000XGFJ<\/strong><\/td>\n<td style=\"width: 16.6667%; height: 24px; text-align: center;\">6.2:1<\/td>\n<td style=\"width: 16.6667%; height: 24px; text-align: center;\">0.30-180 \/ 0.35-130<\/td>\n<td style=\"width: 16.6667%; height: 24px; text-align: center;\">290g<\/td>\n<td style=\"width: 16.6667%; height: 24px; text-align: center;\">11kg<\/td>\n<td style=\"width: 8.33335%; height: 24px; text-align: center;\">99cm<\/td>\n<td style=\"width: 8.33335%; text-align: center; height: 24px;\">3+1<\/td>\n<\/tr>\n<tr style=\"height: 24px;\">\n<td style=\"width: 16.6667%; height: 24px; text-align: center;\"><strong>SEC5000XGFJ<\/strong><\/td>\n<td style=\"width: 16.6667%; height: 24px; text-align: center;\">6.2:1<\/td>\n<td style=\"width: 16.6667%; height: 24px; text-align: center;\">0.35-175 \/ 0.40-120<\/td>\n<td style=\"width: 16.6667%; height: 24px; text-align: center;\">310g<\/td>\n<td style=\"width: 16.6667%; height: 24px; text-align: center;\">11kg<\/td>\n<td style=\"width: 8.33335%; height: 24px; text-align: center;\">105cm<\/td>\n<td style=\"width: 8.33335%; text-align: center; height: 24px;\">3+1<\/td>\n<\/tr>\n<\/tbody>\n<\/table>\n<p><strong><span style=\"color: #ff0000;\">DUE ANNI DI GARANZIA<\/span><br \/>\n<span style=\"color: #ff0000;\">Da oggi per avere il TERZO ANNO DI GARANZIA, collegati al nuovo portale e registra il tuo prodotto su:<\/span><br \/>\n<span style=\"color: #000000; background-color: #ffff00;\"><a style=\"color: #000000; background-color: #ffff00;\" href=\"http:\/\/www.shimanofishnetwork.it\/garanzia\/sign_in\">http:\/\/www.shimanofishnetwork.it\/garanzia\/sign_in<\/a><\/span><\/strong><\/p>\n","protected":false},"excerpt":{"rendered":"<p>Il mulinello Sedona a frizione anteriore offre scorrevolezza, resistenza, leggerezza e potenza a lungo termine nel cuore del mulinello, a portata di tutti. Ideale per molte applicazioni in acqua dolce e in mare da riva. Il mulinello da spinning Shimano Sedona \u00e8 un must per ogni pescatore. Questo mulinello \u00e8 costruito tenendo conto della durabilit\u00e0 [&hellip;]<\/p>\n","protected":false},"featured_media":93521,"comment_status":"closed","ping_status":"closed","template":"","meta":[],"product_cat":[348],"product_tag":[1023],"yoast_head":"<!-- This site is optimized with the Yoast SEO plugin v15.3 - https:\/\/yoast.com\/wordpress\/plugins\/seo\/ -->\n<title>Mulinello Sedona FJ - Shimano - Pesca Fish<\/title>\n<meta name=\"robots\" content=\"index, follow, max-snippet:-1, max-image-preview:large, max-video-preview:-1\" \/>\n<link rel=\"canonical\" href=\"https:\/\/www.pescafish.it\/new\/prodotto\/mulinello-sedona-fj-shimano\/\" \/>\n<meta property=\"og:locale\" content=\"it_IT\" \/>\n<meta property=\"og:type\" content=\"article\" \/>\n<meta property=\"og:title\" content=\"Mulinello Sedona FJ - Shimano - Pesca Fish\" \/>\n<meta property=\"og:description\" content=\"Il mulinello Sedona a frizione anteriore offre scorrevolezza, resistenza, leggerezza e potenza a lungo termine nel cuore del mulinello, a portata di tutti. Ideale per molte applicazioni in acqua dolce e in mare da riva. Il mulinello da spinning Shimano Sedona \u00e8 un must per ogni pescatore. Questo mulinello \u00e8 costruito tenendo conto della durabilit\u00e0 [&hellip;]\" \/>\n<meta property=\"og:url\" content=\"https:\/\/www.pescafish.it\/new\/prodotto\/mulinello-sedona-fj-shimano\/\" \/>\n<meta property=\"og:site_name\" content=\"Pesca Fish\" \/>\n<meta property=\"article:publisher\" content=\"https:\/\/www.facebook.com\/pescafishvr\/\" \/>\n<meta property=\"og:image\" content=\"https:\/\/www.pescafish.it\/new\/wp-content\/uploads\/2024\/01\/sedona-fj.jpg\" \/>\n\t<meta property=\"og:image:width\" content=\"1000\" \/>\n\t<meta property=\"og:image:height\" content=\"1000\" \/>\n<meta name=\"twitter:card\" content=\"summary_large_image\" \/>\n<meta name=\"twitter:label1\" content=\"Scritto da\">\n\t<meta name=\"twitter:data1\" content=\"francesca\">\n\t<meta name=\"twitter:label2\" content=\"Tempo di lettura stimato\">\n\t<meta name=\"twitter:data2\" content=\"2 minuti\">\n<script type=\"application\/ld+json\" class=\"yoast-schema-graph\">{\"@context\":\"https:\/\/schema.org\",\"@graph\":[{\"@type\":\"WebSite\",\"@id\":\"https:\/\/www.pescafish.it\/new\/#website\",\"url\":\"https:\/\/www.pescafish.it\/new\/\",\"name\":\"Pesca Fish\",\"description\":\"Benvenuti sul nostro sito!\",\"potentialAction\":[{\"@type\":\"SearchAction\",\"target\":\"https:\/\/www.pescafish.it\/new\/?s={search_term_string}\",\"query-input\":\"required name=search_term_string\"}],\"inLanguage\":\"it-IT\"},{\"@type\":\"ImageObject\",\"@id\":\"https:\/\/www.pescafish.it\/new\/prodotto\/mulinello-sedona-fj-shimano\/#primaryimage\",\"inLanguage\":\"it-IT\",\"url\":\"https:\/\/www.pescafish.it\/new\/wp-content\/uploads\/2024\/01\/sedona-fj.jpg\",\"width\":1000,\"height\":1000,\"caption\":\"mulinello sedona fj shimano\"},{\"@type\":\"WebPage\",\"@id\":\"https:\/\/www.pescafish.it\/new\/prodotto\/mulinello-sedona-fj-shimano\/#webpage\",\"url\":\"https:\/\/www.pescafish.it\/new\/prodotto\/mulinello-sedona-fj-shimano\/\",\"name\":\"Mulinello Sedona FJ - Shimano - Pesca Fish\",\"isPartOf\":{\"@id\":\"https:\/\/www.pescafish.it\/new\/#website\"},\"primaryImageOfPage\":{\"@id\":\"https:\/\/www.pescafish.it\/new\/prodotto\/mulinello-sedona-fj-shimano\/#primaryimage\"},\"datePublished\":\"2024-01-17T09:08:54+00:00\",\"dateModified\":\"2024-01-17T09:08:54+00:00\",\"inLanguage\":\"it-IT\",\"potentialAction\":[{\"@type\":\"ReadAction\",\"target\":[\"https:\/\/www.pescafish.it\/new\/prodotto\/mulinello-sedona-fj-shimano\/\"]}]}]}<\/script>\n<!-- \/ Yoast SEO plugin. -->","_links":{"self":[{"href":"https:\/\/www.pescafish.it\/new\/wp-json\/wp\/v2\/product\/93520"}],"collection":[{"href":"https:\/\/www.pescafish.it\/new\/wp-json\/wp\/v2\/product"}],"about":[{"href":"https:\/\/www.pescafish.it\/new\/wp-json\/wp\/v2\/types\/product"}],"replies":[{"embeddable":true,"href":"https:\/\/www.pescafish.it\/new\/wp-json\/wp\/v2\/comments?post=93520"}],"wp:featuredmedia":[{"embeddable":true,"href":"https:\/\/www.pescafish.it\/new\/wp-json\/wp\/v2\/media\/93521"}],"wp:attachment":[{"href":"https:\/\/www.pescafish.it\/new\/wp-json\/wp\/v2\/media?parent=93520"}],"wp:term":[{"taxonomy":"product_cat","embeddable":true,"href":"https:\/\/www.pescafish.it\/new\/wp-json\/wp\/v2\/product_cat?post=93520"},{"taxonomy":"product_tag","embeddable":true,"href":"https:\/\/www.pescafish.it\/new\/wp-json\/wp\/v2\/product_tag?post=93520"}],"curies":[{"name":"wp","href":"https:\/\/api.w.org\/{rel}","templated":true}]}}