{"id":93478,"date":"2024-01-13T19:00:44","date_gmt":"2024-01-13T18:00:44","guid":{"rendered":"https:\/\/www.pescafish.it\/new\/?post_type=product&#038;p=93478"},"modified":"2024-05-02T19:06:20","modified_gmt":"2024-05-02T17:06:20","slug":"quickstop-4-hair-rigs-korum","status":"publish","type":"product","link":"https:\/\/www.pescafish.it\/new\/prodotto\/quickstop-4-hair-rigs-korum\/","title":{"rendered":"Quickstop 4&#8243; Hair Rigs Barbless &#8211; Korum"},"content":{"rendered":"<h2>Quickstop 4&#8243; Hair Rigs<\/h2>\n<p>Progettato per fornire hair rig pi\u00f9 resistenti durante la pesca di pesci pi\u00f9 grandi. I diametri aumentati della lenza e gli ami giapponesi pi\u00f9 potenti forniscono il perfetto Quickstop Hair Rig per pesci grossi.<\/p>\n<p><strong>Lunghezza:<\/strong> 4&#8243;<\/p>\n<p><strong>Disponibile nelle seguenti varianti:<\/strong><br \/>\n<strong>K0310044\u00a0 <\/strong>Amo n\u00b08 &#8211; Filo \u00d8 0,30mm &#8211; 14lb<strong><br \/>\nK0310045<\/strong>\u00a0 Amo n\u00b010 &#8211; Filo \u00d8 0,28mm &#8211; 12lb<\/p>\n<p><strong>Confezione da 8 rig<\/strong><\/p>\n","protected":false},"excerpt":{"rendered":"<p>Quickstop 4&#8243; Hair Rigs Progettato per fornire hair rig pi\u00f9 resistenti durante la pesca di pesci pi\u00f9 grandi. I diametri aumentati della lenza e gli ami giapponesi pi\u00f9 potenti forniscono il perfetto Quickstop Hair Rig per pesci grossi. Lunghezza: 4&#8243; Disponibile nelle seguenti varianti: K0310044\u00a0 Amo n\u00b08 &#8211; Filo \u00d8 0,30mm &#8211; 14lb K0310045\u00a0 Amo [&hellip;]<\/p>\n","protected":false},"featured_media":93479,"comment_status":"closed","ping_status":"closed","template":"","meta":[],"product_cat":[175],"product_tag":[1031],"yoast_head":"<!-- This site is optimized with the Yoast SEO plugin v15.3 - https:\/\/yoast.com\/wordpress\/plugins\/seo\/ -->\n<title>Quickstop 4&quot; Hair Rigs Barbless - Korum - Pesca Fish<\/title>\n<meta name=\"robots\" content=\"index, follow, max-snippet:-1, max-image-preview:large, max-video-preview:-1\" \/>\n<link rel=\"canonical\" href=\"https:\/\/www.pescafish.it\/new\/prodotto\/quickstop-4-hair-rigs-korum\/\" \/>\n<meta property=\"og:locale\" content=\"it_IT\" \/>\n<meta property=\"og:type\" content=\"article\" \/>\n<meta property=\"og:title\" content=\"Quickstop 4&quot; Hair Rigs Barbless - Korum - Pesca Fish\" \/>\n<meta property=\"og:description\" content=\"Quickstop 4&#8243; Hair Rigs Progettato per fornire hair rig pi\u00f9 resistenti durante la pesca di pesci pi\u00f9 grandi. I diametri aumentati della lenza e gli ami giapponesi pi\u00f9 potenti forniscono il perfetto Quickstop Hair Rig per pesci grossi. Lunghezza: 4&#8243; Disponibile nelle seguenti varianti: K0310044\u00a0 Amo n\u00b08 &#8211; Filo \u00d8 0,30mm &#8211; 14lb K0310045\u00a0 Amo [&hellip;]\" \/>\n<meta property=\"og:url\" content=\"https:\/\/www.pescafish.it\/new\/prodotto\/quickstop-4-hair-rigs-korum\/\" \/>\n<meta property=\"og:site_name\" content=\"Pesca Fish\" \/>\n<meta property=\"article:publisher\" content=\"https:\/\/www.facebook.com\/pescafishvr\/\" \/>\n<meta property=\"article:modified_time\" content=\"2024-05-02T17:06:20+00:00\" \/>\n<meta property=\"og:image\" content=\"https:\/\/www.pescafish.it\/new\/wp-content\/uploads\/2024\/01\/K0310045.jpg\" \/>\n\t<meta property=\"og:image:width\" content=\"789\" \/>\n\t<meta property=\"og:image:height\" content=\"794\" \/>\n<meta name=\"twitter:card\" content=\"summary_large_image\" \/>\n<meta name=\"twitter:label1\" content=\"Scritto da\">\n\t<meta name=\"twitter:data1\" content=\"francesca\">\n\t<meta name=\"twitter:label2\" content=\"Tempo di lettura stimato\">\n\t<meta name=\"twitter:data2\" content=\"0 minuti\">\n<script type=\"application\/ld+json\" class=\"yoast-schema-graph\">{\"@context\":\"https:\/\/schema.org\",\"@graph\":[{\"@type\":\"WebSite\",\"@id\":\"https:\/\/www.pescafish.it\/new\/#website\",\"url\":\"https:\/\/www.pescafish.it\/new\/\",\"name\":\"Pesca Fish\",\"description\":\"Benvenuti sul nostro sito!\",\"potentialAction\":[{\"@type\":\"SearchAction\",\"target\":\"https:\/\/www.pescafish.it\/new\/?s={search_term_string}\",\"query-input\":\"required name=search_term_string\"}],\"inLanguage\":\"it-IT\"},{\"@type\":\"ImageObject\",\"@id\":\"https:\/\/www.pescafish.it\/new\/prodotto\/quickstop-4-hair-rigs-korum\/#primaryimage\",\"inLanguage\":\"it-IT\",\"url\":\"https:\/\/www.pescafish.it\/new\/wp-content\/uploads\/2024\/01\/K0310045.jpg\",\"width\":789,\"height\":794,\"caption\":\"Korum\"},{\"@type\":\"WebPage\",\"@id\":\"https:\/\/www.pescafish.it\/new\/prodotto\/quickstop-4-hair-rigs-korum\/#webpage\",\"url\":\"https:\/\/www.pescafish.it\/new\/prodotto\/quickstop-4-hair-rigs-korum\/\",\"name\":\"Quickstop 4\\\" Hair Rigs Barbless - Korum - Pesca Fish\",\"isPartOf\":{\"@id\":\"https:\/\/www.pescafish.it\/new\/#website\"},\"primaryImageOfPage\":{\"@id\":\"https:\/\/www.pescafish.it\/new\/prodotto\/quickstop-4-hair-rigs-korum\/#primaryimage\"},\"datePublished\":\"2024-01-13T18:00:44+00:00\",\"dateModified\":\"2024-05-02T17:06:20+00:00\",\"inLanguage\":\"it-IT\",\"potentialAction\":[{\"@type\":\"ReadAction\",\"target\":[\"https:\/\/www.pescafish.it\/new\/prodotto\/quickstop-4-hair-rigs-korum\/\"]}]}]}<\/script>\n<!-- \/ Yoast SEO plugin. -->","_links":{"self":[{"href":"https:\/\/www.pescafish.it\/new\/wp-json\/wp\/v2\/product\/93478"}],"collection":[{"href":"https:\/\/www.pescafish.it\/new\/wp-json\/wp\/v2\/product"}],"about":[{"href":"https:\/\/www.pescafish.it\/new\/wp-json\/wp\/v2\/types\/product"}],"replies":[{"embeddable":true,"href":"https:\/\/www.pescafish.it\/new\/wp-json\/wp\/v2\/comments?post=93478"}],"wp:featuredmedia":[{"embeddable":true,"href":"https:\/\/www.pescafish.it\/new\/wp-json\/wp\/v2\/media\/93479"}],"wp:attachment":[{"href":"https:\/\/www.pescafish.it\/new\/wp-json\/wp\/v2\/media?parent=93478"}],"wp:term":[{"taxonomy":"product_cat","embeddable":true,"href":"https:\/\/www.pescafish.it\/new\/wp-json\/wp\/v2\/product_cat?post=93478"},{"taxonomy":"product_tag","embeddable":true,"href":"https:\/\/www.pescafish.it\/new\/wp-json\/wp\/v2\/product_tag?post=93478"}],"curies":[{"name":"wp","href":"https:\/\/api.w.org\/{rel}","templated":true}]}}