{"id":93077,"date":"2024-01-05T17:32:04","date_gmt":"2024-01-05T16:32:04","guid":{"rendered":"https:\/\/www.pescafish.it\/new\/?post_type=product&#038;p=93077"},"modified":"2024-01-05T17:32:04","modified_gmt":"2024-01-05T16:32:04","slug":"r1-camo-chair-fox","status":"publish","type":"product","link":"https:\/\/www.pescafish.it\/new\/prodotto\/r1-camo-chair-fox\/","title":{"rendered":"R1 Camo Chair &#8211; Fox"},"content":{"rendered":"<h2>R1 Camo Chair<\/h2>\n<p>A seguito del grande successo della serie di lettini R Camo, siamo stati sommersi di richieste per una serie di sedie serie R che si abbinano ai lettini. Ce ne sono tre nel range, partendo dalla pi\u00f9 piccola e bassa R1, per finire con la pi\u00f9 grande e alta R3. Partendo dalla R1 fino alla R3, l&#8217;altezza aumenta, cos\u00ec come il numero di caratteristiche.<\/p>\n<p><strong>Caratteristiche:<br \/>\n<\/strong>\u2022 Materasso in gomma piuma ad elevata densit\u00e0 con Micro Pile<br \/>\n\u2022 Imbottitura extra nella parte superiore della schiena per comfort addizionale<br \/>\n\u2022 Quattro gambe completamente regolabili in altezza con larghi piedi anti-fango<br \/>\n\u2022 Parte esterna in poliestere con colorazione Fox Camo<br \/>\n\u2022 Telaio con blocco delle gambe per una maggiore stabilit\u00e0<br \/>\n\u2022 Schienale regolabile in altezza tramita camma con manopola<\/p>\n","protected":false},"excerpt":{"rendered":"<p>R1 Camo Chair A seguito del grande successo della serie di lettini R Camo, siamo stati sommersi di richieste per una serie di sedie serie R che si abbinano ai lettini. Ce ne sono tre nel range, partendo dalla pi\u00f9 piccola e bassa R1, per finire con la pi\u00f9 grande e alta R3. Partendo dalla [&hellip;]<\/p>\n","protected":false},"featured_media":93078,"comment_status":"closed","ping_status":"closed","template":"","meta":[],"product_cat":[422],"product_tag":[1028],"yoast_head":"<!-- This site is optimized with the Yoast SEO plugin v15.3 - https:\/\/yoast.com\/wordpress\/plugins\/seo\/ -->\n<title>R1 Camo Chair - Fox - Pesca Fish<\/title>\n<meta name=\"robots\" content=\"index, follow, max-snippet:-1, max-image-preview:large, max-video-preview:-1\" \/>\n<link rel=\"canonical\" href=\"https:\/\/www.pescafish.it\/new\/prodotto\/r1-camo-chair-fox\/\" \/>\n<meta property=\"og:locale\" content=\"it_IT\" \/>\n<meta property=\"og:type\" content=\"article\" \/>\n<meta property=\"og:title\" content=\"R1 Camo Chair - Fox - Pesca Fish\" \/>\n<meta property=\"og:description\" content=\"R1 Camo Chair A seguito del grande successo della serie di lettini R Camo, siamo stati sommersi di richieste per una serie di sedie serie R che si abbinano ai lettini. Ce ne sono tre nel range, partendo dalla pi\u00f9 piccola e bassa R1, per finire con la pi\u00f9 grande e alta R3. Partendo dalla [&hellip;]\" \/>\n<meta property=\"og:url\" content=\"https:\/\/www.pescafish.it\/new\/prodotto\/r1-camo-chair-fox\/\" \/>\n<meta property=\"og:site_name\" content=\"Pesca Fish\" \/>\n<meta property=\"article:publisher\" content=\"https:\/\/www.facebook.com\/pescafishvr\/\" \/>\n<meta property=\"og:image\" content=\"https:\/\/www.pescafish.it\/new\/wp-content\/uploads\/2024\/01\/r1.jpg\" \/>\n\t<meta property=\"og:image:width\" content=\"789\" \/>\n\t<meta property=\"og:image:height\" content=\"794\" \/>\n<meta name=\"twitter:card\" content=\"summary_large_image\" \/>\n<meta name=\"twitter:label1\" content=\"Scritto da\">\n\t<meta name=\"twitter:data1\" content=\"francesca\">\n\t<meta name=\"twitter:label2\" content=\"Tempo di lettura stimato\">\n\t<meta name=\"twitter:data2\" content=\"0 minuti\">\n<script type=\"application\/ld+json\" class=\"yoast-schema-graph\">{\"@context\":\"https:\/\/schema.org\",\"@graph\":[{\"@type\":\"WebSite\",\"@id\":\"https:\/\/www.pescafish.it\/new\/#website\",\"url\":\"https:\/\/www.pescafish.it\/new\/\",\"name\":\"Pesca Fish\",\"description\":\"Benvenuti sul nostro sito!\",\"potentialAction\":[{\"@type\":\"SearchAction\",\"target\":\"https:\/\/www.pescafish.it\/new\/?s={search_term_string}\",\"query-input\":\"required name=search_term_string\"}],\"inLanguage\":\"it-IT\"},{\"@type\":\"ImageObject\",\"@id\":\"https:\/\/www.pescafish.it\/new\/prodotto\/r1-camo-chair-fox\/#primaryimage\",\"inLanguage\":\"it-IT\",\"url\":\"https:\/\/www.pescafish.it\/new\/wp-content\/uploads\/2024\/01\/r1.jpg\",\"width\":789,\"height\":794,\"caption\":\"Fox\"},{\"@type\":\"WebPage\",\"@id\":\"https:\/\/www.pescafish.it\/new\/prodotto\/r1-camo-chair-fox\/#webpage\",\"url\":\"https:\/\/www.pescafish.it\/new\/prodotto\/r1-camo-chair-fox\/\",\"name\":\"R1 Camo Chair - Fox - Pesca Fish\",\"isPartOf\":{\"@id\":\"https:\/\/www.pescafish.it\/new\/#website\"},\"primaryImageOfPage\":{\"@id\":\"https:\/\/www.pescafish.it\/new\/prodotto\/r1-camo-chair-fox\/#primaryimage\"},\"datePublished\":\"2024-01-05T16:32:04+00:00\",\"dateModified\":\"2024-01-05T16:32:04+00:00\",\"inLanguage\":\"it-IT\",\"potentialAction\":[{\"@type\":\"ReadAction\",\"target\":[\"https:\/\/www.pescafish.it\/new\/prodotto\/r1-camo-chair-fox\/\"]}]}]}<\/script>\n<!-- \/ Yoast SEO plugin. -->","_links":{"self":[{"href":"https:\/\/www.pescafish.it\/new\/wp-json\/wp\/v2\/product\/93077"}],"collection":[{"href":"https:\/\/www.pescafish.it\/new\/wp-json\/wp\/v2\/product"}],"about":[{"href":"https:\/\/www.pescafish.it\/new\/wp-json\/wp\/v2\/types\/product"}],"replies":[{"embeddable":true,"href":"https:\/\/www.pescafish.it\/new\/wp-json\/wp\/v2\/comments?post=93077"}],"wp:featuredmedia":[{"embeddable":true,"href":"https:\/\/www.pescafish.it\/new\/wp-json\/wp\/v2\/media\/93078"}],"wp:attachment":[{"href":"https:\/\/www.pescafish.it\/new\/wp-json\/wp\/v2\/media?parent=93077"}],"wp:term":[{"taxonomy":"product_cat","embeddable":true,"href":"https:\/\/www.pescafish.it\/new\/wp-json\/wp\/v2\/product_cat?post=93077"},{"taxonomy":"product_tag","embeddable":true,"href":"https:\/\/www.pescafish.it\/new\/wp-json\/wp\/v2\/product_tag?post=93077"}],"curies":[{"name":"wp","href":"https:\/\/api.w.org\/{rel}","templated":true}]}}