{"id":92981,"date":"2024-01-04T18:01:33","date_gmt":"2024-01-04T17:01:33","guid":{"rendered":"https:\/\/www.pescafish.it\/new\/?post_type=product&#038;p=92981"},"modified":"2024-01-04T18:01:33","modified_gmt":"2024-01-04T17:01:33","slug":"zig-screw-kit-large-black-nash","status":"publish","type":"product","link":"https:\/\/www.pescafish.it\/new\/prodotto\/zig-screw-kit-large-black-nash\/","title":{"rendered":"Zig Screw Kit Large Black &#8211; Nash"},"content":{"rendered":"<h2>Zig Screw Kit Large Black<\/h2>\n<p>Ora disponibile in marrone, offre un&#8217;opzione Zig Screw per un montaggio rapido e affidabile di inneschi di superficie, combinandosi perfettamente con le esche artificiali Nash Floating Dog Biscuit per abbinare accuratamente i biscotti per cani e la pasturazione con Slicker Floater.<\/p>\n<p>Ora disponibile in formato pi\u00f9 grande per adattarsi agli ami dal 4 all\u20198. Ideale per pescare le carpe pi\u00f9 grosse con modelli pi\u00f9 forti. Le Zig Screw Large sono dotate di una vite estesa per consentire il montaggio sicuro di inneschi pi\u00f9 generosi in grado di bilanciare la dimensione degli ami. 4 per confezione.<\/p>\n<p>Kicker per zig dedicato con una vite integrata per innescare velocemente foam, plastica, sughero e pop-up senza ago o hair. Disponibile in nero, giallo, rosso e trasparente. Le Zig Screw offrono cambi rapidi dell\u2019innesco, migliorano la meccanica per una migliore rotazione dell\u2019amo ed aumentano la fase di allamatura, aiutando anche a mascherare la vista e la sensazione dell\u2019amo.<\/p>\n<p>I colori multipli consentono di utilizzare il colore acceso come attrazione aggiuntiva per ottenere pi\u00f9 partenze o scegliere una presentazione pi\u00f9 attenuata quando le condizioni o la pressione di pesca lo richiedono. Un comodo pacchetto di colori misti (Mixed) offrono tutte le opzioni insieme.<\/p>\n<p>Quattro Zig Screw per confezione. Ogni confezione include foam da innesco colorato.<\/p>\n","protected":false},"excerpt":{"rendered":"<p>Zig Screw Kit Large Black Ora disponibile in marrone, offre un&#8217;opzione Zig Screw per un montaggio rapido e affidabile di inneschi di superficie, combinandosi perfettamente con le esche artificiali Nash Floating Dog Biscuit per abbinare accuratamente i biscotti per cani e la pasturazione con Slicker Floater. Ora disponibile in formato pi\u00f9 grande per adattarsi agli [&hellip;]<\/p>\n","protected":false},"featured_media":92982,"comment_status":"closed","ping_status":"closed","template":"","meta":[],"product_cat":[575],"product_tag":[1024],"yoast_head":"<!-- This site is optimized with the Yoast SEO plugin v15.3 - https:\/\/yoast.com\/wordpress\/plugins\/seo\/ -->\n<title>Zig Screw Kit Large Black - Nash - Pesca Fish<\/title>\n<meta name=\"robots\" content=\"index, follow, max-snippet:-1, max-image-preview:large, max-video-preview:-1\" \/>\n<link rel=\"canonical\" href=\"https:\/\/www.pescafish.it\/new\/prodotto\/zig-screw-kit-large-black-nash\/\" \/>\n<meta property=\"og:locale\" content=\"it_IT\" \/>\n<meta property=\"og:type\" content=\"article\" \/>\n<meta property=\"og:title\" content=\"Zig Screw Kit Large Black - Nash - Pesca Fish\" \/>\n<meta property=\"og:description\" content=\"Zig Screw Kit Large Black Ora disponibile in marrone, offre un&#8217;opzione Zig Screw per un montaggio rapido e affidabile di inneschi di superficie, combinandosi perfettamente con le esche artificiali Nash Floating Dog Biscuit per abbinare accuratamente i biscotti per cani e la pasturazione con Slicker Floater. Ora disponibile in formato pi\u00f9 grande per adattarsi agli [&hellip;]\" \/>\n<meta property=\"og:url\" content=\"https:\/\/www.pescafish.it\/new\/prodotto\/zig-screw-kit-large-black-nash\/\" \/>\n<meta property=\"og:site_name\" content=\"Pesca Fish\" \/>\n<meta property=\"article:publisher\" content=\"https:\/\/www.facebook.com\/pescafishvr\/\" \/>\n<meta property=\"og:image\" content=\"https:\/\/www.pescafish.it\/new\/wp-content\/uploads\/2024\/01\/Zig_Screws_black_square_T7841.2e16d0ba.fill-600x600-1.jpg\" \/>\n\t<meta property=\"og:image:width\" content=\"600\" \/>\n\t<meta property=\"og:image:height\" content=\"600\" \/>\n<meta name=\"twitter:card\" content=\"summary_large_image\" \/>\n<meta name=\"twitter:label1\" content=\"Scritto da\">\n\t<meta name=\"twitter:data1\" content=\"francesca\">\n\t<meta name=\"twitter:label2\" content=\"Tempo di lettura stimato\">\n\t<meta name=\"twitter:data2\" content=\"1 minuto\">\n<script type=\"application\/ld+json\" class=\"yoast-schema-graph\">{\"@context\":\"https:\/\/schema.org\",\"@graph\":[{\"@type\":\"WebSite\",\"@id\":\"https:\/\/www.pescafish.it\/new\/#website\",\"url\":\"https:\/\/www.pescafish.it\/new\/\",\"name\":\"Pesca Fish\",\"description\":\"Benvenuti sul nostro sito!\",\"potentialAction\":[{\"@type\":\"SearchAction\",\"target\":\"https:\/\/www.pescafish.it\/new\/?s={search_term_string}\",\"query-input\":\"required name=search_term_string\"}],\"inLanguage\":\"it-IT\"},{\"@type\":\"ImageObject\",\"@id\":\"https:\/\/www.pescafish.it\/new\/prodotto\/zig-screw-kit-large-black-nash\/#primaryimage\",\"inLanguage\":\"it-IT\",\"url\":\"https:\/\/www.pescafish.it\/new\/wp-content\/uploads\/2024\/01\/Zig_Screws_black_square_T7841.2e16d0ba.fill-600x600-1.jpg\",\"width\":600,\"height\":600,\"caption\":\"Nash\"},{\"@type\":\"WebPage\",\"@id\":\"https:\/\/www.pescafish.it\/new\/prodotto\/zig-screw-kit-large-black-nash\/#webpage\",\"url\":\"https:\/\/www.pescafish.it\/new\/prodotto\/zig-screw-kit-large-black-nash\/\",\"name\":\"Zig Screw Kit Large Black - Nash - Pesca Fish\",\"isPartOf\":{\"@id\":\"https:\/\/www.pescafish.it\/new\/#website\"},\"primaryImageOfPage\":{\"@id\":\"https:\/\/www.pescafish.it\/new\/prodotto\/zig-screw-kit-large-black-nash\/#primaryimage\"},\"datePublished\":\"2024-01-04T17:01:33+00:00\",\"dateModified\":\"2024-01-04T17:01:33+00:00\",\"inLanguage\":\"it-IT\",\"potentialAction\":[{\"@type\":\"ReadAction\",\"target\":[\"https:\/\/www.pescafish.it\/new\/prodotto\/zig-screw-kit-large-black-nash\/\"]}]}]}<\/script>\n<!-- \/ Yoast SEO plugin. -->","_links":{"self":[{"href":"https:\/\/www.pescafish.it\/new\/wp-json\/wp\/v2\/product\/92981"}],"collection":[{"href":"https:\/\/www.pescafish.it\/new\/wp-json\/wp\/v2\/product"}],"about":[{"href":"https:\/\/www.pescafish.it\/new\/wp-json\/wp\/v2\/types\/product"}],"replies":[{"embeddable":true,"href":"https:\/\/www.pescafish.it\/new\/wp-json\/wp\/v2\/comments?post=92981"}],"wp:featuredmedia":[{"embeddable":true,"href":"https:\/\/www.pescafish.it\/new\/wp-json\/wp\/v2\/media\/92982"}],"wp:attachment":[{"href":"https:\/\/www.pescafish.it\/new\/wp-json\/wp\/v2\/media?parent=92981"}],"wp:term":[{"taxonomy":"product_cat","embeddable":true,"href":"https:\/\/www.pescafish.it\/new\/wp-json\/wp\/v2\/product_cat?post=92981"},{"taxonomy":"product_tag","embeddable":true,"href":"https:\/\/www.pescafish.it\/new\/wp-json\/wp\/v2\/product_tag?post=92981"}],"curies":[{"name":"wp","href":"https:\/\/api.w.org\/{rel}","templated":true}]}}