{"id":92151,"date":"2023-11-11T11:29:06","date_gmt":"2023-11-11T10:29:06","guid":{"rendered":"https:\/\/www.pescafish.it\/new\/?post_type=product&#038;p=92151"},"modified":"2024-07-01T21:11:38","modified_gmt":"2024-07-01T19:11:38","slug":"external-ptfe-bushes-preston-innovation","status":"publish","type":"product","link":"https:\/\/www.pescafish.it\/new\/prodotto\/external-ptfe-bushes-preston-innovation\/","title":{"rendered":"External PTFE Bushes &#8211; Preston Innovation"},"content":{"rendered":"<h2>External PTFE Bushes<\/h2>\n<p><span>Realizzato in PTFE di alta qualit\u00e0, il profilo sottile e allungato aiuta a eliminare i grovigli di filo attorno alla base.<\/span><\/p>\n<p><span>Le boccole sono sagomate per consentire agli elastici di fluire liberamente mentre nella gamma \u00e8 disponibile una dimensione adatta a tutti gli elastici, dal pi\u00f9 leggero della gamma Slip fino al pi\u00f9 pesante Hollo.<\/span><\/p>\n<p><strong>Disponibile nelle seguenti misure:<\/strong><br \/>\n<strong>P0020011<\/strong>\u00a0 3.5mm<br \/>\n<strong>P0020012<\/strong>\u00a0 3.8mm<\/p>\n","protected":false},"excerpt":{"rendered":"<p>External PTFE Bushes Realizzato in PTFE di alta qualit\u00e0, il profilo sottile e allungato aiuta a eliminare i grovigli di filo attorno alla base. Le boccole sono sagomate per consentire agli elastici di fluire liberamente mentre nella gamma \u00e8 disponibile una dimensione adatta a tutti gli elastici, dal pi\u00f9 leggero della gamma Slip fino al [&hellip;]<\/p>\n","protected":false},"featured_media":92152,"comment_status":"closed","ping_status":"closed","template":"","meta":[],"product_cat":[180],"product_tag":[1020],"yoast_head":"<!-- This site is optimized with the Yoast SEO plugin v15.3 - https:\/\/yoast.com\/wordpress\/plugins\/seo\/ -->\n<title>External PTFE Bushes - Preston Innovation - Pesca Fish<\/title>\n<meta name=\"robots\" content=\"index, follow, max-snippet:-1, max-image-preview:large, max-video-preview:-1\" \/>\n<link rel=\"canonical\" href=\"https:\/\/www.pescafish.it\/new\/prodotto\/external-ptfe-bushes-preston-innovation\/\" \/>\n<meta property=\"og:locale\" content=\"it_IT\" \/>\n<meta property=\"og:type\" content=\"article\" \/>\n<meta property=\"og:title\" content=\"External PTFE Bushes - Preston Innovation - Pesca Fish\" \/>\n<meta property=\"og:description\" content=\"External PTFE Bushes Realizzato in PTFE di alta qualit\u00e0, il profilo sottile e allungato aiuta a eliminare i grovigli di filo attorno alla base. Le boccole sono sagomate per consentire agli elastici di fluire liberamente mentre nella gamma \u00e8 disponibile una dimensione adatta a tutti gli elastici, dal pi\u00f9 leggero della gamma Slip fino al [&hellip;]\" \/>\n<meta property=\"og:url\" content=\"https:\/\/www.pescafish.it\/new\/prodotto\/external-ptfe-bushes-preston-innovation\/\" \/>\n<meta property=\"og:site_name\" content=\"Pesca Fish\" \/>\n<meta property=\"article:publisher\" content=\"https:\/\/www.facebook.com\/pescafishvr\/\" \/>\n<meta property=\"article:modified_time\" content=\"2024-07-01T19:11:38+00:00\" \/>\n<meta property=\"og:image\" content=\"https:\/\/www.pescafish.it\/new\/wp-content\/uploads\/2023\/11\/f.jpg\" \/>\n\t<meta property=\"og:image:width\" content=\"789\" \/>\n\t<meta property=\"og:image:height\" content=\"794\" \/>\n<meta name=\"twitter:card\" content=\"summary_large_image\" \/>\n<meta name=\"twitter:label1\" content=\"Scritto da\">\n\t<meta name=\"twitter:data1\" content=\"francesca\">\n\t<meta name=\"twitter:label2\" content=\"Tempo di lettura stimato\">\n\t<meta name=\"twitter:data2\" content=\"0 minuti\">\n<script type=\"application\/ld+json\" class=\"yoast-schema-graph\">{\"@context\":\"https:\/\/schema.org\",\"@graph\":[{\"@type\":\"WebSite\",\"@id\":\"https:\/\/www.pescafish.it\/new\/#website\",\"url\":\"https:\/\/www.pescafish.it\/new\/\",\"name\":\"Pesca Fish\",\"description\":\"Benvenuti sul nostro sito!\",\"potentialAction\":[{\"@type\":\"SearchAction\",\"target\":\"https:\/\/www.pescafish.it\/new\/?s={search_term_string}\",\"query-input\":\"required name=search_term_string\"}],\"inLanguage\":\"it-IT\"},{\"@type\":\"ImageObject\",\"@id\":\"https:\/\/www.pescafish.it\/new\/prodotto\/external-ptfe-bushes-preston-innovation\/#primaryimage\",\"inLanguage\":\"it-IT\",\"url\":\"https:\/\/www.pescafish.it\/new\/wp-content\/uploads\/2023\/11\/f.jpg\",\"width\":789,\"height\":794,\"caption\":\"Preston Innovation\"},{\"@type\":\"WebPage\",\"@id\":\"https:\/\/www.pescafish.it\/new\/prodotto\/external-ptfe-bushes-preston-innovation\/#webpage\",\"url\":\"https:\/\/www.pescafish.it\/new\/prodotto\/external-ptfe-bushes-preston-innovation\/\",\"name\":\"External PTFE Bushes - Preston Innovation - Pesca Fish\",\"isPartOf\":{\"@id\":\"https:\/\/www.pescafish.it\/new\/#website\"},\"primaryImageOfPage\":{\"@id\":\"https:\/\/www.pescafish.it\/new\/prodotto\/external-ptfe-bushes-preston-innovation\/#primaryimage\"},\"datePublished\":\"2023-11-11T10:29:06+00:00\",\"dateModified\":\"2024-07-01T19:11:38+00:00\",\"inLanguage\":\"it-IT\",\"potentialAction\":[{\"@type\":\"ReadAction\",\"target\":[\"https:\/\/www.pescafish.it\/new\/prodotto\/external-ptfe-bushes-preston-innovation\/\"]}]}]}<\/script>\n<!-- \/ Yoast SEO plugin. -->","_links":{"self":[{"href":"https:\/\/www.pescafish.it\/new\/wp-json\/wp\/v2\/product\/92151"}],"collection":[{"href":"https:\/\/www.pescafish.it\/new\/wp-json\/wp\/v2\/product"}],"about":[{"href":"https:\/\/www.pescafish.it\/new\/wp-json\/wp\/v2\/types\/product"}],"replies":[{"embeddable":true,"href":"https:\/\/www.pescafish.it\/new\/wp-json\/wp\/v2\/comments?post=92151"}],"wp:featuredmedia":[{"embeddable":true,"href":"https:\/\/www.pescafish.it\/new\/wp-json\/wp\/v2\/media\/92152"}],"wp:attachment":[{"href":"https:\/\/www.pescafish.it\/new\/wp-json\/wp\/v2\/media?parent=92151"}],"wp:term":[{"taxonomy":"product_cat","embeddable":true,"href":"https:\/\/www.pescafish.it\/new\/wp-json\/wp\/v2\/product_cat?post=92151"},{"taxonomy":"product_tag","embeddable":true,"href":"https:\/\/www.pescafish.it\/new\/wp-json\/wp\/v2\/product_tag?post=92151"}],"curies":[{"name":"wp","href":"https:\/\/api.w.org\/{rel}","templated":true}]}}