{"id":91934,"date":"2023-11-07T17:35:27","date_gmt":"2023-11-07T16:35:27","guid":{"rendered":"https:\/\/www.pescafish.it\/new\/?post_type=product&#038;p=91934"},"modified":"2023-11-07T17:36:00","modified_gmt":"2023-11-07T16:36:00","slug":"baitball-spinner-rig-large-1-2oz-bait-target","status":"publish","type":"product","link":"https:\/\/www.pescafish.it\/new\/prodotto\/baitball-spinner-rig-large-1-2oz-bait-target\/","title":{"rendered":"BaitBall Spinner Rig Large 1\/2oz &#8211; Live Target"},"content":{"rendered":"<h2>BaitBall Spinner Rig Large 1\/2oz<\/h2>\n<p>Con tre diverse dimensioni di arm e braccia e due pesi in ciascun telaio, il LIVETARGET BaitBall Spinner Rig \u00e8 un&#8217;esca versatile che pu\u00f2 essere pescata a qualsiasi profondit\u00e0. I tre corpi Teaser (sprovvisti di amo) e la paletta a foglia di salice creano una vibrazione e un lampo che richiamano i pesci selvatici nelle vicinanze. Quando il predatore vede la BaitBall, colpir\u00e0 il corpo bersaglio (dove \u00e8 posto l&#8217;amo) che \u00e8 strategicamente posizionato lontano dal pesce Teaser . E&#8217; possbile utilizzare il sistema di interscambio per cambiare o personalizzare rapidamente i colori dell&#8217;esca. Offerto in 8 colori per adattarsi a varie condizioni di colore dell&#8217;acqua. Confezioni intercambiabili vendute separatamente. Acqua dolce e salata.<\/p>\n<p><strong>Disponibile nelle seguenti colorazioni:<\/strong><br \/>\n<strong>MNSR14LG852<\/strong>\u00a0 Green Pumpkinseed &#8211; Silver<\/p>\n<p>&nbsp;<\/p>\n","protected":false},"excerpt":{"rendered":"<p>BaitBall Spinner Rig Large 1\/2oz Con tre diverse dimensioni di arm e braccia e due pesi in ciascun telaio, il LIVETARGET BaitBall Spinner Rig \u00e8 un&#8217;esca versatile che pu\u00f2 essere pescata a qualsiasi profondit\u00e0. I tre corpi Teaser (sprovvisti di amo) e la paletta a foglia di salice creano una vibrazione e un lampo che [&hellip;]<\/p>\n","protected":false},"featured_media":91935,"comment_status":"closed","ping_status":"closed","template":"","meta":[],"product_cat":[130],"product_tag":[1405],"yoast_head":"<!-- This site is optimized with the Yoast SEO plugin v15.3 - https:\/\/yoast.com\/wordpress\/plugins\/seo\/ -->\n<title>BaitBall Spinner Rig Large 1\/2oz - Live Target - Pesca Fish<\/title>\n<meta name=\"robots\" content=\"index, follow, max-snippet:-1, max-image-preview:large, max-video-preview:-1\" \/>\n<link rel=\"canonical\" href=\"https:\/\/www.pescafish.it\/new\/prodotto\/baitball-spinner-rig-large-1-2oz-bait-target\/\" \/>\n<meta property=\"og:locale\" content=\"it_IT\" \/>\n<meta property=\"og:type\" content=\"article\" \/>\n<meta property=\"og:title\" content=\"BaitBall Spinner Rig Large 1\/2oz - Live Target - Pesca Fish\" \/>\n<meta property=\"og:description\" content=\"BaitBall Spinner Rig Large 1\/2oz Con tre diverse dimensioni di arm e braccia e due pesi in ciascun telaio, il LIVETARGET BaitBall Spinner Rig \u00e8 un&#8217;esca versatile che pu\u00f2 essere pescata a qualsiasi profondit\u00e0. I tre corpi Teaser (sprovvisti di amo) e la paletta a foglia di salice creano una vibrazione e un lampo che [&hellip;]\" \/>\n<meta property=\"og:url\" content=\"https:\/\/www.pescafish.it\/new\/prodotto\/baitball-spinner-rig-large-1-2oz-bait-target\/\" \/>\n<meta property=\"og:site_name\" content=\"Pesca Fish\" \/>\n<meta property=\"article:publisher\" content=\"https:\/\/www.facebook.com\/pescafishvr\/\" \/>\n<meta property=\"article:modified_time\" content=\"2023-11-07T16:36:00+00:00\" \/>\n<meta property=\"og:image\" content=\"https:\/\/www.pescafish.it\/new\/wp-content\/uploads\/2023\/11\/6.jpg\" \/>\n\t<meta property=\"og:image:width\" content=\"789\" \/>\n\t<meta property=\"og:image:height\" content=\"794\" \/>\n<meta name=\"twitter:card\" content=\"summary_large_image\" \/>\n<meta name=\"twitter:label1\" content=\"Scritto da\">\n\t<meta name=\"twitter:data1\" content=\"francesca\">\n\t<meta name=\"twitter:label2\" content=\"Tempo di lettura stimato\">\n\t<meta name=\"twitter:data2\" content=\"1 minuto\">\n<script type=\"application\/ld+json\" class=\"yoast-schema-graph\">{\"@context\":\"https:\/\/schema.org\",\"@graph\":[{\"@type\":\"WebSite\",\"@id\":\"https:\/\/www.pescafish.it\/new\/#website\",\"url\":\"https:\/\/www.pescafish.it\/new\/\",\"name\":\"Pesca Fish\",\"description\":\"Benvenuti sul nostro sito!\",\"potentialAction\":[{\"@type\":\"SearchAction\",\"target\":\"https:\/\/www.pescafish.it\/new\/?s={search_term_string}\",\"query-input\":\"required name=search_term_string\"}],\"inLanguage\":\"it-IT\"},{\"@type\":\"ImageObject\",\"@id\":\"https:\/\/www.pescafish.it\/new\/prodotto\/baitball-spinner-rig-large-1-2oz-bait-target\/#primaryimage\",\"inLanguage\":\"it-IT\",\"url\":\"https:\/\/www.pescafish.it\/new\/wp-content\/uploads\/2023\/11\/6.jpg\",\"width\":789,\"height\":794,\"caption\":\"Live Target\"},{\"@type\":\"WebPage\",\"@id\":\"https:\/\/www.pescafish.it\/new\/prodotto\/baitball-spinner-rig-large-1-2oz-bait-target\/#webpage\",\"url\":\"https:\/\/www.pescafish.it\/new\/prodotto\/baitball-spinner-rig-large-1-2oz-bait-target\/\",\"name\":\"BaitBall Spinner Rig Large 1\/2oz - Live Target - Pesca Fish\",\"isPartOf\":{\"@id\":\"https:\/\/www.pescafish.it\/new\/#website\"},\"primaryImageOfPage\":{\"@id\":\"https:\/\/www.pescafish.it\/new\/prodotto\/baitball-spinner-rig-large-1-2oz-bait-target\/#primaryimage\"},\"datePublished\":\"2023-11-07T16:35:27+00:00\",\"dateModified\":\"2023-11-07T16:36:00+00:00\",\"inLanguage\":\"it-IT\",\"potentialAction\":[{\"@type\":\"ReadAction\",\"target\":[\"https:\/\/www.pescafish.it\/new\/prodotto\/baitball-spinner-rig-large-1-2oz-bait-target\/\"]}]}]}<\/script>\n<!-- \/ Yoast SEO plugin. -->","_links":{"self":[{"href":"https:\/\/www.pescafish.it\/new\/wp-json\/wp\/v2\/product\/91934"}],"collection":[{"href":"https:\/\/www.pescafish.it\/new\/wp-json\/wp\/v2\/product"}],"about":[{"href":"https:\/\/www.pescafish.it\/new\/wp-json\/wp\/v2\/types\/product"}],"replies":[{"embeddable":true,"href":"https:\/\/www.pescafish.it\/new\/wp-json\/wp\/v2\/comments?post=91934"}],"wp:featuredmedia":[{"embeddable":true,"href":"https:\/\/www.pescafish.it\/new\/wp-json\/wp\/v2\/media\/91935"}],"wp:attachment":[{"href":"https:\/\/www.pescafish.it\/new\/wp-json\/wp\/v2\/media?parent=91934"}],"wp:term":[{"taxonomy":"product_cat","embeddable":true,"href":"https:\/\/www.pescafish.it\/new\/wp-json\/wp\/v2\/product_cat?post=91934"},{"taxonomy":"product_tag","embeddable":true,"href":"https:\/\/www.pescafish.it\/new\/wp-json\/wp\/v2\/product_tag?post=91934"}],"curies":[{"name":"wp","href":"https:\/\/api.w.org\/{rel}","templated":true}]}}