{"id":91535,"date":"2023-10-19T13:43:39","date_gmt":"2023-10-19T11:43:39","guid":{"rendered":"https:\/\/www.pescafish.it\/new\/?post_type=product&#038;p=91535"},"modified":"2023-10-19T15:27:39","modified_gmt":"2023-10-19T13:27:39","slug":"propolis-carp-treatment-korda","status":"publish","type":"product","link":"https:\/\/www.pescafish.it\/new\/prodotto\/propolis-carp-treatment-korda\/","title":{"rendered":"Propolis Carp Treatment &#8211; Korda"},"content":{"rendered":"<h2>Propolis Carp Treatment<\/h2>\n<p>Come pescatori desideriamo restituire tutti i pesci che catturiamo nelle migliori condizioni possibili, e la propoli aiuta sicuramente a raggiungere questo obiettivo. Questo liquido \u00e8 un prodotto naturale derivato dalle api, con propriet\u00e0 antibiotiche e antimicrobiche, ed \u00e8 perfetto per trattare le prese dell&#8217;amo e i danni esistenti alla bocca, o qualsiasi altro taglio, piaga o abrasione che il pesce possa avere sul corpo o sulle pinne. La propoli crea un sigillo impermeabile su qualsiasi ferita, impedendo cos\u00ec l&#8217;ingresso di batteri e aiutandola a guarire il pi\u00f9 rapidamente possibile. La propoli \u00e8 facile da applicare nella quantit\u00e0 adeguata all&#8217;area da trattare, grazie al suo beccuccio integrato in stile contagocce e, una volta coperta l&#8217;area interessata, basta spruzzare una piccola quantit\u00e0 d&#8217;acqua per assicurarsi che si solidifichi davanti a te. restituire il pesce.<\/p>\n","protected":false},"excerpt":{"rendered":"<p>Propolis Carp Treatment Come pescatori desideriamo restituire tutti i pesci che catturiamo nelle migliori condizioni possibili, e la propoli aiuta sicuramente a raggiungere questo obiettivo. Questo liquido \u00e8 un prodotto naturale derivato dalle api, con propriet\u00e0 antibiotiche e antimicrobiche, ed \u00e8 perfetto per trattare le prese dell&#8217;amo e i danni esistenti alla bocca, o qualsiasi [&hellip;]<\/p>\n","protected":false},"featured_media":91536,"comment_status":"closed","ping_status":"closed","template":"","meta":[],"product_cat":[413],"product_tag":[1018],"yoast_head":"<!-- This site is optimized with the Yoast SEO plugin v15.3 - https:\/\/yoast.com\/wordpress\/plugins\/seo\/ -->\n<title>Propolis Carp Treatment - Korda - Pesca Fish<\/title>\n<meta name=\"robots\" content=\"index, follow, max-snippet:-1, max-image-preview:large, max-video-preview:-1\" \/>\n<link rel=\"canonical\" href=\"https:\/\/www.pescafish.it\/new\/prodotto\/propolis-carp-treatment-korda\/\" \/>\n<meta property=\"og:locale\" content=\"it_IT\" \/>\n<meta property=\"og:type\" content=\"article\" \/>\n<meta property=\"og:title\" content=\"Propolis Carp Treatment - Korda - Pesca Fish\" \/>\n<meta property=\"og:description\" content=\"Propolis Carp Treatment Come pescatori desideriamo restituire tutti i pesci che catturiamo nelle migliori condizioni possibili, e la propoli aiuta sicuramente a raggiungere questo obiettivo. Questo liquido \u00e8 un prodotto naturale derivato dalle api, con propriet\u00e0 antibiotiche e antimicrobiche, ed \u00e8 perfetto per trattare le prese dell&#8217;amo e i danni esistenti alla bocca, o qualsiasi [&hellip;]\" \/>\n<meta property=\"og:url\" content=\"https:\/\/www.pescafish.it\/new\/prodotto\/propolis-carp-treatment-korda\/\" \/>\n<meta property=\"og:site_name\" content=\"Pesca Fish\" \/>\n<meta property=\"article:publisher\" content=\"https:\/\/www.facebook.com\/pescafishvr\/\" \/>\n<meta property=\"article:modified_time\" content=\"2023-10-19T13:27:39+00:00\" \/>\n<meta property=\"og:image\" content=\"https:\/\/www.pescafish.it\/new\/wp-content\/uploads\/2023\/10\/60811628096912.jpg\" \/>\n\t<meta property=\"og:image:width\" content=\"400\" \/>\n\t<meta property=\"og:image:height\" content=\"281\" \/>\n<meta name=\"twitter:card\" content=\"summary_large_image\" \/>\n<meta name=\"twitter:label1\" content=\"Scritto da\">\n\t<meta name=\"twitter:data1\" content=\"francesca\">\n\t<meta name=\"twitter:label2\" content=\"Tempo di lettura stimato\">\n\t<meta name=\"twitter:data2\" content=\"1 minuto\">\n<script type=\"application\/ld+json\" class=\"yoast-schema-graph\">{\"@context\":\"https:\/\/schema.org\",\"@graph\":[{\"@type\":\"WebSite\",\"@id\":\"https:\/\/www.pescafish.it\/new\/#website\",\"url\":\"https:\/\/www.pescafish.it\/new\/\",\"name\":\"Pesca Fish\",\"description\":\"Benvenuti sul nostro sito!\",\"potentialAction\":[{\"@type\":\"SearchAction\",\"target\":\"https:\/\/www.pescafish.it\/new\/?s={search_term_string}\",\"query-input\":\"required name=search_term_string\"}],\"inLanguage\":\"it-IT\"},{\"@type\":\"ImageObject\",\"@id\":\"https:\/\/www.pescafish.it\/new\/prodotto\/propolis-carp-treatment-korda\/#primaryimage\",\"inLanguage\":\"it-IT\",\"url\":\"https:\/\/www.pescafish.it\/new\/wp-content\/uploads\/2023\/10\/60811628096912.jpg\",\"width\":400,\"height\":281,\"caption\":\"Korda\"},{\"@type\":\"WebPage\",\"@id\":\"https:\/\/www.pescafish.it\/new\/prodotto\/propolis-carp-treatment-korda\/#webpage\",\"url\":\"https:\/\/www.pescafish.it\/new\/prodotto\/propolis-carp-treatment-korda\/\",\"name\":\"Propolis Carp Treatment - Korda - Pesca Fish\",\"isPartOf\":{\"@id\":\"https:\/\/www.pescafish.it\/new\/#website\"},\"primaryImageOfPage\":{\"@id\":\"https:\/\/www.pescafish.it\/new\/prodotto\/propolis-carp-treatment-korda\/#primaryimage\"},\"datePublished\":\"2023-10-19T11:43:39+00:00\",\"dateModified\":\"2023-10-19T13:27:39+00:00\",\"inLanguage\":\"it-IT\",\"potentialAction\":[{\"@type\":\"ReadAction\",\"target\":[\"https:\/\/www.pescafish.it\/new\/prodotto\/propolis-carp-treatment-korda\/\"]}]}]}<\/script>\n<!-- \/ Yoast SEO plugin. -->","_links":{"self":[{"href":"https:\/\/www.pescafish.it\/new\/wp-json\/wp\/v2\/product\/91535"}],"collection":[{"href":"https:\/\/www.pescafish.it\/new\/wp-json\/wp\/v2\/product"}],"about":[{"href":"https:\/\/www.pescafish.it\/new\/wp-json\/wp\/v2\/types\/product"}],"replies":[{"embeddable":true,"href":"https:\/\/www.pescafish.it\/new\/wp-json\/wp\/v2\/comments?post=91535"}],"wp:featuredmedia":[{"embeddable":true,"href":"https:\/\/www.pescafish.it\/new\/wp-json\/wp\/v2\/media\/91536"}],"wp:attachment":[{"href":"https:\/\/www.pescafish.it\/new\/wp-json\/wp\/v2\/media?parent=91535"}],"wp:term":[{"taxonomy":"product_cat","embeddable":true,"href":"https:\/\/www.pescafish.it\/new\/wp-json\/wp\/v2\/product_cat?post=91535"},{"taxonomy":"product_tag","embeddable":true,"href":"https:\/\/www.pescafish.it\/new\/wp-json\/wp\/v2\/product_tag?post=91535"}],"curies":[{"name":"wp","href":"https:\/\/api.w.org\/{rel}","templated":true}]}}