{"id":90309,"date":"2023-08-24T11:35:10","date_gmt":"2023-08-24T09:35:10","guid":{"rendered":"https:\/\/www.pescafish.it\/new\/?post_type=product&#038;p=90309"},"modified":"2025-09-27T16:29:53","modified_gmt":"2025-09-27T14:29:53","slug":"big-fish-mix-salmon-caviar-black-pepper-shelf-life-nutrabaits","status":"publish","type":"product","link":"https:\/\/www.pescafish.it\/new\/prodotto\/big-fish-mix-salmon-caviar-black-pepper-shelf-life-nutrabaits\/","title":{"rendered":"Big Fish Mix Salmon, Caviar &#038; Black Pepper Shelf Life \u2013 Nutrabaits"},"content":{"rendered":"<h2>Big Fish Mix Salmon, Caviar &amp; Black Pepper Shelf Life<\/h2>\n<p>Il nostro sempre coerente Big Fish Mix insieme al nostro idrolizzato di salmone ricco di amminoacidi e proteine, olio di salmone insieme al nostro sapore di salmone identico alla natura, sapore di caviale UTCS e il nostro pepe nero. Un&#8217;esca che ha resistito alla prova del tempo come una delle migliori esche per la cattura della carpa di tutti i tempi. Una miscela base che ha resistito alla prova del tempo, questa ricetta fornisce tutto ci\u00f2 di cui potresti aver bisogno da un&#8217;esca che contiene farina di pesce di alta qualit\u00e0, proteine del latte, alimenti per uccelli, proteine del siero di latte insieme al Robin Red di Haith. Questa \u00e8 una di quelle esche che possono essere utilizzate con totale sicurezza praticamente su qualsiasi tipo di acqua durante tutto l&#8217;anno.<\/p>\n<p><strong>Disponibile in 15 mm e 18 mm in 1 kg<br \/>\nNU4106\u00a0 <\/strong>15 mm<strong><br \/>\nNU4018\u00a0 <\/strong>18 mm<\/p>\n","protected":false},"excerpt":{"rendered":"<p>Big Fish Mix Salmon, Caviar &amp; Black Pepper Shelf Life Il nostro sempre coerente Big Fish Mix insieme al nostro idrolizzato di salmone ricco di amminoacidi e proteine, olio di salmone insieme al nostro sapore di salmone identico alla natura, sapore di caviale UTCS e il nostro pepe nero. Un&#8217;esca che ha resistito alla prova [&hellip;]<\/p>\n","protected":false},"featured_media":90310,"comment_status":"closed","ping_status":"closed","template":"","meta":[],"product_cat":[943],"product_tag":[1049],"yoast_head":"<!-- This site is optimized with the Yoast SEO plugin v15.3 - https:\/\/yoast.com\/wordpress\/plugins\/seo\/ -->\n<title>Big Fish Mix Salmon, Caviar &amp; Black Pepper Shelf Life \u2013 Nutrabaits - Pesca Fish<\/title>\n<meta name=\"robots\" content=\"index, follow, max-snippet:-1, max-image-preview:large, max-video-preview:-1\" \/>\n<link rel=\"canonical\" href=\"https:\/\/www.pescafish.it\/new\/prodotto\/big-fish-mix-salmon-caviar-black-pepper-shelf-life-nutrabaits\/\" \/>\n<meta property=\"og:locale\" content=\"it_IT\" \/>\n<meta property=\"og:type\" content=\"article\" \/>\n<meta property=\"og:title\" content=\"Big Fish Mix Salmon, Caviar &amp; Black Pepper Shelf Life \u2013 Nutrabaits - Pesca Fish\" \/>\n<meta property=\"og:description\" content=\"Big Fish Mix Salmon, Caviar &amp; Black Pepper Shelf Life Il nostro sempre coerente Big Fish Mix insieme al nostro idrolizzato di salmone ricco di amminoacidi e proteine, olio di salmone insieme al nostro sapore di salmone identico alla natura, sapore di caviale UTCS e il nostro pepe nero. Un&#8217;esca che ha resistito alla prova [&hellip;]\" \/>\n<meta property=\"og:url\" content=\"https:\/\/www.pescafish.it\/new\/prodotto\/big-fish-mix-salmon-caviar-black-pepper-shelf-life-nutrabaits\/\" \/>\n<meta property=\"og:site_name\" content=\"Pesca Fish\" \/>\n<meta property=\"article:publisher\" content=\"https:\/\/www.facebook.com\/pescafishvr\/\" \/>\n<meta property=\"article:modified_time\" content=\"2025-09-27T14:29:53+00:00\" \/>\n<meta property=\"og:image\" content=\"https:\/\/www.pescafish.it\/new\/wp-content\/uploads\/2023\/08\/Big-Fish-Mix-Shelf-Life-15mm-min-1024x679-1.jpg\" \/>\n\t<meta property=\"og:image:width\" content=\"789\" \/>\n\t<meta property=\"og:image:height\" content=\"794\" \/>\n<meta name=\"twitter:card\" content=\"summary_large_image\" \/>\n<meta name=\"twitter:label1\" content=\"Scritto da\">\n\t<meta name=\"twitter:data1\" content=\"francesca\">\n\t<meta name=\"twitter:label2\" content=\"Tempo di lettura stimato\">\n\t<meta name=\"twitter:data2\" content=\"1 minuto\">\n<script type=\"application\/ld+json\" class=\"yoast-schema-graph\">{\"@context\":\"https:\/\/schema.org\",\"@graph\":[{\"@type\":\"WebSite\",\"@id\":\"https:\/\/www.pescafish.it\/new\/#website\",\"url\":\"https:\/\/www.pescafish.it\/new\/\",\"name\":\"Pesca Fish\",\"description\":\"Benvenuti sul nostro sito!\",\"potentialAction\":[{\"@type\":\"SearchAction\",\"target\":\"https:\/\/www.pescafish.it\/new\/?s={search_term_string}\",\"query-input\":\"required name=search_term_string\"}],\"inLanguage\":\"it-IT\"},{\"@type\":\"ImageObject\",\"@id\":\"https:\/\/www.pescafish.it\/new\/prodotto\/big-fish-mix-salmon-caviar-black-pepper-shelf-life-nutrabaits\/#primaryimage\",\"inLanguage\":\"it-IT\",\"url\":\"https:\/\/www.pescafish.it\/new\/wp-content\/uploads\/2023\/08\/Big-Fish-Mix-Shelf-Life-15mm-min-1024x679-1.jpg\",\"width\":789,\"height\":794},{\"@type\":\"WebPage\",\"@id\":\"https:\/\/www.pescafish.it\/new\/prodotto\/big-fish-mix-salmon-caviar-black-pepper-shelf-life-nutrabaits\/#webpage\",\"url\":\"https:\/\/www.pescafish.it\/new\/prodotto\/big-fish-mix-salmon-caviar-black-pepper-shelf-life-nutrabaits\/\",\"name\":\"Big Fish Mix Salmon, Caviar & Black Pepper Shelf Life \\u2013 Nutrabaits - Pesca Fish\",\"isPartOf\":{\"@id\":\"https:\/\/www.pescafish.it\/new\/#website\"},\"primaryImageOfPage\":{\"@id\":\"https:\/\/www.pescafish.it\/new\/prodotto\/big-fish-mix-salmon-caviar-black-pepper-shelf-life-nutrabaits\/#primaryimage\"},\"datePublished\":\"2023-08-24T09:35:10+00:00\",\"dateModified\":\"2025-09-27T14:29:53+00:00\",\"inLanguage\":\"it-IT\",\"potentialAction\":[{\"@type\":\"ReadAction\",\"target\":[\"https:\/\/www.pescafish.it\/new\/prodotto\/big-fish-mix-salmon-caviar-black-pepper-shelf-life-nutrabaits\/\"]}]}]}<\/script>\n<!-- \/ Yoast SEO plugin. -->","_links":{"self":[{"href":"https:\/\/www.pescafish.it\/new\/wp-json\/wp\/v2\/product\/90309"}],"collection":[{"href":"https:\/\/www.pescafish.it\/new\/wp-json\/wp\/v2\/product"}],"about":[{"href":"https:\/\/www.pescafish.it\/new\/wp-json\/wp\/v2\/types\/product"}],"replies":[{"embeddable":true,"href":"https:\/\/www.pescafish.it\/new\/wp-json\/wp\/v2\/comments?post=90309"}],"wp:featuredmedia":[{"embeddable":true,"href":"https:\/\/www.pescafish.it\/new\/wp-json\/wp\/v2\/media\/90310"}],"wp:attachment":[{"href":"https:\/\/www.pescafish.it\/new\/wp-json\/wp\/v2\/media?parent=90309"}],"wp:term":[{"taxonomy":"product_cat","embeddable":true,"href":"https:\/\/www.pescafish.it\/new\/wp-json\/wp\/v2\/product_cat?post=90309"},{"taxonomy":"product_tag","embeddable":true,"href":"https:\/\/www.pescafish.it\/new\/wp-json\/wp\/v2\/product_tag?post=90309"}],"curies":[{"name":"wp","href":"https:\/\/api.w.org\/{rel}","templated":true}]}}