{"id":90133,"date":"2023-08-19T15:51:51","date_gmt":"2023-08-19T13:51:51","guid":{"rendered":"https:\/\/www.pescafish.it\/new\/?post_type=product&#038;p=90133"},"modified":"2025-06-16T05:39:10","modified_gmt":"2025-06-16T03:39:10","slug":"linea-speed-banana-cream-moontackle","status":"publish","type":"product","link":"https:\/\/www.pescafish.it\/new\/prodotto\/linea-speed-banana-cream-moontackle\/","title":{"rendered":"Linea Speed Banana Cream &#8211; MoonTackle"},"content":{"rendered":"<h2>Linea Speed Banana Cream<\/h2>\n<p>Ecco un&#8217;altra novit\u00e0 di casa Moontackle.. Azienda che ha saputo leggere ci\u00f2 che cerca il pescatore&#8230; Per affiancare gli stick Speed gi\u00e0 presenti da alcuni anni ora sono state realizzate le boilies affondanti in sacchetto da 1 kg della linea Speed, oltre allo stick bomb e boilies in due diametri nella lina sono presenti i liquidi, pellet e tutte le relative bilanciate.<\/p>\n<p><strong>Disponibile nelle seguenti varianti:<\/strong><br \/>\n<strong>15.TOP.BC.20<\/strong>\u00a0 Boilies 20mm 1kg<br \/>\n<strong>15.TOP.BC.15<\/strong>\u00a0 Boilies 15mm 1kg<br \/>\n<strong>20.STICK-BC<\/strong>\u00a0 Stick Bomb 1kg<br \/>\n<strong>16.PELLET.BC\u00a0 <\/strong>Pellet 1kg<br \/>\n<strong>17.ACT.BC\u00a0<\/strong> Activator 200ml<br \/>\n<strong>23.INS.POW.BC<\/strong>\u00a0 Insomnia Power Smoke 100ml<br \/>\n<strong>24.INSBAIT.BC\u00a0<\/strong> Insomnia Bait Smoke 100ml<br \/>\n<strong>21.INS-BC.10<\/strong>\u00a0 Insomnia Dumbell Balanced 10x12mm<br \/>\n<strong>22.INS.PLT.BC<\/strong>\u00a0 Insomnia Palatant<br \/>\n<strong>19.B.D.SBC.14\u00a0<\/strong> Dumbell Balanced 14mm<br \/>\n<strong>18.B.S-BC.20\u00a0 <\/strong>Boilie Balanced 20mm<br \/>\n<strong>18.B.S-BC.14<\/strong>\u00a0 Boilie Balanced 14mm<br \/>\n<strong>18.B.S-BC.12<\/strong>\u00a0 Boilie Balanced 12mm<br \/>\n<strong>18.POP-BC.12<\/strong>\u00a0 Insomnia Pop Up 12mm<br \/>\n<strong>18.POP-BC.14<\/strong>\u00a0 Insomnia Pop Up 14mm<\/p>\n","protected":false},"excerpt":{"rendered":"<p>Linea Speed Banana Cream Ecco un&#8217;altra novit\u00e0 di casa Moontackle.. Azienda che ha saputo leggere ci\u00f2 che cerca il pescatore&#8230; Per affiancare gli stick Speed gi\u00e0 presenti da alcuni anni ora sono state realizzate le boilies affondanti in sacchetto da 1 kg della linea Speed, oltre allo stick bomb e boilies in due diametri nella [&hellip;]<\/p>\n","protected":false},"featured_media":90130,"comment_status":"closed","ping_status":"closed","template":"","meta":[],"product_cat":[1393],"product_tag":[1395],"yoast_head":"<!-- This site is optimized with the Yoast SEO plugin v15.3 - https:\/\/yoast.com\/wordpress\/plugins\/seo\/ -->\n<title>Linea Speed Banana Cream - MoonTackle - Pesca Fish<\/title>\n<meta name=\"robots\" content=\"index, follow, max-snippet:-1, max-image-preview:large, max-video-preview:-1\" \/>\n<link rel=\"canonical\" href=\"https:\/\/www.pescafish.it\/new\/prodotto\/linea-speed-banana-cream-moontackle\/\" \/>\n<meta property=\"og:locale\" content=\"it_IT\" \/>\n<meta property=\"og:type\" content=\"article\" \/>\n<meta property=\"og:title\" content=\"Linea Speed Banana Cream - MoonTackle - Pesca Fish\" \/>\n<meta property=\"og:description\" content=\"Linea Speed Banana Cream Ecco un&#8217;altra novit\u00e0 di casa Moontackle.. Azienda che ha saputo leggere ci\u00f2 che cerca il pescatore&#8230; Per affiancare gli stick Speed gi\u00e0 presenti da alcuni anni ora sono state realizzate le boilies affondanti in sacchetto da 1 kg della linea Speed, oltre allo stick bomb e boilies in due diametri nella [&hellip;]\" \/>\n<meta property=\"og:url\" content=\"https:\/\/www.pescafish.it\/new\/prodotto\/linea-speed-banana-cream-moontackle\/\" \/>\n<meta property=\"og:site_name\" content=\"Pesca Fish\" \/>\n<meta property=\"article:publisher\" content=\"https:\/\/www.facebook.com\/pescafishvr\/\" \/>\n<meta property=\"article:modified_time\" content=\"2025-06-16T03:39:10+00:00\" \/>\n<meta property=\"og:image\" content=\"https:\/\/www.pescafish.it\/new\/wp-content\/uploads\/2023\/08\/banana-crema.jpg\" \/>\n\t<meta property=\"og:image:width\" content=\"2048\" \/>\n\t<meta property=\"og:image:height\" content=\"2046\" \/>\n<meta name=\"twitter:card\" content=\"summary_large_image\" \/>\n<meta name=\"twitter:label1\" content=\"Scritto da\">\n\t<meta name=\"twitter:data1\" content=\"francesca\">\n\t<meta name=\"twitter:label2\" content=\"Tempo di lettura stimato\">\n\t<meta name=\"twitter:data2\" content=\"1 minuto\">\n<script type=\"application\/ld+json\" class=\"yoast-schema-graph\">{\"@context\":\"https:\/\/schema.org\",\"@graph\":[{\"@type\":\"WebSite\",\"@id\":\"https:\/\/www.pescafish.it\/new\/#website\",\"url\":\"https:\/\/www.pescafish.it\/new\/\",\"name\":\"Pesca Fish\",\"description\":\"Benvenuti sul nostro sito!\",\"potentialAction\":[{\"@type\":\"SearchAction\",\"target\":\"https:\/\/www.pescafish.it\/new\/?s={search_term_string}\",\"query-input\":\"required name=search_term_string\"}],\"inLanguage\":\"it-IT\"},{\"@type\":\"ImageObject\",\"@id\":\"https:\/\/www.pescafish.it\/new\/prodotto\/linea-speed-banana-cream-moontackle\/#primaryimage\",\"inLanguage\":\"it-IT\",\"url\":\"https:\/\/www.pescafish.it\/new\/wp-content\/uploads\/2023\/08\/banana-crema.jpg\",\"width\":2048,\"height\":2046,\"caption\":\"Banana Cream\"},{\"@type\":\"WebPage\",\"@id\":\"https:\/\/www.pescafish.it\/new\/prodotto\/linea-speed-banana-cream-moontackle\/#webpage\",\"url\":\"https:\/\/www.pescafish.it\/new\/prodotto\/linea-speed-banana-cream-moontackle\/\",\"name\":\"Linea Speed Banana Cream - MoonTackle - Pesca Fish\",\"isPartOf\":{\"@id\":\"https:\/\/www.pescafish.it\/new\/#website\"},\"primaryImageOfPage\":{\"@id\":\"https:\/\/www.pescafish.it\/new\/prodotto\/linea-speed-banana-cream-moontackle\/#primaryimage\"},\"datePublished\":\"2023-08-19T13:51:51+00:00\",\"dateModified\":\"2025-06-16T03:39:10+00:00\",\"inLanguage\":\"it-IT\",\"potentialAction\":[{\"@type\":\"ReadAction\",\"target\":[\"https:\/\/www.pescafish.it\/new\/prodotto\/linea-speed-banana-cream-moontackle\/\"]}]}]}<\/script>\n<!-- \/ Yoast SEO plugin. -->","_links":{"self":[{"href":"https:\/\/www.pescafish.it\/new\/wp-json\/wp\/v2\/product\/90133"}],"collection":[{"href":"https:\/\/www.pescafish.it\/new\/wp-json\/wp\/v2\/product"}],"about":[{"href":"https:\/\/www.pescafish.it\/new\/wp-json\/wp\/v2\/types\/product"}],"replies":[{"embeddable":true,"href":"https:\/\/www.pescafish.it\/new\/wp-json\/wp\/v2\/comments?post=90133"}],"wp:featuredmedia":[{"embeddable":true,"href":"https:\/\/www.pescafish.it\/new\/wp-json\/wp\/v2\/media\/90130"}],"wp:attachment":[{"href":"https:\/\/www.pescafish.it\/new\/wp-json\/wp\/v2\/media?parent=90133"}],"wp:term":[{"taxonomy":"product_cat","embeddable":true,"href":"https:\/\/www.pescafish.it\/new\/wp-json\/wp\/v2\/product_cat?post=90133"},{"taxonomy":"product_tag","embeddable":true,"href":"https:\/\/www.pescafish.it\/new\/wp-json\/wp\/v2\/product_tag?post=90133"}],"curies":[{"name":"wp","href":"https:\/\/api.w.org\/{rel}","templated":true}]}}