{"id":89821,"date":"2023-08-12T11:44:54","date_gmt":"2023-08-12T09:44:54","guid":{"rendered":"https:\/\/www.pescafish.it\/new\/?post_type=product&#038;p=89821"},"modified":"2023-08-12T11:44:54","modified_gmt":"2023-08-12T09:44:54","slug":"squirty-3-0-seaspin","status":"publish","type":"product","link":"https:\/\/www.pescafish.it\/new\/prodotto\/squirty-3-0-seaspin\/","title":{"rendered":"Squirty 3.0 &#8211; Seaspin"},"content":{"rendered":"<h2>Squirty 3.0<\/h2>\n<p>Squirty 3.0 \u00e8 una totanara da eging che sancisce ufficialmente l\u2019ingresso del marchio Seaspin nel mercato della pesca ai cefalopodi.<br \/>\nAnche per questo prodotto\u00a0alla filosofia Seaspin resta immutata; la forma al servizio della funzione, per offrire un prodotto di sostanza, nato dall\u2019esperienza di pescatori italiani per affrontare ambienti di pesca e cefalopodi di casa nostra.<br \/>\nSquirty \u00e8 un egi caratterizzato\u00a0da un design classico\u00a0dalle linee pulite,\u00a0curato nei minimi particolari; l\u2019intera struttura\u00a0\u00e8 stata progettata e modellata per ottenere un\u2019ottima distanza di lancio, un affondamento lento e sinuoso e una risposta reattiva alle jerkate.<br \/>\nDalla silhouette di Squirty, si nota immediatamente una testa molto sfinata, capace di fendere meglio l\u2019acqua sia in fase di discesa che di risalita in risposta alle jerkate; la schiena larga, offre una portanza tale da garantire in contrapposizione alla zavorra un eccellente equilibrio in tutte le fasi che si articolano durante l\u2019azione di pesca, completano l\u2019opera due depressioni latero ventrali che in fase di discesa conferiscono a Squirty\u00a0un adescante\u00a0wobbling. \u00a0Nella parte posteriore \u00e8 presente un doppio sistema di cestelli in acciaio inox che oltre a contribuire alla sua perfetta stabilit\u00e0, consente una presa sicura anche in caso di cefalopodi di grosse dimensioni.<br \/>\nSquirty 3.0 ha un affondamento \u201cnormal\u201d che ne consente l\u2019impiego in molteplici situazioni, \u00e8 dotata di\u00a0rattling per aumentare il suo potere catturante, e si trova a suo agio con jerkate lunghe che producono un movimento di risalita verticale accompagnato da sbandate laterali molto\u00a0adescanti, seguito da una discesa verso il fondo estremamente naturale. In alternativa\u00a0Squirty pu\u00f2\u00a0essere animata anche con frenetiche e ritmiche corte jerkate, che gli conferiscono\u00a0un nuoto assolutamente inedito e particolare.<br \/>\nSquirty \u00e8 un egi che consentir\u00e0 di risolvere le situazioni pi\u00f9 difficili ed \u00e8 prodotta sia in colorazioni \u201creplicanti\u201d,\u00a0che si ispirano al naturale, sia in colorazioni \u201cxenomorph\u201d che hanno caratteristiche non imitative.<br \/>\nSquirty 3.0, \u00e8 una totanara da eging misura 3.0, dal peso di 14,7g con una velocit\u00e0 di affondamento ci circa 3 \u2013 3,5 secondi per metro.<\/p>\n<p><strong>Disponibile nei seguenti colori:<\/strong><br \/>\n<strong>UT6125\u00a0<\/strong> ACC<br \/>\n<strong>UT6135\u00a0<\/strong> BG-ORAGNE<br \/>\n<strong>UT6138\u00a0<\/strong> BG-PINK<br \/>\n<strong>UT6133\u00a0<\/strong> FC-PURPLE<\/p>\n","protected":false},"excerpt":{"rendered":"<p>Squirty 3.0 Squirty 3.0 \u00e8 una totanara da eging che sancisce ufficialmente l\u2019ingresso del marchio Seaspin nel mercato della pesca ai cefalopodi. Anche per questo prodotto\u00a0alla filosofia Seaspin resta immutata; la forma al servizio della funzione, per offrire un prodotto di sostanza, nato dall\u2019esperienza di pescatori italiani per affrontare ambienti di pesca e cefalopodi di [&hellip;]<\/p>\n","protected":false},"featured_media":89826,"comment_status":"closed","ping_status":"closed","template":"","meta":[],"product_cat":[150],"product_tag":[1166],"yoast_head":"<!-- This site is optimized with the Yoast SEO plugin v15.3 - https:\/\/yoast.com\/wordpress\/plugins\/seo\/ -->\n<title>Squirty 3.0 - Seaspin - Pesca Fish<\/title>\n<meta name=\"robots\" content=\"index, follow, max-snippet:-1, max-image-preview:large, max-video-preview:-1\" \/>\n<link rel=\"canonical\" href=\"https:\/\/www.pescafish.it\/new\/prodotto\/squirty-3-0-seaspin\/\" \/>\n<meta property=\"og:locale\" content=\"it_IT\" \/>\n<meta property=\"og:type\" content=\"article\" \/>\n<meta property=\"og:title\" content=\"Squirty 3.0 - Seaspin - Pesca Fish\" \/>\n<meta property=\"og:description\" content=\"Squirty 3.0 Squirty 3.0 \u00e8 una totanara da eging che sancisce ufficialmente l\u2019ingresso del marchio Seaspin nel mercato della pesca ai cefalopodi. Anche per questo prodotto\u00a0alla filosofia Seaspin resta immutata; la forma al servizio della funzione, per offrire un prodotto di sostanza, nato dall\u2019esperienza di pescatori italiani per affrontare ambienti di pesca e cefalopodi di [&hellip;]\" \/>\n<meta property=\"og:url\" content=\"https:\/\/www.pescafish.it\/new\/prodotto\/squirty-3-0-seaspin\/\" \/>\n<meta property=\"og:site_name\" content=\"Pesca Fish\" \/>\n<meta property=\"article:publisher\" content=\"https:\/\/www.facebook.com\/pescafishvr\/\" \/>\n<meta property=\"og:image\" content=\"https:\/\/www.pescafish.it\/new\/wp-content\/uploads\/2023\/08\/BG-PINK.jpg\" \/>\n\t<meta property=\"og:image:width\" content=\"1000\" \/>\n\t<meta property=\"og:image:height\" content=\"1000\" \/>\n<meta name=\"twitter:card\" content=\"summary_large_image\" \/>\n<meta name=\"twitter:label1\" content=\"Scritto da\">\n\t<meta name=\"twitter:data1\" content=\"francesca\">\n\t<meta name=\"twitter:label2\" content=\"Tempo di lettura stimato\">\n\t<meta name=\"twitter:data2\" content=\"1 minuto\">\n<script type=\"application\/ld+json\" class=\"yoast-schema-graph\">{\"@context\":\"https:\/\/schema.org\",\"@graph\":[{\"@type\":\"WebSite\",\"@id\":\"https:\/\/www.pescafish.it\/new\/#website\",\"url\":\"https:\/\/www.pescafish.it\/new\/\",\"name\":\"Pesca Fish\",\"description\":\"Benvenuti sul nostro sito!\",\"potentialAction\":[{\"@type\":\"SearchAction\",\"target\":\"https:\/\/www.pescafish.it\/new\/?s={search_term_string}\",\"query-input\":\"required name=search_term_string\"}],\"inLanguage\":\"it-IT\"},{\"@type\":\"ImageObject\",\"@id\":\"https:\/\/www.pescafish.it\/new\/prodotto\/squirty-3-0-seaspin\/#primaryimage\",\"inLanguage\":\"it-IT\",\"url\":\"https:\/\/www.pescafish.it\/new\/wp-content\/uploads\/2023\/08\/BG-PINK.jpg\",\"width\":1000,\"height\":1000},{\"@type\":\"WebPage\",\"@id\":\"https:\/\/www.pescafish.it\/new\/prodotto\/squirty-3-0-seaspin\/#webpage\",\"url\":\"https:\/\/www.pescafish.it\/new\/prodotto\/squirty-3-0-seaspin\/\",\"name\":\"Squirty 3.0 - Seaspin - Pesca Fish\",\"isPartOf\":{\"@id\":\"https:\/\/www.pescafish.it\/new\/#website\"},\"primaryImageOfPage\":{\"@id\":\"https:\/\/www.pescafish.it\/new\/prodotto\/squirty-3-0-seaspin\/#primaryimage\"},\"datePublished\":\"2023-08-12T09:44:54+00:00\",\"dateModified\":\"2023-08-12T09:44:54+00:00\",\"inLanguage\":\"it-IT\",\"potentialAction\":[{\"@type\":\"ReadAction\",\"target\":[\"https:\/\/www.pescafish.it\/new\/prodotto\/squirty-3-0-seaspin\/\"]}]}]}<\/script>\n<!-- \/ Yoast SEO plugin. -->","_links":{"self":[{"href":"https:\/\/www.pescafish.it\/new\/wp-json\/wp\/v2\/product\/89821"}],"collection":[{"href":"https:\/\/www.pescafish.it\/new\/wp-json\/wp\/v2\/product"}],"about":[{"href":"https:\/\/www.pescafish.it\/new\/wp-json\/wp\/v2\/types\/product"}],"replies":[{"embeddable":true,"href":"https:\/\/www.pescafish.it\/new\/wp-json\/wp\/v2\/comments?post=89821"}],"wp:featuredmedia":[{"embeddable":true,"href":"https:\/\/www.pescafish.it\/new\/wp-json\/wp\/v2\/media\/89826"}],"wp:attachment":[{"href":"https:\/\/www.pescafish.it\/new\/wp-json\/wp\/v2\/media?parent=89821"}],"wp:term":[{"taxonomy":"product_cat","embeddable":true,"href":"https:\/\/www.pescafish.it\/new\/wp-json\/wp\/v2\/product_cat?post=89821"},{"taxonomy":"product_tag","embeddable":true,"href":"https:\/\/www.pescafish.it\/new\/wp-json\/wp\/v2\/product_tag?post=89821"}],"curies":[{"name":"wp","href":"https:\/\/api.w.org\/{rel}","templated":true}]}}