{"id":89243,"date":"2023-07-26T09:10:25","date_gmt":"2023-07-26T07:10:25","guid":{"rendered":"https:\/\/www.pescafish.it\/new\/?post_type=product&#038;p=89243"},"modified":"2025-09-08T07:45:40","modified_gmt":"2025-09-08T05:45:40","slug":"canna-aero-x3-feeder-shimano","status":"publish","type":"product","link":"https:\/\/www.pescafish.it\/new\/prodotto\/canna-aero-x3-feeder-shimano\/","title":{"rendered":"Canna Aero X3 Feeder &#8211; Shimano"},"content":{"rendered":"<p>Le canne Aero X3 Feeder costruiti su grezzi Full Carbon, beneficiano anche della tecnologia Diaflash, un nastro di carbonio incrociato sullo strato esterno che riduce la torsione del blank e aumenta la risposta. Questo sistema \u00e8 stato originariamente sviluppato per le canne da spinning di alto livello ed \u00e8 ancora utilizzato su molti modelli in cui sono necessarie reattivit\u00e0 e sensibilit\u00e0.<br \/>\nTutti i modelli sono dotati di un porta mulinello Fuji DPS di alta gamma montato su un&#8217;impugnatura in sughero\/EVA che trasuda qualit\u00e0. Gli anelli Seaguide XOG (sicuri per l&#8217;utilizzo con la treccia) sono montati sulle canne da feeder e i leggeri anelli Seaguide MHLG sulle canne da float, tutte posizionate in modo specifico per migliorare l&#8217;azione e massimizzare le prestazioni di lancio.<br \/>\nSe desiderate prestazioni di qualit\u00e0 e qualit\u00e0 costruttiva di alto livello, combinate con un costo realisticamente accessibile, l&#8217;Aero X3 dovrebbe essere nella vostra lista di potenziali scelte.<\/p>\n<p><strong>Disponibile nei seguenti modelli:<\/strong><\/p>\n<table style=\"height: 143px; width: 100%; border-collapse: collapse; border-color: #000000;\" border=\"2\">\n<tbody>\n<tr style=\"height: 24px;\">\n<td style=\"width: 12.5%; height: 24px; text-align: center;\"><strong>Modello<\/strong><\/td>\n<td style=\"width: 12.5%; height: 24px; text-align: center;\"><strong>Tipo<\/strong><\/td>\n<td style=\"width: 12.5%; height: 24px; text-align: center;\"><strong>Lunghezza<\/strong><\/td>\n<td style=\"width: 12.5%; height: 24px; text-align: center;\"><strong>Ingombro<\/strong><\/td>\n<td style=\"width: 12.5%; height: 24px; text-align: center;\"><strong>Peso<\/strong><\/td>\n<td style=\"width: 12.5%; height: 24px; text-align: center;\"><strong>N\u00b0 di sezioni<\/strong><\/td>\n<td style=\"width: 6.25%; height: 24px; text-align: center;\"><strong>Potenza<\/strong><\/td>\n<td style=\"width: 6.25%; text-align: center; height: 24px;\"><strong>Cimini<\/strong><\/td>\n<\/tr>\n<tr style=\"height: 23px;\">\n<td style=\"width: 12.5%; height: 23px; text-align: center;\"><strong>AEX3PRFDR8<\/strong><\/td>\n<td style=\"width: 12.5%; height: 23px; text-align: center;\">Precision Feeder<\/td>\n<td style=\"width: 12.5%; height: 23px; text-align: center;\">8ft<\/td>\n<td style=\"width: 12.5%; height: 23px; text-align: center;\">129cm<\/td>\n<td style=\"width: 12.5%; height: 23px; text-align: center;\">120g<\/td>\n<td style=\"width: 12.5%; height: 23px; text-align: center;\">2<\/td>\n<td style=\"width: 6.25%; height: 23px; text-align: center;\">40g<\/td>\n<td style=\"width: 6.25%; text-align: center; height: 23px;\">0,5oz\/0,75oz\/1oz<\/td>\n<\/tr>\n<tr style=\"height: 24px;\">\n<td style=\"width: 12.5%; height: 24px; text-align: center;\"><strong>AEX3PRMFDR911<\/strong><\/td>\n<td style=\"width: 12.5%; height: 24px; text-align: center;\">Precision Feeder<\/td>\n<td style=\"width: 12.5%; height: 24px; text-align: center;\">9ft\/11ft<\/td>\n<td style=\"width: 12.5%; height: 24px; text-align: center;\">130cm<\/td>\n<td style=\"width: 12.5%; height: 24px; text-align: center;\">125\/135g<\/td>\n<td style=\"width: 12.5%; height: 24px; text-align: center;\">2<\/td>\n<td style=\"width: 6.25%; height: 24px; text-align: center;\">60g<\/td>\n<td style=\"width: 6.25%; text-align: center; height: 24px;\">0,75oz\/1oz\/1,5oz<\/td>\n<\/tr>\n<tr style=\"height: 24px;\">\n<td style=\"width: 12.5%; height: 24px; text-align: center;\"><strong>AEX3PRFDR10<\/strong><\/td>\n<td style=\"width: 12.5%; height: 24px; text-align: center;\">Precision Feeder<\/td>\n<td style=\"width: 12.5%; height: 24px; text-align: center;\">10ft<\/td>\n<td style=\"width: 12.5%; height: 24px; text-align: center;\">162cm<\/td>\n<td style=\"width: 12.5%; height: 24px; text-align: center;\">140g<\/td>\n<td style=\"width: 12.5%; height: 24px; text-align: center;\">2<\/td>\n<td style=\"width: 6.25%; height: 24px; text-align: center;\">60g<\/td>\n<td style=\"width: 6.25%; text-align: center; height: 24px;\">0,75oz\/1oz\/1,5oz<\/td>\n<\/tr>\n<tr style=\"height: 24px;\">\n<td style=\"width: 12.5%; text-align: center; height: 24px;\"><strong>AEX3DPFDR12<\/strong><\/td>\n<td style=\"width: 12.5%; text-align: center; height: 24px;\">Distance Power Feeder<\/td>\n<td style=\"width: 12.5%; text-align: center; height: 24px;\">12ft<\/td>\n<td style=\"width: 12.5%; text-align: center; height: 24px;\">191cm<\/td>\n<td style=\"width: 12.5%; text-align: center; height: 24px;\">220g<\/td>\n<td style=\"width: 12.5%; text-align: center; height: 24px;\">2<\/td>\n<td style=\"width: 6.25%; text-align: center; height: 24px;\">110g<\/td>\n<td style=\"width: 6.25%; text-align: center; height: 24px;\">1,5oz\/2oz\/3oz<\/td>\n<\/tr>\n<tr style=\"height: 24px;\">\n<td style=\"width: 12.5%; text-align: center; height: 24px;\"><strong>AEX3DPFDR13<\/strong><\/td>\n<td style=\"width: 12.5%; text-align: center; height: 24px;\">Distance Power Feeder<\/td>\n<td style=\"width: 12.5%; text-align: center; height: 24px;\">13ft<\/td>\n<td style=\"width: 12.5%; text-align: center; height: 24px;\">140cm<\/td>\n<td style=\"width: 12.5%; text-align: center; height: 24px;\">290g<\/td>\n<td style=\"width: 12.5%; text-align: center; height: 24px;\">3<\/td>\n<td style=\"width: 6.25%; text-align: center; height: 24px;\">120g<\/td>\n<td style=\"width: 6.25%; text-align: center; height: 24px;\">2oz\/3oz\/4oz<\/td>\n<\/tr>\n<\/tbody>\n<\/table>\n<p>.<br \/>\n<strong><span style=\"color: #ff0000;\">DUE ANNI DI GARANZIA<\/span><br \/>\n<span style=\"color: #ff0000;\">Da oggi per avere il TERZO ANNO DI GARANZIA, collegati al nuovo portale e registra il tuo prodotto su:<\/span><br \/>\n<span style=\"color: #000000; background-color: #ffff00;\"><a style=\"color: #000000; background-color: #ffff00;\" href=\"http:\/\/www.shimanofishnetwork.it\/garanzia\/sign_in\">http:\/\/www.shimanofishnetwork.it\/garanzia\/sign_in<\/a><\/span><\/strong><\/p>\n","protected":false},"excerpt":{"rendered":"<p>Le canne Aero X3 Feeder costruiti su grezzi Full Carbon, beneficiano anche della tecnologia Diaflash, un nastro di carbonio incrociato sullo strato esterno che riduce la torsione del blank e aumenta la risposta. Questo sistema \u00e8 stato originariamente sviluppato per le canne da spinning di alto livello ed \u00e8 ancora utilizzato su molti modelli in [&hellip;]<\/p>\n","protected":false},"featured_media":89244,"comment_status":"closed","ping_status":"closed","template":"","meta":[],"product_cat":[312],"product_tag":[1023],"yoast_head":"<!-- This site is optimized with the Yoast SEO plugin v15.3 - https:\/\/yoast.com\/wordpress\/plugins\/seo\/ -->\n<title>Canna Aero X3 Feeder - Shimano - Pesca Fish<\/title>\n<meta name=\"robots\" content=\"index, follow, max-snippet:-1, max-image-preview:large, max-video-preview:-1\" \/>\n<link rel=\"canonical\" href=\"https:\/\/www.pescafish.it\/new\/prodotto\/canna-aero-x3-feeder-shimano\/\" \/>\n<meta property=\"og:locale\" content=\"it_IT\" \/>\n<meta property=\"og:type\" content=\"article\" \/>\n<meta property=\"og:title\" content=\"Canna Aero X3 Feeder - Shimano - Pesca Fish\" \/>\n<meta property=\"og:description\" content=\"Le canne Aero X3 Feeder costruiti su grezzi Full Carbon, beneficiano anche della tecnologia Diaflash, un nastro di carbonio incrociato sullo strato esterno che riduce la torsione del blank e aumenta la risposta. Questo sistema \u00e8 stato originariamente sviluppato per le canne da spinning di alto livello ed \u00e8 ancora utilizzato su molti modelli in [&hellip;]\" \/>\n<meta property=\"og:url\" content=\"https:\/\/www.pescafish.it\/new\/prodotto\/canna-aero-x3-feeder-shimano\/\" \/>\n<meta property=\"og:site_name\" content=\"Pesca Fish\" \/>\n<meta property=\"article:publisher\" content=\"https:\/\/www.facebook.com\/pescafishvr\/\" \/>\n<meta property=\"article:modified_time\" content=\"2025-09-08T05:45:40+00:00\" \/>\n<meta property=\"og:image\" content=\"https:\/\/www.pescafish.it\/new\/wp-content\/uploads\/2023\/07\/AERO-X3-FEEDER.jpg\" \/>\n\t<meta property=\"og:image:width\" content=\"1000\" \/>\n\t<meta property=\"og:image:height\" content=\"1000\" \/>\n<meta name=\"twitter:card\" content=\"summary_large_image\" \/>\n<meta name=\"twitter:label1\" content=\"Scritto da\">\n\t<meta name=\"twitter:data1\" content=\"francesca\">\n\t<meta name=\"twitter:label2\" content=\"Tempo di lettura stimato\">\n\t<meta name=\"twitter:data2\" content=\"1 minuto\">\n<script type=\"application\/ld+json\" class=\"yoast-schema-graph\">{\"@context\":\"https:\/\/schema.org\",\"@graph\":[{\"@type\":\"WebSite\",\"@id\":\"https:\/\/www.pescafish.it\/new\/#website\",\"url\":\"https:\/\/www.pescafish.it\/new\/\",\"name\":\"Pesca Fish\",\"description\":\"Benvenuti sul nostro sito!\",\"potentialAction\":[{\"@type\":\"SearchAction\",\"target\":\"https:\/\/www.pescafish.it\/new\/?s={search_term_string}\",\"query-input\":\"required name=search_term_string\"}],\"inLanguage\":\"it-IT\"},{\"@type\":\"ImageObject\",\"@id\":\"https:\/\/www.pescafish.it\/new\/prodotto\/canna-aero-x3-feeder-shimano\/#primaryimage\",\"inLanguage\":\"it-IT\",\"url\":\"https:\/\/www.pescafish.it\/new\/wp-content\/uploads\/2023\/07\/AERO-X3-FEEDER.jpg\",\"width\":1000,\"height\":1000,\"caption\":\"aero x3 feeder shimano\"},{\"@type\":\"WebPage\",\"@id\":\"https:\/\/www.pescafish.it\/new\/prodotto\/canna-aero-x3-feeder-shimano\/#webpage\",\"url\":\"https:\/\/www.pescafish.it\/new\/prodotto\/canna-aero-x3-feeder-shimano\/\",\"name\":\"Canna Aero X3 Feeder - Shimano - Pesca Fish\",\"isPartOf\":{\"@id\":\"https:\/\/www.pescafish.it\/new\/#website\"},\"primaryImageOfPage\":{\"@id\":\"https:\/\/www.pescafish.it\/new\/prodotto\/canna-aero-x3-feeder-shimano\/#primaryimage\"},\"datePublished\":\"2023-07-26T07:10:25+00:00\",\"dateModified\":\"2025-09-08T05:45:40+00:00\",\"inLanguage\":\"it-IT\",\"potentialAction\":[{\"@type\":\"ReadAction\",\"target\":[\"https:\/\/www.pescafish.it\/new\/prodotto\/canna-aero-x3-feeder-shimano\/\"]}]}]}<\/script>\n<!-- \/ Yoast SEO plugin. -->","_links":{"self":[{"href":"https:\/\/www.pescafish.it\/new\/wp-json\/wp\/v2\/product\/89243"}],"collection":[{"href":"https:\/\/www.pescafish.it\/new\/wp-json\/wp\/v2\/product"}],"about":[{"href":"https:\/\/www.pescafish.it\/new\/wp-json\/wp\/v2\/types\/product"}],"replies":[{"embeddable":true,"href":"https:\/\/www.pescafish.it\/new\/wp-json\/wp\/v2\/comments?post=89243"}],"wp:featuredmedia":[{"embeddable":true,"href":"https:\/\/www.pescafish.it\/new\/wp-json\/wp\/v2\/media\/89244"}],"wp:attachment":[{"href":"https:\/\/www.pescafish.it\/new\/wp-json\/wp\/v2\/media?parent=89243"}],"wp:term":[{"taxonomy":"product_cat","embeddable":true,"href":"https:\/\/www.pescafish.it\/new\/wp-json\/wp\/v2\/product_cat?post=89243"},{"taxonomy":"product_tag","embeddable":true,"href":"https:\/\/www.pescafish.it\/new\/wp-json\/wp\/v2\/product_tag?post=89243"}],"curies":[{"name":"wp","href":"https:\/\/api.w.org\/{rel}","templated":true}]}}