{"id":88507,"date":"2023-06-19T17:46:52","date_gmt":"2023-06-19T15:46:52","guid":{"rendered":"https:\/\/www.pescafish.it\/new\/?post_type=product&#038;p=88507"},"modified":"2023-06-19T17:46:54","modified_gmt":"2023-06-19T15:46:54","slug":"canna-supera-x-11ft-pellet-waggler-preston-innovations","status":"publish","type":"product","link":"https:\/\/www.pescafish.it\/new\/prodotto\/canna-supera-x-11ft-pellet-waggler-preston-innovations\/","title":{"rendered":"Canna Supera X 11ft Pellet Waggler &#8211; Preston Innovations"},"content":{"rendered":"<p>Gamma di canne progettate specificamente per soddisfare le esigenze dei moderni stili di pesca con il galleggiante inglese. La Supera X \u00e8 l&#8217;apice del design delle nostre canne da inglese! Tre modelli per coprire tutte le esigenze sia in acque commerciali che naturali. Ogni modello \u00e8 caratterizzato da un\u2019azione progressiva equilibrata e da una leggerezza incredibile che ne permette l\u2019utilizzo per lunghi periodi. Abbiamo utilizzato la serie di anelli \u201cMinima\u201d che ha consentito una riduzione significativa del peso complessivo e un aumento della capacit\u00e0 di lancio. Come tutte le nostre canne premium, le Supera X sono dotate di impugnatura ergonomica in EVA con inserti in sughero, rifinita con il logo Supera X impresso nell&#8217;EVA. In pratica abbiamo realizzato una serie di canne dalle caratteristiche uniche come nient&#8217;altro sul mercato!<\/p>\n<p><strong>Supera X 11ft Pellet Waggler<\/strong><br \/>\nProgettata secondo le esatte specifiche impartite da Andy Power, questa canna \u00e8 la scelta ideale per pescare con galleggianti waggler, di dimensioni fino a 8 grammi, a corto e medio raggio. Caratterizzata da una straordinaria azione parabolica \u00e8 perfetta per portare a buon fine anche i combattimenti pi\u00f9 duri. Il manico corto consente di maneggiare la canna con facilit\u00e0 e migliora l&#8217;equilibrio complessivo dell\u2019attrezzo anche in condizioni di pesca impegnative.<\/p>\n","protected":false},"excerpt":{"rendered":"<p>Gamma di canne progettate specificamente per soddisfare le esigenze dei moderni stili di pesca con il galleggiante inglese. La Supera X \u00e8 l&#8217;apice del design delle nostre canne da inglese! Tre modelli per coprire tutte le esigenze sia in acque commerciali che naturali. Ogni modello \u00e8 caratterizzato da un\u2019azione progressiva equilibrata e da una leggerezza [&hellip;]<\/p>\n","protected":false},"featured_media":88508,"comment_status":"closed","ping_status":"closed","template":"","meta":[],"product_cat":[317,88],"product_tag":[1020],"yoast_head":"<!-- This site is optimized with the Yoast SEO plugin v15.3 - https:\/\/yoast.com\/wordpress\/plugins\/seo\/ -->\n<title>Canna Supera X 11ft Pellet Waggler - Preston Innovations - Pesca Fish<\/title>\n<meta name=\"robots\" content=\"index, follow, max-snippet:-1, max-image-preview:large, max-video-preview:-1\" \/>\n<link rel=\"canonical\" href=\"https:\/\/www.pescafish.it\/new\/prodotto\/canna-supera-x-11ft-pellet-waggler-preston-innovations\/\" \/>\n<meta property=\"og:locale\" content=\"it_IT\" \/>\n<meta property=\"og:type\" content=\"article\" \/>\n<meta property=\"og:title\" content=\"Canna Supera X 11ft Pellet Waggler - Preston Innovations - Pesca Fish\" \/>\n<meta property=\"og:description\" content=\"Gamma di canne progettate specificamente per soddisfare le esigenze dei moderni stili di pesca con il galleggiante inglese. La Supera X \u00e8 l&#8217;apice del design delle nostre canne da inglese! Tre modelli per coprire tutte le esigenze sia in acque commerciali che naturali. Ogni modello \u00e8 caratterizzato da un\u2019azione progressiva equilibrata e da una leggerezza [&hellip;]\" \/>\n<meta property=\"og:url\" content=\"https:\/\/www.pescafish.it\/new\/prodotto\/canna-supera-x-11ft-pellet-waggler-preston-innovations\/\" \/>\n<meta property=\"og:site_name\" content=\"Pesca Fish\" \/>\n<meta property=\"article:publisher\" content=\"https:\/\/www.facebook.com\/pescafishvr\/\" \/>\n<meta property=\"article:modified_time\" content=\"2023-06-19T15:46:54+00:00\" \/>\n<meta property=\"og:image\" content=\"https:\/\/www.pescafish.it\/new\/wp-content\/uploads\/2023\/06\/supera-pellet-waggler.jpg\" \/>\n\t<meta property=\"og:image:width\" content=\"1000\" \/>\n\t<meta property=\"og:image:height\" content=\"1000\" \/>\n<meta name=\"twitter:card\" content=\"summary_large_image\" \/>\n<meta name=\"twitter:label1\" content=\"Scritto da\">\n\t<meta name=\"twitter:data1\" content=\"francesca\">\n\t<meta name=\"twitter:label2\" content=\"Tempo di lettura stimato\">\n\t<meta name=\"twitter:data2\" content=\"1 minuto\">\n<script type=\"application\/ld+json\" class=\"yoast-schema-graph\">{\"@context\":\"https:\/\/schema.org\",\"@graph\":[{\"@type\":\"WebSite\",\"@id\":\"https:\/\/www.pescafish.it\/new\/#website\",\"url\":\"https:\/\/www.pescafish.it\/new\/\",\"name\":\"Pesca Fish\",\"description\":\"Benvenuti sul nostro sito!\",\"potentialAction\":[{\"@type\":\"SearchAction\",\"target\":\"https:\/\/www.pescafish.it\/new\/?s={search_term_string}\",\"query-input\":\"required name=search_term_string\"}],\"inLanguage\":\"it-IT\"},{\"@type\":\"ImageObject\",\"@id\":\"https:\/\/www.pescafish.it\/new\/prodotto\/canna-supera-x-11ft-pellet-waggler-preston-innovations\/#primaryimage\",\"inLanguage\":\"it-IT\",\"url\":\"https:\/\/www.pescafish.it\/new\/wp-content\/uploads\/2023\/06\/supera-pellet-waggler.jpg\",\"width\":1000,\"height\":1000,\"caption\":\"Canna USATA Supera X 11' Feeder - Preston Innovations\"},{\"@type\":\"WebPage\",\"@id\":\"https:\/\/www.pescafish.it\/new\/prodotto\/canna-supera-x-11ft-pellet-waggler-preston-innovations\/#webpage\",\"url\":\"https:\/\/www.pescafish.it\/new\/prodotto\/canna-supera-x-11ft-pellet-waggler-preston-innovations\/\",\"name\":\"Canna Supera X 11ft Pellet Waggler - Preston Innovations - Pesca Fish\",\"isPartOf\":{\"@id\":\"https:\/\/www.pescafish.it\/new\/#website\"},\"primaryImageOfPage\":{\"@id\":\"https:\/\/www.pescafish.it\/new\/prodotto\/canna-supera-x-11ft-pellet-waggler-preston-innovations\/#primaryimage\"},\"datePublished\":\"2023-06-19T15:46:52+00:00\",\"dateModified\":\"2023-06-19T15:46:54+00:00\",\"inLanguage\":\"it-IT\",\"potentialAction\":[{\"@type\":\"ReadAction\",\"target\":[\"https:\/\/www.pescafish.it\/new\/prodotto\/canna-supera-x-11ft-pellet-waggler-preston-innovations\/\"]}]}]}<\/script>\n<!-- \/ Yoast SEO plugin. -->","_links":{"self":[{"href":"https:\/\/www.pescafish.it\/new\/wp-json\/wp\/v2\/product\/88507"}],"collection":[{"href":"https:\/\/www.pescafish.it\/new\/wp-json\/wp\/v2\/product"}],"about":[{"href":"https:\/\/www.pescafish.it\/new\/wp-json\/wp\/v2\/types\/product"}],"replies":[{"embeddable":true,"href":"https:\/\/www.pescafish.it\/new\/wp-json\/wp\/v2\/comments?post=88507"}],"wp:featuredmedia":[{"embeddable":true,"href":"https:\/\/www.pescafish.it\/new\/wp-json\/wp\/v2\/media\/88508"}],"wp:attachment":[{"href":"https:\/\/www.pescafish.it\/new\/wp-json\/wp\/v2\/media?parent=88507"}],"wp:term":[{"taxonomy":"product_cat","embeddable":true,"href":"https:\/\/www.pescafish.it\/new\/wp-json\/wp\/v2\/product_cat?post=88507"},{"taxonomy":"product_tag","embeddable":true,"href":"https:\/\/www.pescafish.it\/new\/wp-json\/wp\/v2\/product_tag?post=88507"}],"curies":[{"name":"wp","href":"https:\/\/api.w.org\/{rel}","templated":true}]}}