{"id":88336,"date":"2023-06-14T16:35:01","date_gmt":"2023-06-14T14:35:01","guid":{"rendered":"https:\/\/www.pescafish.it\/new\/?post_type=product&#038;p=88336"},"modified":"2023-06-14T16:38:07","modified_gmt":"2023-06-14T14:38:07","slug":"outline-tee-black-korda","status":"publish","type":"product","link":"https:\/\/www.pescafish.it\/new\/prodotto\/outline-tee-black-korda\/","title":{"rendered":"Outline Tee Black\u00a0&#8211; Korda"},"content":{"rendered":"<h2>Outline Tee Black<\/h2>\n<p>La Outline Tee presenta un esclusivo logo in stile graffiti sul davanti che enuncia Korda a forma di carpa. Non solo \u00e8 la maglietta perfetta per la pesca alla carpa, \u00e8 elegante, unica e pu\u00f2 essere indossata ovunque. Sia che ti stia preparando per un fine settimana in banca o che ti mantenga casual tutti i giorni, la Outline Tee star\u00e0 benissimo.<\/p>\n<p>Non solo questa maglietta \u00e8 elegante, ma \u00e8 anche resistente. Con la capacit\u00e0 di resistere a lavaggi frequenti. Con una trama morbida e vellutata, questa maglietta \u00e8 perfetta per l&#8217;estate o per vestirsi a strati quando fa pi\u00f9 freddo.<\/p>\n<p>La maglietta Outline \u00e8 disponibile in tre colori classici: nero, oliva scuro e bordeaux, con taglie che vanno dalla piccola alla XXXL, c&#8217;\u00e8 una taglia adatta a tutti.<\/p>\n<p><strong>Disponibile nelle seguenti taglie:<\/strong><br \/>\n<strong>KCL744<\/strong>\u00a0 M<br \/>\n<strong>KCL745<\/strong>\u00a0 L<br \/>\n<strong>KCL746<\/strong>\u00a0 XL<br \/>\n<strong>KCL747<\/strong>\u00a0 XXL<\/p>\n","protected":false},"excerpt":{"rendered":"<p>Outline Tee Black La Outline Tee presenta un esclusivo logo in stile graffiti sul davanti che enuncia Korda a forma di carpa. Non solo \u00e8 la maglietta perfetta per la pesca alla carpa, \u00e8 elegante, unica e pu\u00f2 essere indossata ovunque. Sia che ti stia preparando per un fine settimana in banca o che ti [&hellip;]<\/p>\n","protected":false},"featured_media":88337,"comment_status":"closed","ping_status":"closed","template":"","meta":[],"product_cat":[771],"product_tag":[1018],"yoast_head":"<!-- This site is optimized with the Yoast SEO plugin v15.3 - https:\/\/yoast.com\/wordpress\/plugins\/seo\/ -->\n<title>Outline Tee Black\u00a0- Korda - Pesca Fish<\/title>\n<meta name=\"robots\" content=\"index, follow, max-snippet:-1, max-image-preview:large, max-video-preview:-1\" \/>\n<link rel=\"canonical\" href=\"https:\/\/www.pescafish.it\/new\/prodotto\/outline-tee-black-korda\/\" \/>\n<meta property=\"og:locale\" content=\"it_IT\" \/>\n<meta property=\"og:type\" content=\"article\" \/>\n<meta property=\"og:title\" content=\"Outline Tee Black\u00a0- Korda - Pesca Fish\" \/>\n<meta property=\"og:description\" content=\"Outline Tee Black La Outline Tee presenta un esclusivo logo in stile graffiti sul davanti che enuncia Korda a forma di carpa. Non solo \u00e8 la maglietta perfetta per la pesca alla carpa, \u00e8 elegante, unica e pu\u00f2 essere indossata ovunque. Sia che ti stia preparando per un fine settimana in banca o che ti [&hellip;]\" \/>\n<meta property=\"og:url\" content=\"https:\/\/www.pescafish.it\/new\/prodotto\/outline-tee-black-korda\/\" \/>\n<meta property=\"og:site_name\" content=\"Pesca Fish\" \/>\n<meta property=\"article:publisher\" content=\"https:\/\/www.facebook.com\/pescafishvr\/\" \/>\n<meta property=\"article:modified_time\" content=\"2023-06-14T14:38:07+00:00\" \/>\n<meta property=\"og:image\" content=\"https:\/\/www.pescafish.it\/new\/wp-content\/uploads\/2023\/06\/dd.jpg\" \/>\n\t<meta property=\"og:image:width\" content=\"789\" \/>\n\t<meta property=\"og:image:height\" content=\"794\" \/>\n<meta name=\"twitter:card\" content=\"summary_large_image\" \/>\n<meta name=\"twitter:label1\" content=\"Scritto da\">\n\t<meta name=\"twitter:data1\" content=\"francesca\">\n\t<meta name=\"twitter:label2\" content=\"Tempo di lettura stimato\">\n\t<meta name=\"twitter:data2\" content=\"1 minuto\">\n<script type=\"application\/ld+json\" class=\"yoast-schema-graph\">{\"@context\":\"https:\/\/schema.org\",\"@graph\":[{\"@type\":\"WebSite\",\"@id\":\"https:\/\/www.pescafish.it\/new\/#website\",\"url\":\"https:\/\/www.pescafish.it\/new\/\",\"name\":\"Pesca Fish\",\"description\":\"Benvenuti sul nostro sito!\",\"potentialAction\":[{\"@type\":\"SearchAction\",\"target\":\"https:\/\/www.pescafish.it\/new\/?s={search_term_string}\",\"query-input\":\"required name=search_term_string\"}],\"inLanguage\":\"it-IT\"},{\"@type\":\"ImageObject\",\"@id\":\"https:\/\/www.pescafish.it\/new\/prodotto\/outline-tee-black-korda\/#primaryimage\",\"inLanguage\":\"it-IT\",\"url\":\"https:\/\/www.pescafish.it\/new\/wp-content\/uploads\/2023\/06\/dd.jpg\",\"width\":789,\"height\":794,\"caption\":\"Korda\"},{\"@type\":\"WebPage\",\"@id\":\"https:\/\/www.pescafish.it\/new\/prodotto\/outline-tee-black-korda\/#webpage\",\"url\":\"https:\/\/www.pescafish.it\/new\/prodotto\/outline-tee-black-korda\/\",\"name\":\"Outline Tee Black\\u00a0- Korda - Pesca Fish\",\"isPartOf\":{\"@id\":\"https:\/\/www.pescafish.it\/new\/#website\"},\"primaryImageOfPage\":{\"@id\":\"https:\/\/www.pescafish.it\/new\/prodotto\/outline-tee-black-korda\/#primaryimage\"},\"datePublished\":\"2023-06-14T14:35:01+00:00\",\"dateModified\":\"2023-06-14T14:38:07+00:00\",\"inLanguage\":\"it-IT\",\"potentialAction\":[{\"@type\":\"ReadAction\",\"target\":[\"https:\/\/www.pescafish.it\/new\/prodotto\/outline-tee-black-korda\/\"]}]}]}<\/script>\n<!-- \/ Yoast SEO plugin. -->","_links":{"self":[{"href":"https:\/\/www.pescafish.it\/new\/wp-json\/wp\/v2\/product\/88336"}],"collection":[{"href":"https:\/\/www.pescafish.it\/new\/wp-json\/wp\/v2\/product"}],"about":[{"href":"https:\/\/www.pescafish.it\/new\/wp-json\/wp\/v2\/types\/product"}],"replies":[{"embeddable":true,"href":"https:\/\/www.pescafish.it\/new\/wp-json\/wp\/v2\/comments?post=88336"}],"wp:featuredmedia":[{"embeddable":true,"href":"https:\/\/www.pescafish.it\/new\/wp-json\/wp\/v2\/media\/88337"}],"wp:attachment":[{"href":"https:\/\/www.pescafish.it\/new\/wp-json\/wp\/v2\/media?parent=88336"}],"wp:term":[{"taxonomy":"product_cat","embeddable":true,"href":"https:\/\/www.pescafish.it\/new\/wp-json\/wp\/v2\/product_cat?post=88336"},{"taxonomy":"product_tag","embeddable":true,"href":"https:\/\/www.pescafish.it\/new\/wp-json\/wp\/v2\/product_tag?post=88336"}],"curies":[{"name":"wp","href":"https:\/\/api.w.org\/{rel}","templated":true}]}}