{"id":87401,"date":"2023-04-29T10:49:29","date_gmt":"2023-04-29T08:49:29","guid":{"rendered":"https:\/\/www.pescafish.it\/new\/?post_type=product&#038;p=87401"},"modified":"2025-04-10T15:47:59","modified_gmt":"2025-04-10T13:47:59","slug":"23-emblem-surf-45-scw-qd-fox","status":"publish","type":"product","link":"https:\/\/www.pescafish.it\/new\/prodotto\/23-emblem-surf-45-scw-qd-fox\/","title":{"rendered":"23 Emblem Surf 45 SCW QD &#8211; Daiwa"},"content":{"rendered":"<div id=\"panoramica\" class=\"avia-section av-ho9as-61e502ed6079a980b12bbc18e3eb0dec main_color avia-section-small avia-no-border-styling avia-builder-el-10 el_after_av_submenu el_before_av_section avia-bg-style-scroll container_wrap fullsize\">\n<div class=\"container av-section-cont-open\">\n<div class=\"template-page content av-content-full alpha units\">\n<div class=\"post-entry post-entry-type-page post-entry-5490\">\n<div class=\"entry-content-wrapper clearfix\">\n<div class=\"flex_column av-9k6n0-7a94405798cf9041e59e558118a64381 av_one_full avia-builder-el-12 el_after_av_hr el_before_av_one_full first flex_column_div av-zero-column-padding \">\n<div class=\"av-special-heading av-23bl38-6b804444250e05a2f1e84fff7245fdd7 av-special-heading-h3 blockquote elegant-quote elegant-centered avia-builder-el-13 avia-builder-el-no-sibling \">\n<h2 class=\"av-special-heading-tag\">23 Emblem Surf 45 SCW QD<\/h2>\n<\/div>\n<\/div>\n<div class=\"flex_column av-9k6n0-27-41661a76bdce3acc50dd1d6011d9bae5 av_one_full avia-builder-el-14 el_after_av_one_full avia-builder-el-last first flex_column_div av-zero-column-padding column-top-margin\">\n<section class=\"av_textblock_section av-kjog7pxe-96311308959451d17423dc3a6fef010f\">\n<div class=\"avia_textblock\">\n<p>Il nuovo Emblem nella versione da Surfcasting conferma la formula vincente del precedente modello, migliorandolo ulteriormente sia nella qualit\u00e0 costruttiva che nel look. Sia corpo che rotore sono stati costruiti nell\u2019innovativo materiale ZAION V: un materiale composito a base di carbonio, pi\u00f9 leggero e resistente rispetto ai materiali tradizionali e totalmente esente da corrosione. Il peso del nuovo Emblem si riduce infatti di 25 grammi rispetto alla precedente generazione. La nuova bobina da 45 \u00e8 Ultra Longa Cast con profilo Shallow (0,30-300 m) facilitando l\u2019utilizzo di fili sottili per massimizzare la distanza di lancio. Una seconda bobina Long Cast con capienza maggiore (0,35 \u2013 300 m) \u00e8 fornita in dotazione. Il sistema di imbobinamento pu\u00f2 contare sulla collaudata tecnologia Slow Cross Wrap, l\u2019imbobinamento lento a spire incrociate che garantisce una raccolta del filo ottimale.<\/p>\n<p>Anche il nuovo Emblem \u00e8 equipaggiato con archetto cavo di tipo Air Bail, mentre la frizione \u00e8 una QD di nuova generazione, pi\u00f9 modulabile e precisa rispetto alla precedente.<br \/>\nLa tecnologia Magsealed, la speciale membrana di olio magnetizzato brevettata da Daiwa, protegge la meccanica interna dall\u2019azione corrosiva della salsedine, caratteristica importante per l\u2019uso prolungato in ambiente marino.<\/p>\n<\/div>\n<\/section>\n<\/div>\n<\/div>\n<\/div>\n<\/div>\n<\/div>\n<\/div>\n<div id=\"caratteristiche\" class=\"avia-section av-ho9as-28-5efb3dcc00f6ca329e97a37449e81383 main_color avia-section-small avia-no-border-styling avia-builder-el-16 el_after_av_section el_before_av_section avia-bg-style-scroll container_wrap fullsize\">\n<div class=\"container av-section-cont-open\">\n<div class=\"template-page content av-content-full alpha units\">\n<div class=\"post-entry post-entry-type-page post-entry-5490\">\n<div class=\"entry-content-wrapper clearfix\">\n<div class=\"flex_column av-9k6n0-26-d314a580186f0c8c360174414c3f7df2 av_one_full avia-builder-el-17 el_before_av_one_third avia-builder-el-first first flex_column_div av-zero-column-padding \">\n<div class=\"av-special-heading av-26be9g-4f642422831c68dcdc92c73e13baba2b av-special-heading-h3 blockquote elegant-quote elegant-centered avia-builder-el-18 avia-builder-el-no-sibling \">\n<h3 class=\"av-special-heading-tag\"><span class=\"heading-wrap\">Caratteristiche:<\/span><\/h3>\n<\/div>\n<\/div>\n<div class=\"flex_column av-9k6n0-23-1daffb37735eed3cba9eb238ba5c2dd4 av_one_third avia-builder-el-19 el_after_av_one_full el_before_av_one_third first flex_column_div av-zero-column-padding column-top-margin\">\n<section class=\"av_textblock_section av-kjog7pxe-25-e95b1fa19df6429fc8e33e8bdc821c99\">\n<div class=\"avia_textblock\">\n<p>\u2022 Corpo in ZAION-V<br \/>\n\u2022 Rotore Air rotor in ZAION-V<br \/>\n\u2022 Digigear II<br \/>\n\u2022 Magsealed<br \/>\n\u2022 Frizione Quick Drag<br \/>\n\u2022 Bobina Long Cast in Alluminio da 45 mm<br \/>\n\u2022 Archetto Air Bail<br \/>\n\u2022 Rullino guidafilo Twist Buster II<br \/>\n\u2022 Infinity Anti-Reverse<br \/>\n\u2022 Leva di sblocco dell\u2019anti-ritorno<br \/>\n\u2022 Imbobinamento Slow Cross Wrap<br \/>\n\u2022 1 bobina di ricambio in dotazione<br \/>\n(da 0,35mm-300m)<\/p>\n<\/div>\n<\/section>\n<\/div>\n<\/div>\n<\/div>\n<\/div>\n<\/div>\n<\/div>\n","protected":false},"excerpt":{"rendered":"<p>23 Emblem Surf 45 SCW QD Il nuovo Emblem nella versione da Surfcasting conferma la formula vincente del precedente modello, migliorandolo ulteriormente sia nella qualit\u00e0 costruttiva che nel look. Sia corpo che rotore sono stati costruiti nell\u2019innovativo materiale ZAION V: un materiale composito a base di carbonio, pi\u00f9 leggero e resistente rispetto ai materiali tradizionali [&hellip;]<\/p>\n","protected":false},"featured_media":87402,"comment_status":"closed","ping_status":"closed","template":"","meta":[],"product_cat":[351],"product_tag":[1051],"yoast_head":"<!-- This site is optimized with the Yoast SEO plugin v15.3 - https:\/\/yoast.com\/wordpress\/plugins\/seo\/ -->\n<title>23 Emblem Surf 45 SCW QD - Daiwa - Pesca Fish<\/title>\n<meta name=\"robots\" content=\"index, follow, max-snippet:-1, max-image-preview:large, max-video-preview:-1\" \/>\n<link rel=\"canonical\" href=\"https:\/\/www.pescafish.it\/new\/prodotto\/23-emblem-surf-45-scw-qd-fox\/\" \/>\n<meta property=\"og:locale\" content=\"it_IT\" \/>\n<meta property=\"og:type\" content=\"article\" \/>\n<meta property=\"og:title\" content=\"23 Emblem Surf 45 SCW QD - Daiwa - Pesca Fish\" \/>\n<meta property=\"og:description\" content=\"23 Emblem Surf 45 SCW QD Il nuovo Emblem nella versione da Surfcasting conferma la formula vincente del precedente modello, migliorandolo ulteriormente sia nella qualit\u00e0 costruttiva che nel look. Sia corpo che rotore sono stati costruiti nell\u2019innovativo materiale ZAION V: un materiale composito a base di carbonio, pi\u00f9 leggero e resistente rispetto ai materiali tradizionali [&hellip;]\" \/>\n<meta property=\"og:url\" content=\"https:\/\/www.pescafish.it\/new\/prodotto\/23-emblem-surf-45-scw-qd-fox\/\" \/>\n<meta property=\"og:site_name\" content=\"Pesca Fish\" \/>\n<meta property=\"article:publisher\" content=\"https:\/\/www.facebook.com\/pescafishvr\/\" \/>\n<meta property=\"article:modified_time\" content=\"2025-04-10T13:47:59+00:00\" \/>\n<meta property=\"og:image\" content=\"https:\/\/www.pescafish.it\/new\/wp-content\/uploads\/2023\/04\/surf.jpg\" \/>\n\t<meta property=\"og:image:width\" content=\"789\" \/>\n\t<meta property=\"og:image:height\" content=\"794\" \/>\n<meta name=\"twitter:card\" content=\"summary_large_image\" \/>\n<meta name=\"twitter:label1\" content=\"Scritto da\">\n\t<meta name=\"twitter:data1\" content=\"francesca\">\n\t<meta name=\"twitter:label2\" content=\"Tempo di lettura stimato\">\n\t<meta name=\"twitter:data2\" content=\"1 minuto\">\n<script type=\"application\/ld+json\" class=\"yoast-schema-graph\">{\"@context\":\"https:\/\/schema.org\",\"@graph\":[{\"@type\":\"WebSite\",\"@id\":\"https:\/\/www.pescafish.it\/new\/#website\",\"url\":\"https:\/\/www.pescafish.it\/new\/\",\"name\":\"Pesca Fish\",\"description\":\"Benvenuti sul nostro sito!\",\"potentialAction\":[{\"@type\":\"SearchAction\",\"target\":\"https:\/\/www.pescafish.it\/new\/?s={search_term_string}\",\"query-input\":\"required name=search_term_string\"}],\"inLanguage\":\"it-IT\"},{\"@type\":\"ImageObject\",\"@id\":\"https:\/\/www.pescafish.it\/new\/prodotto\/23-emblem-surf-45-scw-qd-fox\/#primaryimage\",\"inLanguage\":\"it-IT\",\"url\":\"https:\/\/www.pescafish.it\/new\/wp-content\/uploads\/2023\/04\/surf.jpg\",\"width\":789,\"height\":794,\"caption\":\"Daiwa\"},{\"@type\":\"WebPage\",\"@id\":\"https:\/\/www.pescafish.it\/new\/prodotto\/23-emblem-surf-45-scw-qd-fox\/#webpage\",\"url\":\"https:\/\/www.pescafish.it\/new\/prodotto\/23-emblem-surf-45-scw-qd-fox\/\",\"name\":\"23 Emblem Surf 45 SCW QD - Daiwa - Pesca Fish\",\"isPartOf\":{\"@id\":\"https:\/\/www.pescafish.it\/new\/#website\"},\"primaryImageOfPage\":{\"@id\":\"https:\/\/www.pescafish.it\/new\/prodotto\/23-emblem-surf-45-scw-qd-fox\/#primaryimage\"},\"datePublished\":\"2023-04-29T08:49:29+00:00\",\"dateModified\":\"2025-04-10T13:47:59+00:00\",\"inLanguage\":\"it-IT\",\"potentialAction\":[{\"@type\":\"ReadAction\",\"target\":[\"https:\/\/www.pescafish.it\/new\/prodotto\/23-emblem-surf-45-scw-qd-fox\/\"]}]}]}<\/script>\n<!-- \/ Yoast SEO plugin. -->","_links":{"self":[{"href":"https:\/\/www.pescafish.it\/new\/wp-json\/wp\/v2\/product\/87401"}],"collection":[{"href":"https:\/\/www.pescafish.it\/new\/wp-json\/wp\/v2\/product"}],"about":[{"href":"https:\/\/www.pescafish.it\/new\/wp-json\/wp\/v2\/types\/product"}],"replies":[{"embeddable":true,"href":"https:\/\/www.pescafish.it\/new\/wp-json\/wp\/v2\/comments?post=87401"}],"wp:featuredmedia":[{"embeddable":true,"href":"https:\/\/www.pescafish.it\/new\/wp-json\/wp\/v2\/media\/87402"}],"wp:attachment":[{"href":"https:\/\/www.pescafish.it\/new\/wp-json\/wp\/v2\/media?parent=87401"}],"wp:term":[{"taxonomy":"product_cat","embeddable":true,"href":"https:\/\/www.pescafish.it\/new\/wp-json\/wp\/v2\/product_cat?post=87401"},{"taxonomy":"product_tag","embeddable":true,"href":"https:\/\/www.pescafish.it\/new\/wp-json\/wp\/v2\/product_tag?post=87401"}],"curies":[{"name":"wp","href":"https:\/\/api.w.org\/{rel}","templated":true}]}}