{"id":87123,"date":"2023-04-14T11:01:49","date_gmt":"2023-04-14T09:01:49","guid":{"rendered":"https:\/\/www.pescafish.it\/new\/?post_type=product&#038;p=87123"},"modified":"2023-04-14T11:01:50","modified_gmt":"2023-04-14T09:01:50","slug":"tiagra-hyper-line-trolling-igfa-shimano","status":"publish","type":"product","link":"https:\/\/www.pescafish.it\/new\/prodotto\/tiagra-hyper-line-trolling-igfa-shimano\/","title":{"rendered":"Tiagra Hyper Line Trolling IGFA &#8211; Shimano"},"content":{"rendered":"<p>Tiagra Hyper \u00e8 un mono per la pesca sportiva classificato IGFA che combina un&#8217;elevata resistenza all&#8217;abrasione con un&#8217;ottima elasticit\u00e0. Il Tiagra Hyper ha il miglior rapporto resistenza\/diametro disponibile nella linea di mono per big game di Shimano.<br \/>\nSe siete molto seri nella pesca di grosse prede o se pescate nei tornei IGFA, il Tiagra Hyper \u00e8 sicuramente nella vostra lista di lenze da prendere in considerazione. Questo filo colorato di blu diventa praticamente invisibile quando viene immerso e ha una resistenza prestigiosa con uno dei migliori rapporti resistenza\/diametro disponibili nell&#8217;elenco dei fili ufficiali IGFA. Con un&#8217;incredibile resistenza all&#8217;abrasione per superare le prove pi\u00f9 impegnative, il Tiagra Hyper ha un&#8217;elasticit\u00e0 ottimale per assorbire lo stile di combattimento aggressivo dei pesci d&#8217;acqua salata pi\u00f9 grandi e potenti del mondo.<br \/>\nDisponibile in bobine da 1000 m, Tiagra Hyper \u00e8 la scelta dei professionisti, in quanto consente di riempire correttamente molti mulinelli da una sola bobina. Con una memoria sorprendentemente bassa, che rende i nodi pi\u00f9 facili da eseguire e da stringere correttamente per eliminare gli slittamenti, potete essere certi che quando arriva il momento di sfidare voi stessi nell&#8217;ultima battaglia, il Tiagra Hyper non vi deluder\u00e0 mai.<\/p>\n<p><strong>Disponibile nelle seguenti misure:<\/strong><br \/>\n<strong>TGHP0301000CB<\/strong>\u00a0 30lb &#8211; 0,52mm<br \/>\n<strong>TGHP0501000CB\u00a0<\/strong> 50lb &#8211; 0,68mm<\/p>\n<p><strong>Bobina da 1000 metri<\/strong><\/p>\n","protected":false},"excerpt":{"rendered":"<p>Tiagra Hyper \u00e8 un mono per la pesca sportiva classificato IGFA che combina un&#8217;elevata resistenza all&#8217;abrasione con un&#8217;ottima elasticit\u00e0. Il Tiagra Hyper ha il miglior rapporto resistenza\/diametro disponibile nella linea di mono per big game di Shimano. Se siete molto seri nella pesca di grosse prede o se pescate nei tornei IGFA, il Tiagra Hyper [&hellip;]<\/p>\n","protected":false},"featured_media":87124,"comment_status":"closed","ping_status":"closed","template":"","meta":[],"product_cat":[712],"product_tag":[1023],"yoast_head":"<!-- This site is optimized with the Yoast SEO plugin v15.3 - https:\/\/yoast.com\/wordpress\/plugins\/seo\/ -->\n<title>Tiagra Hyper Line Trolling IGFA - Shimano - Pesca Fish<\/title>\n<meta name=\"robots\" content=\"index, follow, max-snippet:-1, max-image-preview:large, max-video-preview:-1\" \/>\n<link rel=\"canonical\" href=\"https:\/\/www.pescafish.it\/new\/prodotto\/tiagra-hyper-line-trolling-igfa-shimano\/\" \/>\n<meta property=\"og:locale\" content=\"it_IT\" \/>\n<meta property=\"og:type\" content=\"article\" \/>\n<meta property=\"og:title\" content=\"Tiagra Hyper Line Trolling IGFA - Shimano - Pesca Fish\" \/>\n<meta property=\"og:description\" content=\"Tiagra Hyper \u00e8 un mono per la pesca sportiva classificato IGFA che combina un&#8217;elevata resistenza all&#8217;abrasione con un&#8217;ottima elasticit\u00e0. Il Tiagra Hyper ha il miglior rapporto resistenza\/diametro disponibile nella linea di mono per big game di Shimano. Se siete molto seri nella pesca di grosse prede o se pescate nei tornei IGFA, il Tiagra Hyper [&hellip;]\" \/>\n<meta property=\"og:url\" content=\"https:\/\/www.pescafish.it\/new\/prodotto\/tiagra-hyper-line-trolling-igfa-shimano\/\" \/>\n<meta property=\"og:site_name\" content=\"Pesca Fish\" \/>\n<meta property=\"article:publisher\" content=\"https:\/\/www.facebook.com\/pescafishvr\/\" \/>\n<meta property=\"article:modified_time\" content=\"2023-04-14T09:01:50+00:00\" \/>\n<meta property=\"og:image\" content=\"https:\/\/www.pescafish.it\/new\/wp-content\/uploads\/2023\/04\/tiagra-hyper-trol-igfa.jpg\" \/>\n\t<meta property=\"og:image:width\" content=\"1000\" \/>\n\t<meta property=\"og:image:height\" content=\"1000\" \/>\n<meta name=\"twitter:card\" content=\"summary_large_image\" \/>\n<meta name=\"twitter:label1\" content=\"Scritto da\">\n\t<meta name=\"twitter:data1\" content=\"francesca\">\n\t<meta name=\"twitter:label2\" content=\"Tempo di lettura stimato\">\n\t<meta name=\"twitter:data2\" content=\"1 minuto\">\n<script type=\"application\/ld+json\" class=\"yoast-schema-graph\">{\"@context\":\"https:\/\/schema.org\",\"@graph\":[{\"@type\":\"WebSite\",\"@id\":\"https:\/\/www.pescafish.it\/new\/#website\",\"url\":\"https:\/\/www.pescafish.it\/new\/\",\"name\":\"Pesca Fish\",\"description\":\"Benvenuti sul nostro sito!\",\"potentialAction\":[{\"@type\":\"SearchAction\",\"target\":\"https:\/\/www.pescafish.it\/new\/?s={search_term_string}\",\"query-input\":\"required name=search_term_string\"}],\"inLanguage\":\"it-IT\"},{\"@type\":\"ImageObject\",\"@id\":\"https:\/\/www.pescafish.it\/new\/prodotto\/tiagra-hyper-line-trolling-igfa-shimano\/#primaryimage\",\"inLanguage\":\"it-IT\",\"url\":\"https:\/\/www.pescafish.it\/new\/wp-content\/uploads\/2023\/04\/tiagra-hyper-trol-igfa.jpg\",\"width\":1000,\"height\":1000,\"caption\":\"tiagra hyper troll igfa shimano\"},{\"@type\":\"WebPage\",\"@id\":\"https:\/\/www.pescafish.it\/new\/prodotto\/tiagra-hyper-line-trolling-igfa-shimano\/#webpage\",\"url\":\"https:\/\/www.pescafish.it\/new\/prodotto\/tiagra-hyper-line-trolling-igfa-shimano\/\",\"name\":\"Tiagra Hyper Line Trolling IGFA - Shimano - Pesca Fish\",\"isPartOf\":{\"@id\":\"https:\/\/www.pescafish.it\/new\/#website\"},\"primaryImageOfPage\":{\"@id\":\"https:\/\/www.pescafish.it\/new\/prodotto\/tiagra-hyper-line-trolling-igfa-shimano\/#primaryimage\"},\"datePublished\":\"2023-04-14T09:01:49+00:00\",\"dateModified\":\"2023-04-14T09:01:50+00:00\",\"inLanguage\":\"it-IT\",\"potentialAction\":[{\"@type\":\"ReadAction\",\"target\":[\"https:\/\/www.pescafish.it\/new\/prodotto\/tiagra-hyper-line-trolling-igfa-shimano\/\"]}]}]}<\/script>\n<!-- \/ Yoast SEO plugin. -->","_links":{"self":[{"href":"https:\/\/www.pescafish.it\/new\/wp-json\/wp\/v2\/product\/87123"}],"collection":[{"href":"https:\/\/www.pescafish.it\/new\/wp-json\/wp\/v2\/product"}],"about":[{"href":"https:\/\/www.pescafish.it\/new\/wp-json\/wp\/v2\/types\/product"}],"replies":[{"embeddable":true,"href":"https:\/\/www.pescafish.it\/new\/wp-json\/wp\/v2\/comments?post=87123"}],"wp:featuredmedia":[{"embeddable":true,"href":"https:\/\/www.pescafish.it\/new\/wp-json\/wp\/v2\/media\/87124"}],"wp:attachment":[{"href":"https:\/\/www.pescafish.it\/new\/wp-json\/wp\/v2\/media?parent=87123"}],"wp:term":[{"taxonomy":"product_cat","embeddable":true,"href":"https:\/\/www.pescafish.it\/new\/wp-json\/wp\/v2\/product_cat?post=87123"},{"taxonomy":"product_tag","embeddable":true,"href":"https:\/\/www.pescafish.it\/new\/wp-json\/wp\/v2\/product_tag?post=87123"}],"curies":[{"name":"wp","href":"https:\/\/api.w.org\/{rel}","templated":true}]}}