{"id":87072,"date":"2023-04-12T11:50:30","date_gmt":"2023-04-12T09:50:30","guid":{"rendered":"https:\/\/www.pescafish.it\/new\/?post_type=product&#038;p=87072"},"modified":"2023-04-12T17:11:57","modified_gmt":"2023-04-12T15:11:57","slug":"canna-sephia-xr-spinning-shimano","status":"publish","type":"product","link":"https:\/\/www.pescafish.it\/new\/prodotto\/canna-sephia-xr-spinning-shimano\/","title":{"rendered":"Canna Sephia XR Spinning &#8211; Shimano"},"content":{"rendered":"<p>La SEPHIA XR \u00e8 una delle canne EGI premium di SHIMANO. Realizzata con i migliori materiali e le migliori tecnologie di casa SHIMANO, sapr\u00e0 soddisfare le esigenze dei pescatori che non scendono a compromessi con la proprio attrezzatura. Abbinala con il mulinello SEPHIA XR per una combo da paura.<br \/>\nLa SEPHIA XR porta il design e la costruzione delle canne a nuovi livelli. Se tu sei un fanatico della ai cefalopodi, questa \u00e8 la gamma SHIMANO pi\u00f9 avanzata disponibile in Europa. Sviluppato in Giappone dagli esperti SHIMANO, la SEPHIA XR ha un costo importante ma sar\u00e0 un investimento che si far\u00e0 sempre apprezzare. Una straordinaria gamma di canne che soddisfer\u00e0 e superer\u00e0 le vostre aspettative, off rendo le prestazioni che hai sempre desiderato.<\/p>\n<p><strong>Disponibile nei seguenti modelli:<\/strong><\/p>\n<table style=\"height: 69px; width: 100%; border-collapse: collapse; border-color: #000000;\" border=\"2\">\n<tbody>\n<tr style=\"height: 23px;\">\n<td style=\"width: 16.6667%; height: 23px; text-align: center;\"><strong>Modello<\/strong><\/td>\n<td style=\"width: 16.6667%; height: 23px; text-align: center;\"><strong>Lunghezza<\/strong><\/td>\n<td style=\"width: 16.6667%; height: 23px; text-align: center;\"><strong>Ingombro<\/strong><\/td>\n<td style=\"width: 16.6667%; height: 23px; text-align: center;\"><strong>N\u00b0 sezioni<\/strong><\/td>\n<td style=\"width: 16.6667%; height: 23px; text-align: center;\"><strong>Peso<\/strong><\/td>\n<td style=\"width: 16.6667%; height: 23px; text-align: center;\"><strong>EGI<\/strong><\/td>\n<\/tr>\n<tr style=\"height: 23px;\">\n<td style=\"width: 16.6667%; height: 23px; text-align: center;\"><strong>SEXRS83ML<\/strong><\/td>\n<td style=\"width: 16.6667%; height: 23px; text-align: center;\">8,3ft &#8211; 2,51m<\/td>\n<td style=\"width: 16.6667%; height: 23px; text-align: center;\">129cm<\/td>\n<td style=\"width: 16.6667%; height: 23px; text-align: center;\">2<\/td>\n<td style=\"width: 16.6667%; height: 23px; text-align: center;\">99g<\/td>\n<td style=\"width: 16.6667%; height: 23px; text-align: center;\">1,8-3,8<\/td>\n<\/tr>\n<tr style=\"height: 23px;\">\n<td style=\"width: 16.6667%; height: 23px; text-align: center;\"><strong>SEXRS86MH<\/strong><\/td>\n<td style=\"width: 16.6667%; height: 23px; text-align: center;\">8,6ft &#8211; 2,59m<\/td>\n<td style=\"width: 16.6667%; height: 23px; text-align: center;\">133cm<\/td>\n<td style=\"width: 16.6667%; height: 23px; text-align: center;\">2<\/td>\n<td style=\"width: 16.6667%; height: 23px; text-align: center;\">107g<\/td>\n<td style=\"width: 16.6667%; height: 23px; text-align: center;\">2,5-4,5<\/td>\n<\/tr>\n<\/tbody>\n<\/table>\n<p><span style=\"color: #ff0000;\"><strong>DUE ANNI DI GARANZIA<\/strong><\/span><br \/>\n<span style=\"color: #ff0000;\"><strong>Da oggi per avere il TERZO ANNO DI GARANZIA, collegati al nuovo portale e registra il tuo prodotto su:<\/strong><\/span><br \/>\n<span style=\"color: #000000; background-color: #ffff00;\"><strong><a style=\"color: #000000; background-color: #ffff00;\" href=\"http:\/\/www.shimanofishnetwork.it\/garanzia\/sign_in\">http:\/\/www.shimanofishnetwork.it\/garanzia\/sign_in<\/a><\/strong><\/span><\/p>\n","protected":false},"excerpt":{"rendered":"<p>La SEPHIA XR \u00e8 una delle canne EGI premium di SHIMANO. Realizzata con i migliori materiali e le migliori tecnologie di casa SHIMANO, sapr\u00e0 soddisfare le esigenze dei pescatori che non scendono a compromessi con la proprio attrezzatura. Abbinala con il mulinello SEPHIA XR per una combo da paura. La SEPHIA XR porta il design [&hellip;]<\/p>\n","protected":false},"featured_media":87073,"comment_status":"closed","ping_status":"closed","template":"","meta":[],"product_cat":[1263],"product_tag":[1023],"yoast_head":"<!-- This site is optimized with the Yoast SEO plugin v15.3 - https:\/\/yoast.com\/wordpress\/plugins\/seo\/ -->\n<title>Canna Sephia XR Spinning - Shimano - Pesca Fish<\/title>\n<meta name=\"robots\" content=\"index, follow, max-snippet:-1, max-image-preview:large, max-video-preview:-1\" \/>\n<link rel=\"canonical\" href=\"https:\/\/www.pescafish.it\/new\/prodotto\/canna-sephia-xr-spinning-shimano\/\" \/>\n<meta property=\"og:locale\" content=\"it_IT\" \/>\n<meta property=\"og:type\" content=\"article\" \/>\n<meta property=\"og:title\" content=\"Canna Sephia XR Spinning - Shimano - Pesca Fish\" \/>\n<meta property=\"og:description\" content=\"La SEPHIA XR \u00e8 una delle canne EGI premium di SHIMANO. Realizzata con i migliori materiali e le migliori tecnologie di casa SHIMANO, sapr\u00e0 soddisfare le esigenze dei pescatori che non scendono a compromessi con la proprio attrezzatura. Abbinala con il mulinello SEPHIA XR per una combo da paura. La SEPHIA XR porta il design [&hellip;]\" \/>\n<meta property=\"og:url\" content=\"https:\/\/www.pescafish.it\/new\/prodotto\/canna-sephia-xr-spinning-shimano\/\" \/>\n<meta property=\"og:site_name\" content=\"Pesca Fish\" \/>\n<meta property=\"article:publisher\" content=\"https:\/\/www.facebook.com\/pescafishvr\/\" \/>\n<meta property=\"article:modified_time\" content=\"2023-04-12T15:11:57+00:00\" \/>\n<meta property=\"og:image\" content=\"https:\/\/www.pescafish.it\/new\/wp-content\/uploads\/2023\/04\/sephia-xr-spinning.jpg\" \/>\n\t<meta property=\"og:image:width\" content=\"1000\" \/>\n\t<meta property=\"og:image:height\" content=\"1000\" \/>\n<meta name=\"twitter:card\" content=\"summary_large_image\" \/>\n<meta name=\"twitter:label1\" content=\"Scritto da\">\n\t<meta name=\"twitter:data1\" content=\"francesca\">\n\t<meta name=\"twitter:label2\" content=\"Tempo di lettura stimato\">\n\t<meta name=\"twitter:data2\" content=\"1 minuto\">\n<script type=\"application\/ld+json\" class=\"yoast-schema-graph\">{\"@context\":\"https:\/\/schema.org\",\"@graph\":[{\"@type\":\"WebSite\",\"@id\":\"https:\/\/www.pescafish.it\/new\/#website\",\"url\":\"https:\/\/www.pescafish.it\/new\/\",\"name\":\"Pesca Fish\",\"description\":\"Benvenuti sul nostro sito!\",\"potentialAction\":[{\"@type\":\"SearchAction\",\"target\":\"https:\/\/www.pescafish.it\/new\/?s={search_term_string}\",\"query-input\":\"required name=search_term_string\"}],\"inLanguage\":\"it-IT\"},{\"@type\":\"ImageObject\",\"@id\":\"https:\/\/www.pescafish.it\/new\/prodotto\/canna-sephia-xr-spinning-shimano\/#primaryimage\",\"inLanguage\":\"it-IT\",\"url\":\"https:\/\/www.pescafish.it\/new\/wp-content\/uploads\/2023\/04\/sephia-xr-spinning.jpg\",\"width\":1000,\"height\":1000,\"caption\":\"sephia xr spinning shimano\"},{\"@type\":\"WebPage\",\"@id\":\"https:\/\/www.pescafish.it\/new\/prodotto\/canna-sephia-xr-spinning-shimano\/#webpage\",\"url\":\"https:\/\/www.pescafish.it\/new\/prodotto\/canna-sephia-xr-spinning-shimano\/\",\"name\":\"Canna Sephia XR Spinning - Shimano - Pesca Fish\",\"isPartOf\":{\"@id\":\"https:\/\/www.pescafish.it\/new\/#website\"},\"primaryImageOfPage\":{\"@id\":\"https:\/\/www.pescafish.it\/new\/prodotto\/canna-sephia-xr-spinning-shimano\/#primaryimage\"},\"datePublished\":\"2023-04-12T09:50:30+00:00\",\"dateModified\":\"2023-04-12T15:11:57+00:00\",\"inLanguage\":\"it-IT\",\"potentialAction\":[{\"@type\":\"ReadAction\",\"target\":[\"https:\/\/www.pescafish.it\/new\/prodotto\/canna-sephia-xr-spinning-shimano\/\"]}]}]}<\/script>\n<!-- \/ Yoast SEO plugin. -->","_links":{"self":[{"href":"https:\/\/www.pescafish.it\/new\/wp-json\/wp\/v2\/product\/87072"}],"collection":[{"href":"https:\/\/www.pescafish.it\/new\/wp-json\/wp\/v2\/product"}],"about":[{"href":"https:\/\/www.pescafish.it\/new\/wp-json\/wp\/v2\/types\/product"}],"replies":[{"embeddable":true,"href":"https:\/\/www.pescafish.it\/new\/wp-json\/wp\/v2\/comments?post=87072"}],"wp:featuredmedia":[{"embeddable":true,"href":"https:\/\/www.pescafish.it\/new\/wp-json\/wp\/v2\/media\/87073"}],"wp:attachment":[{"href":"https:\/\/www.pescafish.it\/new\/wp-json\/wp\/v2\/media?parent=87072"}],"wp:term":[{"taxonomy":"product_cat","embeddable":true,"href":"https:\/\/www.pescafish.it\/new\/wp-json\/wp\/v2\/product_cat?post=87072"},{"taxonomy":"product_tag","embeddable":true,"href":"https:\/\/www.pescafish.it\/new\/wp-json\/wp\/v2\/product_tag?post=87072"}],"curies":[{"name":"wp","href":"https:\/\/api.w.org\/{rel}","templated":true}]}}