{"id":86812,"date":"2023-03-28T11:20:54","date_gmt":"2023-03-28T09:20:54","guid":{"rendered":"https:\/\/www.pescafish.it\/new\/?post_type=product&#038;p=86812"},"modified":"2023-03-28T11:20:55","modified_gmt":"2023-03-28T09:20:55","slug":"kore-olive-zip-hoodie-korda","status":"publish","type":"product","link":"https:\/\/www.pescafish.it\/new\/prodotto\/kore-olive-zip-hoodie-korda\/","title":{"rendered":"Kore Olive Zip Hoodie &#8211; Korda"},"content":{"rendered":"<h2 class=\"title\">Kore Olive Zip Hoodie<\/h2>\n<p>Questa felpa con cappuccio con zip \u00e8 progettata per essere funzionale ed elegante. \u00c8 realizzato con un materiale in pile a coste, che lo rende abbastanza caldo da poter essere indossato come strato superiore durante i mesi pi\u00f9 caldi o insieme ad altri strati durante l&#8217;inverno. \u00c8 molto comodo da indossare, con zip di alta qualit\u00e0 e gancio con coulisse, insieme a tasche scaldamani. Si adatta abbastanza comodamente da trattenere il calore corporeo, ma non \u00e8 abbastanza stretto da limitare i movimenti come il lancio. Anche se progettato per la pesca, \u00e8 elegante e non apparirebbe fuori posto in nessun evento all&#8217;aperto.<\/p>\n<p><strong>Disponibile nelle seguenti taglie:<\/strong><br \/>\n<strong>KCL224<\/strong>\u00a0 M<br \/>\n<strong>KCL225<\/strong>\u00a0 L<br \/>\n<strong>KCL226<\/strong>\u00a0 XL<\/p>\n","protected":false},"excerpt":{"rendered":"<p>Kore Olive Zip Hoodie Questa felpa con cappuccio con zip \u00e8 progettata per essere funzionale ed elegante. \u00c8 realizzato con un materiale in pile a coste, che lo rende abbastanza caldo da poter essere indossato come strato superiore durante i mesi pi\u00f9 caldi o insieme ad altri strati durante l&#8217;inverno. \u00c8 molto comodo da indossare, [&hellip;]<\/p>\n","protected":false},"featured_media":86813,"comment_status":"closed","ping_status":"closed","template":"","meta":[],"product_cat":[771],"product_tag":[1018],"yoast_head":"<!-- This site is optimized with the Yoast SEO plugin v15.3 - https:\/\/yoast.com\/wordpress\/plugins\/seo\/ -->\n<title>Kore Olive Zip Hoodie - Korda - Pesca Fish<\/title>\n<meta name=\"robots\" content=\"index, follow, max-snippet:-1, max-image-preview:large, max-video-preview:-1\" \/>\n<link rel=\"canonical\" href=\"https:\/\/www.pescafish.it\/new\/prodotto\/kore-olive-zip-hoodie-korda\/\" \/>\n<meta property=\"og:locale\" content=\"it_IT\" \/>\n<meta property=\"og:type\" content=\"article\" \/>\n<meta property=\"og:title\" content=\"Kore Olive Zip Hoodie - Korda - Pesca Fish\" \/>\n<meta property=\"og:description\" content=\"Kore Olive Zip Hoodie Questa felpa con cappuccio con zip \u00e8 progettata per essere funzionale ed elegante. \u00c8 realizzato con un materiale in pile a coste, che lo rende abbastanza caldo da poter essere indossato come strato superiore durante i mesi pi\u00f9 caldi o insieme ad altri strati durante l&#8217;inverno. \u00c8 molto comodo da indossare, [&hellip;]\" \/>\n<meta property=\"og:url\" content=\"https:\/\/www.pescafish.it\/new\/prodotto\/kore-olive-zip-hoodie-korda\/\" \/>\n<meta property=\"og:site_name\" content=\"Pesca Fish\" \/>\n<meta property=\"article:publisher\" content=\"https:\/\/www.facebook.com\/pescafishvr\/\" \/>\n<meta property=\"article:modified_time\" content=\"2023-03-28T09:20:55+00:00\" \/>\n<meta property=\"og:image\" content=\"https:\/\/www.pescafish.it\/new\/wp-content\/uploads\/2023\/03\/ffs-1.jpg\" \/>\n\t<meta property=\"og:image:width\" content=\"789\" \/>\n\t<meta property=\"og:image:height\" content=\"794\" \/>\n<meta name=\"twitter:card\" content=\"summary_large_image\" \/>\n<meta name=\"twitter:label1\" content=\"Scritto da\">\n\t<meta name=\"twitter:data1\" content=\"francesca\">\n\t<meta name=\"twitter:label2\" content=\"Tempo di lettura stimato\">\n\t<meta name=\"twitter:data2\" content=\"0 minuti\">\n<script type=\"application\/ld+json\" class=\"yoast-schema-graph\">{\"@context\":\"https:\/\/schema.org\",\"@graph\":[{\"@type\":\"WebSite\",\"@id\":\"https:\/\/www.pescafish.it\/new\/#website\",\"url\":\"https:\/\/www.pescafish.it\/new\/\",\"name\":\"Pesca Fish\",\"description\":\"Benvenuti sul nostro sito!\",\"potentialAction\":[{\"@type\":\"SearchAction\",\"target\":\"https:\/\/www.pescafish.it\/new\/?s={search_term_string}\",\"query-input\":\"required name=search_term_string\"}],\"inLanguage\":\"it-IT\"},{\"@type\":\"ImageObject\",\"@id\":\"https:\/\/www.pescafish.it\/new\/prodotto\/kore-olive-zip-hoodie-korda\/#primaryimage\",\"inLanguage\":\"it-IT\",\"url\":\"https:\/\/www.pescafish.it\/new\/wp-content\/uploads\/2023\/03\/ffs-1.jpg\",\"width\":789,\"height\":794,\"caption\":\"Korda\"},{\"@type\":\"WebPage\",\"@id\":\"https:\/\/www.pescafish.it\/new\/prodotto\/kore-olive-zip-hoodie-korda\/#webpage\",\"url\":\"https:\/\/www.pescafish.it\/new\/prodotto\/kore-olive-zip-hoodie-korda\/\",\"name\":\"Kore Olive Zip Hoodie - Korda - Pesca Fish\",\"isPartOf\":{\"@id\":\"https:\/\/www.pescafish.it\/new\/#website\"},\"primaryImageOfPage\":{\"@id\":\"https:\/\/www.pescafish.it\/new\/prodotto\/kore-olive-zip-hoodie-korda\/#primaryimage\"},\"datePublished\":\"2023-03-28T09:20:54+00:00\",\"dateModified\":\"2023-03-28T09:20:55+00:00\",\"inLanguage\":\"it-IT\",\"potentialAction\":[{\"@type\":\"ReadAction\",\"target\":[\"https:\/\/www.pescafish.it\/new\/prodotto\/kore-olive-zip-hoodie-korda\/\"]}]}]}<\/script>\n<!-- \/ Yoast SEO plugin. -->","_links":{"self":[{"href":"https:\/\/www.pescafish.it\/new\/wp-json\/wp\/v2\/product\/86812"}],"collection":[{"href":"https:\/\/www.pescafish.it\/new\/wp-json\/wp\/v2\/product"}],"about":[{"href":"https:\/\/www.pescafish.it\/new\/wp-json\/wp\/v2\/types\/product"}],"replies":[{"embeddable":true,"href":"https:\/\/www.pescafish.it\/new\/wp-json\/wp\/v2\/comments?post=86812"}],"wp:featuredmedia":[{"embeddable":true,"href":"https:\/\/www.pescafish.it\/new\/wp-json\/wp\/v2\/media\/86813"}],"wp:attachment":[{"href":"https:\/\/www.pescafish.it\/new\/wp-json\/wp\/v2\/media?parent=86812"}],"wp:term":[{"taxonomy":"product_cat","embeddable":true,"href":"https:\/\/www.pescafish.it\/new\/wp-json\/wp\/v2\/product_cat?post=86812"},{"taxonomy":"product_tag","embeddable":true,"href":"https:\/\/www.pescafish.it\/new\/wp-json\/wp\/v2\/product_tag?post=86812"}],"curies":[{"name":"wp","href":"https:\/\/api.w.org\/{rel}","templated":true}]}}