{"id":85661,"date":"2023-02-01T12:27:19","date_gmt":"2023-02-01T11:27:19","guid":{"rendered":"https:\/\/www.pescafish.it\/new\/?post_type=product&#038;p=85661"},"modified":"2023-12-01T11:58:11","modified_gmt":"2023-12-01T10:58:11","slug":"any-chair-side-tray-korum","status":"publish","type":"product","link":"https:\/\/www.pescafish.it\/new\/prodotto\/any-chair-side-tray-korum\/","title":{"rendered":"Any Chair Side Tray &#8211; Korum"},"content":{"rendered":"<p>Il vassoio laterale Any Chair consente di collegare un robusto vassoio laterale direttamente alla sedia da pesca. \u00c8 l&#8217;accessorio definitivo per il pescatore organizzato, poich\u00e9 questo vassoio laterale porter\u00e0 facilmente attrezzatura, esche e bevande.<br \/>\nIl sistema Any Chair trasforma le sedie in una stazione di attrezzatura completamente modulare. Basta aprire la boccola per adattarla alla gamba della sedia e utilizzare gli inserti in dotazione per ottenere la migliore vestibilit\u00e0. \u00c8 possibile regolare l&#8217;angolo con il sistema a volantino per una configurazione perfetta. Fornito con inserti per tondo da 23 mm, tondo da 25 mm e quadrato da 23 mm. Si adatta direttamente alle sedie Korum X25 e S23 Accessory (si adatta anche a tutte le altre sedie).<\/p>\n","protected":false},"excerpt":{"rendered":"<p>Il vassoio laterale Any Chair consente di collegare un robusto vassoio laterale direttamente alla sedia da pesca. \u00c8 l&#8217;accessorio definitivo per il pescatore organizzato, poich\u00e9 questo vassoio laterale porter\u00e0 facilmente attrezzatura, esche e bevande. Il sistema Any Chair trasforma le sedie in una stazione di attrezzatura completamente modulare. Basta aprire la boccola per adattarla alla [&hellip;]<\/p>\n","protected":false},"featured_media":85662,"comment_status":"closed","ping_status":"closed","template":"","meta":[],"product_cat":[189],"product_tag":[1031],"yoast_head":"<!-- This site is optimized with the Yoast SEO plugin v15.3 - https:\/\/yoast.com\/wordpress\/plugins\/seo\/ -->\n<title>Any Chair Side Tray - Korum - Pesca Fish<\/title>\n<meta name=\"robots\" content=\"index, follow, max-snippet:-1, max-image-preview:large, max-video-preview:-1\" \/>\n<link rel=\"canonical\" href=\"https:\/\/www.pescafish.it\/new\/prodotto\/any-chair-side-tray-korum\/\" \/>\n<meta property=\"og:locale\" content=\"it_IT\" \/>\n<meta property=\"og:type\" content=\"article\" \/>\n<meta property=\"og:title\" content=\"Any Chair Side Tray - Korum - Pesca Fish\" \/>\n<meta property=\"og:description\" content=\"Il vassoio laterale Any Chair consente di collegare un robusto vassoio laterale direttamente alla sedia da pesca. \u00c8 l&#8217;accessorio definitivo per il pescatore organizzato, poich\u00e9 questo vassoio laterale porter\u00e0 facilmente attrezzatura, esche e bevande. Il sistema Any Chair trasforma le sedie in una stazione di attrezzatura completamente modulare. Basta aprire la boccola per adattarla alla [&hellip;]\" \/>\n<meta property=\"og:url\" content=\"https:\/\/www.pescafish.it\/new\/prodotto\/any-chair-side-tray-korum\/\" \/>\n<meta property=\"og:site_name\" content=\"Pesca Fish\" \/>\n<meta property=\"article:publisher\" content=\"https:\/\/www.facebook.com\/pescafishvr\/\" \/>\n<meta property=\"article:modified_time\" content=\"2023-12-01T10:58:11+00:00\" \/>\n<meta property=\"og:image\" content=\"https:\/\/www.pescafish.it\/new\/wp-content\/uploads\/2023\/02\/any-chair-side-tray.jpg\" \/>\n\t<meta property=\"og:image:width\" content=\"709\" \/>\n\t<meta property=\"og:image:height\" content=\"709\" \/>\n<meta name=\"twitter:card\" content=\"summary_large_image\" \/>\n<meta name=\"twitter:label1\" content=\"Scritto da\">\n\t<meta name=\"twitter:data1\" content=\"francesca\">\n\t<meta name=\"twitter:label2\" content=\"Tempo di lettura stimato\">\n\t<meta name=\"twitter:data2\" content=\"0 minuti\">\n<script type=\"application\/ld+json\" class=\"yoast-schema-graph\">{\"@context\":\"https:\/\/schema.org\",\"@graph\":[{\"@type\":\"WebSite\",\"@id\":\"https:\/\/www.pescafish.it\/new\/#website\",\"url\":\"https:\/\/www.pescafish.it\/new\/\",\"name\":\"Pesca Fish\",\"description\":\"Benvenuti sul nostro sito!\",\"potentialAction\":[{\"@type\":\"SearchAction\",\"target\":\"https:\/\/www.pescafish.it\/new\/?s={search_term_string}\",\"query-input\":\"required name=search_term_string\"}],\"inLanguage\":\"it-IT\"},{\"@type\":\"ImageObject\",\"@id\":\"https:\/\/www.pescafish.it\/new\/prodotto\/any-chair-side-tray-korum\/#primaryimage\",\"inLanguage\":\"it-IT\",\"url\":\"https:\/\/www.pescafish.it\/new\/wp-content\/uploads\/2023\/02\/any-chair-side-tray.jpg\",\"width\":709,\"height\":709,\"caption\":\"any chair side tray korum\"},{\"@type\":\"WebPage\",\"@id\":\"https:\/\/www.pescafish.it\/new\/prodotto\/any-chair-side-tray-korum\/#webpage\",\"url\":\"https:\/\/www.pescafish.it\/new\/prodotto\/any-chair-side-tray-korum\/\",\"name\":\"Any Chair Side Tray - Korum - Pesca Fish\",\"isPartOf\":{\"@id\":\"https:\/\/www.pescafish.it\/new\/#website\"},\"primaryImageOfPage\":{\"@id\":\"https:\/\/www.pescafish.it\/new\/prodotto\/any-chair-side-tray-korum\/#primaryimage\"},\"datePublished\":\"2023-02-01T11:27:19+00:00\",\"dateModified\":\"2023-12-01T10:58:11+00:00\",\"inLanguage\":\"it-IT\",\"potentialAction\":[{\"@type\":\"ReadAction\",\"target\":[\"https:\/\/www.pescafish.it\/new\/prodotto\/any-chair-side-tray-korum\/\"]}]}]}<\/script>\n<!-- \/ Yoast SEO plugin. -->","_links":{"self":[{"href":"https:\/\/www.pescafish.it\/new\/wp-json\/wp\/v2\/product\/85661"}],"collection":[{"href":"https:\/\/www.pescafish.it\/new\/wp-json\/wp\/v2\/product"}],"about":[{"href":"https:\/\/www.pescafish.it\/new\/wp-json\/wp\/v2\/types\/product"}],"replies":[{"embeddable":true,"href":"https:\/\/www.pescafish.it\/new\/wp-json\/wp\/v2\/comments?post=85661"}],"wp:featuredmedia":[{"embeddable":true,"href":"https:\/\/www.pescafish.it\/new\/wp-json\/wp\/v2\/media\/85662"}],"wp:attachment":[{"href":"https:\/\/www.pescafish.it\/new\/wp-json\/wp\/v2\/media?parent=85661"}],"wp:term":[{"taxonomy":"product_cat","embeddable":true,"href":"https:\/\/www.pescafish.it\/new\/wp-json\/wp\/v2\/product_cat?post=85661"},{"taxonomy":"product_tag","embeddable":true,"href":"https:\/\/www.pescafish.it\/new\/wp-json\/wp\/v2\/product_tag?post=85661"}],"curies":[{"name":"wp","href":"https:\/\/api.w.org\/{rel}","templated":true}]}}