{"id":85630,"date":"2023-01-31T17:00:53","date_gmt":"2023-01-31T16:00:53","guid":{"rendered":"https:\/\/www.pescafish.it\/new\/?post_type=product&#038;p=85630"},"modified":"2023-01-31T17:00:54","modified_gmt":"2023-01-31T16:00:54","slug":"presso-it-model-daiwa","status":"publish","type":"product","link":"https:\/\/www.pescafish.it\/new\/prodotto\/presso-it-model-daiwa\/","title":{"rendered":"Presso IT Model\u00a0&#8211; Daiwa"},"content":{"rendered":"<div class=\"flex_column av_one_full  flex_column_div av-zero-column-padding first  avia-builder-el-11  el_after_av_hr  el_before_av_one_full  \">\n<div class=\"av-special-heading av-special-heading-h3  blockquote elegant-quote elegant-centered  avia-builder-el-12  avia-builder-el-no-sibling  \">\n<h2 class=\"av-special-heading-tag \">Presso IT Model<\/h2>\n<\/div>\n<\/div>\n<div class=\"flex_column av_one_full  flex_column_div av-zero-column-padding first  avia-builder-el-13  el_after_av_one_full  avia-builder-el-last  column-top-margin\">\n<section class=\"av_textblock_section \">\n<div class=\"avia_textblock  \">\n<p>Una canna pensata per il Trout Area, ma dalle spiccate doti All-round.<\/p>\n<p>Agile e leggerissima, la Presso pu\u00f2 contare su blank dal profilo super-slim in carbonio di alta qualit\u00e0 HVF ed \u00e8 dotata di vettino solid tip che le conferisce una sensibilit\u00e0 da primato.<\/p>\n<p>Disponibile nelle seguenti varianti:<\/p>\n<table style=\"height: 49px; width: 100%; border-collapse: collapse;\" border=\"1\">\n<tbody>\n<tr style=\"height: 25px;\">\n<td style=\"width: 20%; height: 25px;\"><strong>Modello<\/strong><\/td>\n<td style=\"width: 20%; height: 25px;\"><strong>Lunghezza\u00a0<\/strong><\/td>\n<td style=\"width: 20%; height: 25px;\"><strong>Sezioni<\/strong><\/td>\n<td style=\"width: 20%; height: 25px;\"><strong>Ingombro (cm )<\/strong><\/td>\n<td style=\"width: 20%; height: 25px;\"><strong>Casting (gr)<\/strong><\/td>\n<\/tr>\n<tr style=\"height: 24px;\">\n<td style=\"width: 20%; height: 24px;\"><strong>PSO702ULSCI<\/strong><\/td>\n<td style=\"width: 20%; height: 24px;\">7\u20190\u2019\u2019 (2,13 m)<\/td>\n<td style=\"width: 20%; height: 24px;\">2<\/td>\n<td style=\"width: 20%; height: 24px;\">108<\/td>\n<td style=\"width: 20%; height: 24px;\">1 \u2013 7<\/td>\n<\/tr>\n<\/tbody>\n<\/table>\n<\/div>\n<\/section>\n<\/div>\n","protected":false},"excerpt":{"rendered":"<p>Presso IT Model Una canna pensata per il Trout Area, ma dalle spiccate doti All-round. Agile e leggerissima, la Presso pu\u00f2 contare su blank dal profilo super-slim in carbonio di alta qualit\u00e0 HVF ed \u00e8 dotata di vettino solid tip che le conferisce una sensibilit\u00e0 da primato. Disponibile nelle seguenti varianti: Modello Lunghezza\u00a0 Sezioni Ingombro [&hellip;]<\/p>\n","protected":false},"featured_media":85634,"comment_status":"closed","ping_status":"closed","template":"","meta":[],"product_cat":[922],"product_tag":[1051,1365],"yoast_head":"<!-- This site is optimized with the Yoast SEO plugin v15.3 - https:\/\/yoast.com\/wordpress\/plugins\/seo\/ -->\n<title>Presso IT Model\u00a0- Daiwa - Pesca Fish<\/title>\n<meta name=\"robots\" content=\"index, follow, max-snippet:-1, max-image-preview:large, max-video-preview:-1\" \/>\n<link rel=\"canonical\" href=\"https:\/\/www.pescafish.it\/new\/prodotto\/presso-it-model-daiwa\/\" \/>\n<meta property=\"og:locale\" content=\"it_IT\" \/>\n<meta property=\"og:type\" content=\"article\" \/>\n<meta property=\"og:title\" content=\"Presso IT Model\u00a0- Daiwa - Pesca Fish\" \/>\n<meta property=\"og:description\" content=\"Presso IT Model Una canna pensata per il Trout Area, ma dalle spiccate doti All-round. Agile e leggerissima, la Presso pu\u00f2 contare su blank dal profilo super-slim in carbonio di alta qualit\u00e0 HVF ed \u00e8 dotata di vettino solid tip che le conferisce una sensibilit\u00e0 da primato. Disponibile nelle seguenti varianti: Modello Lunghezza\u00a0 Sezioni Ingombro [&hellip;]\" \/>\n<meta property=\"og:url\" content=\"https:\/\/www.pescafish.it\/new\/prodotto\/presso-it-model-daiwa\/\" \/>\n<meta property=\"og:site_name\" content=\"Pesca Fish\" \/>\n<meta property=\"article:publisher\" content=\"https:\/\/www.facebook.com\/pescafishvr\/\" \/>\n<meta property=\"article:modified_time\" content=\"2023-01-31T16:00:54+00:00\" \/>\n<meta property=\"og:image\" content=\"https:\/\/www.pescafish.it\/new\/wp-content\/uploads\/2023\/01\/r-2.jpg\" \/>\n\t<meta property=\"og:image:width\" content=\"789\" \/>\n\t<meta property=\"og:image:height\" content=\"794\" \/>\n<meta name=\"twitter:card\" content=\"summary_large_image\" \/>\n<meta name=\"twitter:label1\" content=\"Scritto da\">\n\t<meta name=\"twitter:data1\" content=\"francesca\">\n\t<meta name=\"twitter:label2\" content=\"Tempo di lettura stimato\">\n\t<meta name=\"twitter:data2\" content=\"0 minuti\">\n<script type=\"application\/ld+json\" class=\"yoast-schema-graph\">{\"@context\":\"https:\/\/schema.org\",\"@graph\":[{\"@type\":\"WebSite\",\"@id\":\"https:\/\/www.pescafish.it\/new\/#website\",\"url\":\"https:\/\/www.pescafish.it\/new\/\",\"name\":\"Pesca Fish\",\"description\":\"Benvenuti sul nostro sito!\",\"potentialAction\":[{\"@type\":\"SearchAction\",\"target\":\"https:\/\/www.pescafish.it\/new\/?s={search_term_string}\",\"query-input\":\"required name=search_term_string\"}],\"inLanguage\":\"it-IT\"},{\"@type\":\"ImageObject\",\"@id\":\"https:\/\/www.pescafish.it\/new\/prodotto\/presso-it-model-daiwa\/#primaryimage\",\"inLanguage\":\"it-IT\",\"url\":\"https:\/\/www.pescafish.it\/new\/wp-content\/uploads\/2023\/01\/r-2.jpg\",\"width\":789,\"height\":794,\"caption\":\"Daiwa\"},{\"@type\":\"WebPage\",\"@id\":\"https:\/\/www.pescafish.it\/new\/prodotto\/presso-it-model-daiwa\/#webpage\",\"url\":\"https:\/\/www.pescafish.it\/new\/prodotto\/presso-it-model-daiwa\/\",\"name\":\"Presso IT Model\\u00a0- Daiwa - Pesca Fish\",\"isPartOf\":{\"@id\":\"https:\/\/www.pescafish.it\/new\/#website\"},\"primaryImageOfPage\":{\"@id\":\"https:\/\/www.pescafish.it\/new\/prodotto\/presso-it-model-daiwa\/#primaryimage\"},\"datePublished\":\"2023-01-31T16:00:53+00:00\",\"dateModified\":\"2023-01-31T16:00:54+00:00\",\"inLanguage\":\"it-IT\",\"potentialAction\":[{\"@type\":\"ReadAction\",\"target\":[\"https:\/\/www.pescafish.it\/new\/prodotto\/presso-it-model-daiwa\/\"]}]}]}<\/script>\n<!-- \/ Yoast SEO plugin. -->","_links":{"self":[{"href":"https:\/\/www.pescafish.it\/new\/wp-json\/wp\/v2\/product\/85630"}],"collection":[{"href":"https:\/\/www.pescafish.it\/new\/wp-json\/wp\/v2\/product"}],"about":[{"href":"https:\/\/www.pescafish.it\/new\/wp-json\/wp\/v2\/types\/product"}],"replies":[{"embeddable":true,"href":"https:\/\/www.pescafish.it\/new\/wp-json\/wp\/v2\/comments?post=85630"}],"wp:featuredmedia":[{"embeddable":true,"href":"https:\/\/www.pescafish.it\/new\/wp-json\/wp\/v2\/media\/85634"}],"wp:attachment":[{"href":"https:\/\/www.pescafish.it\/new\/wp-json\/wp\/v2\/media?parent=85630"}],"wp:term":[{"taxonomy":"product_cat","embeddable":true,"href":"https:\/\/www.pescafish.it\/new\/wp-json\/wp\/v2\/product_cat?post=85630"},{"taxonomy":"product_tag","embeddable":true,"href":"https:\/\/www.pescafish.it\/new\/wp-json\/wp\/v2\/product_tag?post=85630"}],"curies":[{"name":"wp","href":"https:\/\/api.w.org\/{rel}","templated":true}]}}