{"id":85627,"date":"2023-01-31T12:01:06","date_gmt":"2023-01-31T11:01:06","guid":{"rendered":"https:\/\/www.pescafish.it\/new\/?post_type=product&#038;p=85627"},"modified":"2025-05-29T11:45:10","modified_gmt":"2025-05-29T09:45:10","slug":"whisker-45-scw-qd-ot-daiwa","status":"publish","type":"product","link":"https:\/\/www.pescafish.it\/new\/prodotto\/whisker-45-scw-qd-ot-daiwa\/","title":{"rendered":"Whisker 45 SCW QD-OT &#8211; Daiwa"},"content":{"rendered":"<h2>Whisker 45 SCW QD-OT<\/h2>\n<p>Un nome storico del Carpfishing torna in veste ultramoderna, grazie all\u2019impiego di alcune fra le pi\u00f9 avanzate tecnologie Daiwa. Il 22 WHISKER \u00e8 dotato della nuovissima frizione QDM che offre una maggiore modulabilit\u00e0 nella regolazione: per passare dalla modalit\u00e0 aperta a quella completamente serrata, si impiega infatti un giro intero di manopola, a differenza della versione QD che impiega solo mezzo giro. Il rotore \u00e8 interamente costruito in Zaion V, offrendo leggerezza e prontezza nella rotazione, mentre la manovella in dotazione \u00e8 di tipo One Touch: pratica e ripiegabile con un semplice tocco.<\/p>\n<p><strong>Caratteristiche:<\/strong><br \/>\n\u2022 Corpo in DS4<br \/>\n\u2022 Rotore in ZAION V<br \/>\n\u2022 Air Rotor<br \/>\n\u2022 Digigear II<br \/>\n\u2022 Frizione Quick Drag \u201cM\u201d<br \/>\n\u2022 Bobina Long Cast in Alluminio da 45mm<br \/>\n\u2022 Rullino guidafilo Twist Buster II<br \/>\n\u2022 Infinity Anti-Reverse<br \/>\n\u2022 Leva di sblocco dell\u2019anti-ritorno<br \/>\n\u2022 Imbobinamento Slow Cross Wrap<br \/>\n\u2022 2 bobine di ricambio in dotazione<br \/>\n(capacit\u00e0 0.35mm-530m e 0.35mm-700m)<\/p>\n","protected":false},"excerpt":{"rendered":"<p>Whisker 45 SCW QD-OT Un nome storico del Carpfishing torna in veste ultramoderna, grazie all\u2019impiego di alcune fra le pi\u00f9 avanzate tecnologie Daiwa. Il 22 WHISKER \u00e8 dotato della nuovissima frizione QDM che offre una maggiore modulabilit\u00e0 nella regolazione: per passare dalla modalit\u00e0 aperta a quella completamente serrata, si impiega infatti un giro intero di [&hellip;]<\/p>\n","protected":false},"featured_media":85629,"comment_status":"closed","ping_status":"closed","template":"","meta":[],"product_cat":[351],"product_tag":[1051],"yoast_head":"<!-- This site is optimized with the Yoast SEO plugin v15.3 - https:\/\/yoast.com\/wordpress\/plugins\/seo\/ -->\n<title>Whisker 45 SCW QD-OT - Daiwa - Pesca Fish<\/title>\n<meta name=\"robots\" content=\"index, follow, max-snippet:-1, max-image-preview:large, max-video-preview:-1\" \/>\n<link rel=\"canonical\" href=\"https:\/\/www.pescafish.it\/new\/prodotto\/whisker-45-scw-qd-ot-daiwa\/\" \/>\n<meta property=\"og:locale\" content=\"it_IT\" \/>\n<meta property=\"og:type\" content=\"article\" \/>\n<meta property=\"og:title\" content=\"Whisker 45 SCW QD-OT - Daiwa - Pesca Fish\" \/>\n<meta property=\"og:description\" content=\"Whisker 45 SCW QD-OT Un nome storico del Carpfishing torna in veste ultramoderna, grazie all\u2019impiego di alcune fra le pi\u00f9 avanzate tecnologie Daiwa. Il 22 WHISKER \u00e8 dotato della nuovissima frizione QDM che offre una maggiore modulabilit\u00e0 nella regolazione: per passare dalla modalit\u00e0 aperta a quella completamente serrata, si impiega infatti un giro intero di [&hellip;]\" \/>\n<meta property=\"og:url\" content=\"https:\/\/www.pescafish.it\/new\/prodotto\/whisker-45-scw-qd-ot-daiwa\/\" \/>\n<meta property=\"og:site_name\" content=\"Pesca Fish\" \/>\n<meta property=\"article:publisher\" content=\"https:\/\/www.facebook.com\/pescafishvr\/\" \/>\n<meta property=\"article:modified_time\" content=\"2025-05-29T09:45:10+00:00\" \/>\n<meta property=\"og:image\" content=\"https:\/\/www.pescafish.it\/new\/wp-content\/uploads\/2023\/01\/WHISKER.jpg\" \/>\n\t<meta property=\"og:image:width\" content=\"789\" \/>\n\t<meta property=\"og:image:height\" content=\"794\" \/>\n<meta name=\"twitter:card\" content=\"summary_large_image\" \/>\n<meta name=\"twitter:label1\" content=\"Scritto da\">\n\t<meta name=\"twitter:data1\" content=\"francesca\">\n\t<meta name=\"twitter:label2\" content=\"Tempo di lettura stimato\">\n\t<meta name=\"twitter:data2\" content=\"1 minuto\">\n<script type=\"application\/ld+json\" class=\"yoast-schema-graph\">{\"@context\":\"https:\/\/schema.org\",\"@graph\":[{\"@type\":\"WebSite\",\"@id\":\"https:\/\/www.pescafish.it\/new\/#website\",\"url\":\"https:\/\/www.pescafish.it\/new\/\",\"name\":\"Pesca Fish\",\"description\":\"Benvenuti sul nostro sito!\",\"potentialAction\":[{\"@type\":\"SearchAction\",\"target\":\"https:\/\/www.pescafish.it\/new\/?s={search_term_string}\",\"query-input\":\"required name=search_term_string\"}],\"inLanguage\":\"it-IT\"},{\"@type\":\"ImageObject\",\"@id\":\"https:\/\/www.pescafish.it\/new\/prodotto\/whisker-45-scw-qd-ot-daiwa\/#primaryimage\",\"inLanguage\":\"it-IT\",\"url\":\"https:\/\/www.pescafish.it\/new\/wp-content\/uploads\/2023\/01\/WHISKER.jpg\",\"width\":789,\"height\":794,\"caption\":\"Daiwa\"},{\"@type\":\"WebPage\",\"@id\":\"https:\/\/www.pescafish.it\/new\/prodotto\/whisker-45-scw-qd-ot-daiwa\/#webpage\",\"url\":\"https:\/\/www.pescafish.it\/new\/prodotto\/whisker-45-scw-qd-ot-daiwa\/\",\"name\":\"Whisker 45 SCW QD-OT - Daiwa - Pesca Fish\",\"isPartOf\":{\"@id\":\"https:\/\/www.pescafish.it\/new\/#website\"},\"primaryImageOfPage\":{\"@id\":\"https:\/\/www.pescafish.it\/new\/prodotto\/whisker-45-scw-qd-ot-daiwa\/#primaryimage\"},\"datePublished\":\"2023-01-31T11:01:06+00:00\",\"dateModified\":\"2025-05-29T09:45:10+00:00\",\"inLanguage\":\"it-IT\",\"potentialAction\":[{\"@type\":\"ReadAction\",\"target\":[\"https:\/\/www.pescafish.it\/new\/prodotto\/whisker-45-scw-qd-ot-daiwa\/\"]}]}]}<\/script>\n<!-- \/ Yoast SEO plugin. -->","_links":{"self":[{"href":"https:\/\/www.pescafish.it\/new\/wp-json\/wp\/v2\/product\/85627"}],"collection":[{"href":"https:\/\/www.pescafish.it\/new\/wp-json\/wp\/v2\/product"}],"about":[{"href":"https:\/\/www.pescafish.it\/new\/wp-json\/wp\/v2\/types\/product"}],"replies":[{"embeddable":true,"href":"https:\/\/www.pescafish.it\/new\/wp-json\/wp\/v2\/comments?post=85627"}],"wp:featuredmedia":[{"embeddable":true,"href":"https:\/\/www.pescafish.it\/new\/wp-json\/wp\/v2\/media\/85629"}],"wp:attachment":[{"href":"https:\/\/www.pescafish.it\/new\/wp-json\/wp\/v2\/media?parent=85627"}],"wp:term":[{"taxonomy":"product_cat","embeddable":true,"href":"https:\/\/www.pescafish.it\/new\/wp-json\/wp\/v2\/product_cat?post=85627"},{"taxonomy":"product_tag","embeddable":true,"href":"https:\/\/www.pescafish.it\/new\/wp-json\/wp\/v2\/product_tag?post=85627"}],"curies":[{"name":"wp","href":"https:\/\/api.w.org\/{rel}","templated":true}]}}