{"id":85124,"date":"2023-01-18T17:13:26","date_gmt":"2023-01-18T16:13:26","guid":{"rendered":"https:\/\/www.pescafish.it\/new\/?post_type=product&#038;p=85124"},"modified":"2024-01-16T20:33:03","modified_gmt":"2024-01-16T19:33:03","slug":"bait-up-method-feeder-korda","status":"publish","type":"product","link":"https:\/\/www.pescafish.it\/new\/prodotto\/bait-up-method-feeder-korda\/","title":{"rendered":"Bait-Up Method Feeder\u00a0&#8211; Korda"},"content":{"rendered":"<h2>Bait-Up Method Feeder<\/h2>\n<p>Il classico ed originale Korda method feeder \u00e8 stato aggiornato con alcuni colpi di scena moderni prendendo il nome di\u00a0<strong>Bait Up Method Feeder<\/strong>.<\/p>\n<p>Conserva molte delle caratteristiche che hanno reso l&#8217;originale cos\u00ec catturante, compresa la pinna ponderata che assicura all&#8217;innesco di essere sempre nella posizione corretta, aumentando le probabilit\u00e0 di abboccate.<\/p>\n<p>\u00c8 costruito in un unico pezzo il che lo rende robusto e durevole ed incorpora un disco nella parte anteriore che contribuisce a garantire che la vostra esca rimanga in posizione fino a quando il feeder raggiunger\u00e0 il letto del lago o del fiume.<\/p>\n<p>L&#8217;inserto morbido si adatta a qualsiasi girella Korda delle dimensioni del numero 8 (comprese quelle rapide che sono popolari con questo stile di pesca) creando cos\u00ec un bolt rig sicuro, il tutto finito con un tail rubber nella parte posteriore del feeder.<\/p>\n<p>Fintanto che l&#8217;esca \u00e8 modellata uniformemente intorno al feeder, il Bait Up sar\u00e0 incredibilmente stabile in volo e verr\u00e0 lanciato a lunga distanza. Come l&#8217;originale, questo piombo diventer\u00e0 il favorito per chi ama pescare col method che \u00e8 ancora uno dei set-up pi\u00f9 popolari ed efficaci soprattutto nelle acque commerciali.<\/p>\n<p>Diventer\u00e0 anche popolare nei pescatori con target di specie come tinche, barbi e breme.<\/p>\n<p><strong>Disponibile nelle seguenti varianti:<\/strong><br \/>\n<strong>KDA011<\/strong>\u00a0 50gr<\/p>\n","protected":false},"excerpt":{"rendered":"<p>Bait-Up Method Feeder Il classico ed originale Korda method feeder \u00e8 stato aggiornato con alcuni colpi di scena moderni prendendo il nome di\u00a0Bait Up Method Feeder. Conserva molte delle caratteristiche che hanno reso l&#8217;originale cos\u00ec catturante, compresa la pinna ponderata che assicura all&#8217;innesco di essere sempre nella posizione corretta, aumentando le probabilit\u00e0 di abboccate. \u00c8 [&hellip;]<\/p>\n","protected":false},"featured_media":85125,"comment_status":"closed","ping_status":"closed","template":"","meta":[],"product_cat":[408],"product_tag":[1018],"yoast_head":"<!-- This site is optimized with the Yoast SEO plugin v15.3 - https:\/\/yoast.com\/wordpress\/plugins\/seo\/ -->\n<title>Bait-Up Method Feeder\u00a0- Korda - Pesca Fish<\/title>\n<meta name=\"robots\" content=\"index, follow, max-snippet:-1, max-image-preview:large, max-video-preview:-1\" \/>\n<link rel=\"canonical\" href=\"https:\/\/www.pescafish.it\/new\/prodotto\/bait-up-method-feeder-korda\/\" \/>\n<meta property=\"og:locale\" content=\"it_IT\" \/>\n<meta property=\"og:type\" content=\"article\" \/>\n<meta property=\"og:title\" content=\"Bait-Up Method Feeder\u00a0- Korda - Pesca Fish\" \/>\n<meta property=\"og:description\" content=\"Bait-Up Method Feeder Il classico ed originale Korda method feeder \u00e8 stato aggiornato con alcuni colpi di scena moderni prendendo il nome di\u00a0Bait Up Method Feeder. Conserva molte delle caratteristiche che hanno reso l&#8217;originale cos\u00ec catturante, compresa la pinna ponderata che assicura all&#8217;innesco di essere sempre nella posizione corretta, aumentando le probabilit\u00e0 di abboccate. \u00c8 [&hellip;]\" \/>\n<meta property=\"og:url\" content=\"https:\/\/www.pescafish.it\/new\/prodotto\/bait-up-method-feeder-korda\/\" \/>\n<meta property=\"og:site_name\" content=\"Pesca Fish\" \/>\n<meta property=\"article:publisher\" content=\"https:\/\/www.facebook.com\/pescafishvr\/\" \/>\n<meta property=\"article:modified_time\" content=\"2024-01-16T19:33:03+00:00\" \/>\n<meta property=\"og:image\" content=\"https:\/\/www.pescafish.it\/new\/wp-content\/uploads\/2023\/01\/l.jpg\" \/>\n\t<meta property=\"og:image:width\" content=\"789\" \/>\n\t<meta property=\"og:image:height\" content=\"794\" \/>\n<meta name=\"twitter:card\" content=\"summary_large_image\" \/>\n<meta name=\"twitter:label1\" content=\"Scritto da\">\n\t<meta name=\"twitter:data1\" content=\"francesca\">\n\t<meta name=\"twitter:label2\" content=\"Tempo di lettura stimato\">\n\t<meta name=\"twitter:data2\" content=\"1 minuto\">\n<script type=\"application\/ld+json\" class=\"yoast-schema-graph\">{\"@context\":\"https:\/\/schema.org\",\"@graph\":[{\"@type\":\"WebSite\",\"@id\":\"https:\/\/www.pescafish.it\/new\/#website\",\"url\":\"https:\/\/www.pescafish.it\/new\/\",\"name\":\"Pesca Fish\",\"description\":\"Benvenuti sul nostro sito!\",\"potentialAction\":[{\"@type\":\"SearchAction\",\"target\":\"https:\/\/www.pescafish.it\/new\/?s={search_term_string}\",\"query-input\":\"required name=search_term_string\"}],\"inLanguage\":\"it-IT\"},{\"@type\":\"ImageObject\",\"@id\":\"https:\/\/www.pescafish.it\/new\/prodotto\/bait-up-method-feeder-korda\/#primaryimage\",\"inLanguage\":\"it-IT\",\"url\":\"https:\/\/www.pescafish.it\/new\/wp-content\/uploads\/2023\/01\/l.jpg\",\"width\":789,\"height\":794,\"caption\":\"Korda\"},{\"@type\":\"WebPage\",\"@id\":\"https:\/\/www.pescafish.it\/new\/prodotto\/bait-up-method-feeder-korda\/#webpage\",\"url\":\"https:\/\/www.pescafish.it\/new\/prodotto\/bait-up-method-feeder-korda\/\",\"name\":\"Bait-Up Method Feeder\\u00a0- Korda - Pesca Fish\",\"isPartOf\":{\"@id\":\"https:\/\/www.pescafish.it\/new\/#website\"},\"primaryImageOfPage\":{\"@id\":\"https:\/\/www.pescafish.it\/new\/prodotto\/bait-up-method-feeder-korda\/#primaryimage\"},\"datePublished\":\"2023-01-18T16:13:26+00:00\",\"dateModified\":\"2024-01-16T19:33:03+00:00\",\"inLanguage\":\"it-IT\",\"potentialAction\":[{\"@type\":\"ReadAction\",\"target\":[\"https:\/\/www.pescafish.it\/new\/prodotto\/bait-up-method-feeder-korda\/\"]}]}]}<\/script>\n<!-- \/ Yoast SEO plugin. -->","_links":{"self":[{"href":"https:\/\/www.pescafish.it\/new\/wp-json\/wp\/v2\/product\/85124"}],"collection":[{"href":"https:\/\/www.pescafish.it\/new\/wp-json\/wp\/v2\/product"}],"about":[{"href":"https:\/\/www.pescafish.it\/new\/wp-json\/wp\/v2\/types\/product"}],"replies":[{"embeddable":true,"href":"https:\/\/www.pescafish.it\/new\/wp-json\/wp\/v2\/comments?post=85124"}],"wp:featuredmedia":[{"embeddable":true,"href":"https:\/\/www.pescafish.it\/new\/wp-json\/wp\/v2\/media\/85125"}],"wp:attachment":[{"href":"https:\/\/www.pescafish.it\/new\/wp-json\/wp\/v2\/media?parent=85124"}],"wp:term":[{"taxonomy":"product_cat","embeddable":true,"href":"https:\/\/www.pescafish.it\/new\/wp-json\/wp\/v2\/product_cat?post=85124"},{"taxonomy":"product_tag","embeddable":true,"href":"https:\/\/www.pescafish.it\/new\/wp-json\/wp\/v2\/product_tag?post=85124"}],"curies":[{"name":"wp","href":"https:\/\/api.w.org\/{rel}","templated":true}]}}