{"id":84921,"date":"2023-01-10T11:39:07","date_gmt":"2023-01-10T10:39:07","guid":{"rendered":"https:\/\/www.pescafish.it\/new\/?post_type=product&#038;p=84921"},"modified":"2023-01-27T10:59:16","modified_gmt":"2023-01-27T09:59:16","slug":"mulinello-aero-bb-shimano","status":"publish","type":"product","link":"https:\/\/www.pescafish.it\/new\/prodotto\/mulinello-aero-bb-shimano\/","title":{"rendered":"Mulinello Aero BB &#8211; Shimano"},"content":{"rendered":"<p>L&#8217;Aero BB \u00e8 un mulinello a frizione anteriore di grande valore che offre prestazioni versatili per i pescatori con canna bolognese e feeder ed \u00e8 dotato di antiritorno. La grafica sobria si adatta perfettamente a molte canne Shimano, in particolare le canne Aero float e feeder. Disponibile in tre misure (3000, 4000 e 5000) per coprire la maggior parte delle situazioni di pesca con il galleggiante e ideale per la pesca con feeder da leggero a pesante per pesci pi\u00f9 grandi come carpe e breme, questa gamma di mulinelli si abbina perfettamente con le gamme di canne Aero X1 e Aero X3. Gli appassionati di feeder apprezzeranno anche la clip metallica rotonda facile da usare, perfetta per lanci accurati. All&#8217;interno dell&#8217;elegante corpo XT-7 G Free dell&#8217;Aero BB si trova il sistema X-Ship Gear e X-Ship forgiato a freddo di Shimano. Questa combinazione \u00e8 rinomata per l&#8217;avvolgimento potente ed efficiente e l&#8217;affidabilit\u00e0 di lunga durata, garantendo che il mulinello mantenga le sue massime prestazioni per un lungo periodo di tempo. Altre caratteristiche che spiccano sono la bobina AR-C realizzata in alluminio forgiato a freddo per una migliore gestione della lenza, oltre a una manovella che si avvita direttamente nell&#8217;ingranaggio principale. E se tutte queste caratteristiche non sono sufficienti per convincerti della qualit\u00e0 e dell&#8217;ineguagliabile valore dell&#8217;Aero BB, ogni modello \u00e8 dotato di un riduttore per la capacit\u00e0 della bobina del mulinello, rendendo tutti i modelli perfetti sia per l\u2019utilizzo del nylon che della treccia.<\/p>\n<p><strong>Disponibile nei seguenti modelli:<\/strong><\/p>\n<table style=\"height: 92px; width: 100%; border-collapse: collapse; border-color: #000000;\" border=\"2\">\n<tbody>\n<tr style=\"height: 23px;\">\n<td style=\"width: 14.2857%; height: 23px; text-align: center;\"><strong>Modello<\/strong><\/td>\n<td style=\"width: 14.2857%; height: 23px; text-align: center;\"><strong>Capacit\u00e0 bobina<\/strong><\/td>\n<td style=\"width: 14.2857%; height: 23px; text-align: center;\"><strong>Rapporto di Recupero<\/strong><\/td>\n<td style=\"width: 14.2857%; height: 23px; text-align: center;\"><strong>Peso<\/strong><\/td>\n<td style=\"width: 14.2857%; height: 23px; text-align: center;\"><strong>Max Drag<\/strong><\/td>\n<td style=\"width: 14.2857%; height: 23px; text-align: center;\"><strong>Line Retrive<\/strong><\/td>\n<td style=\"width: 14.2857%; height: 23px; text-align: center;\"><strong>N\u00b0 Cuscinetti<\/strong><\/td>\n<\/tr>\n<tr style=\"height: 23px;\">\n<td style=\"width: 14.2857%; height: 23px; text-align: center;\"><strong>AEROBBC3000<\/strong><\/td>\n<td style=\"width: 14.2857%; height: 23px; text-align: center;\">0.25mm-210m<\/td>\n<td style=\"width: 14.2857%; height: 23px; text-align: center;\">5.0:1<\/td>\n<td style=\"width: 14.2857%; height: 23px; text-align: center;\">240g<\/td>\n<td style=\"width: 14.2857%; height: 23px; text-align: center;\">8,5kg<\/td>\n<td style=\"width: 14.2857%; height: 23px; text-align: center;\">73cm<\/td>\n<td style=\"width: 14.2857%; height: 23px; text-align: center;\">3+1<\/td>\n<\/tr>\n<tr style=\"height: 23px;\">\n<td style=\"width: 14.2857%; height: 23px; text-align: center;\"><strong>AEROBB4000<\/strong><\/td>\n<td style=\"width: 14.2857%; height: 23px; text-align: center;\">0.30mm-180m<\/td>\n<td style=\"width: 14.2857%; height: 23px; text-align: center;\">4.7:1<\/td>\n<td style=\"width: 14.2857%; height: 23px; text-align: center;\">290g<\/td>\n<td style=\"width: 14.2857%; height: 23px; text-align: center;\">10kg<\/td>\n<td style=\"width: 14.2857%; height: 23px; text-align: center;\">75cm<\/td>\n<td style=\"width: 14.2857%; height: 23px; text-align: center;\">3+1<\/td>\n<\/tr>\n<tr style=\"height: 23px;\">\n<td style=\"width: 14.2857%; height: 23px; text-align: center;\"><strong>AEROBBC5000<\/strong><\/td>\n<td style=\"width: 14.2857%; height: 23px; text-align: center;\">0.35mm-175m<\/td>\n<td style=\"width: 14.2857%; height: 23px; text-align: center;\">4.7:1<\/td>\n<td style=\"width: 14.2857%; height: 23px; text-align: center;\">285g<\/td>\n<td style=\"width: 14.2857%; height: 23px; text-align: center;\">11kg<\/td>\n<td style=\"width: 14.2857%; height: 23px; text-align: center;\">80cm<\/td>\n<td style=\"width: 14.2857%; height: 23px; text-align: center;\">3+1<\/td>\n<\/tr>\n<\/tbody>\n<\/table>\n<p>&nbsp;<\/p>\n<p><span style=\"color: #ff0000;\"><strong>DUE ANNI DI GARANZIA<\/strong><\/span><br \/>\n<span style=\"color: #ff0000;\"><strong>Da oggi per avere il TERZO ANNO DI GARANZIA, collegati al nuovo portale e registra il tuo prodotto su:<\/strong><\/span><br \/>\n<span style=\"color: #000000; background-color: #ffff00;\"><strong><a style=\"color: #000000; background-color: #ffff00;\" href=\"http:\/\/www.shimanofishnetwork.it\/garanzia\/sign_in\">http:\/\/www.shimanofishnetwork.it\/garanzia\/sign_in<\/a><\/strong><\/span><\/p>\n","protected":false},"excerpt":{"rendered":"<p>L&#8217;Aero BB \u00e8 un mulinello a frizione anteriore di grande valore che offre prestazioni versatili per i pescatori con canna bolognese e feeder ed \u00e8 dotato di antiritorno. La grafica sobria si adatta perfettamente a molte canne Shimano, in particolare le canne Aero float e feeder. Disponibile in tre misure (3000, 4000 e 5000) per [&hellip;]<\/p>\n","protected":false},"featured_media":84922,"comment_status":"closed","ping_status":"closed","template":"","meta":[],"product_cat":[348],"product_tag":[1023],"yoast_head":"<!-- This site is optimized with the Yoast SEO plugin v15.3 - https:\/\/yoast.com\/wordpress\/plugins\/seo\/ -->\n<title>Mulinello Aero BB - Shimano - Pesca Fish<\/title>\n<meta name=\"robots\" content=\"index, follow, max-snippet:-1, max-image-preview:large, max-video-preview:-1\" \/>\n<link rel=\"canonical\" href=\"https:\/\/www.pescafish.it\/new\/prodotto\/mulinello-aero-bb-shimano\/\" \/>\n<meta property=\"og:locale\" content=\"it_IT\" \/>\n<meta property=\"og:type\" content=\"article\" \/>\n<meta property=\"og:title\" content=\"Mulinello Aero BB - Shimano - Pesca Fish\" \/>\n<meta property=\"og:description\" content=\"L&#8217;Aero BB \u00e8 un mulinello a frizione anteriore di grande valore che offre prestazioni versatili per i pescatori con canna bolognese e feeder ed \u00e8 dotato di antiritorno. La grafica sobria si adatta perfettamente a molte canne Shimano, in particolare le canne Aero float e feeder. Disponibile in tre misure (3000, 4000 e 5000) per [&hellip;]\" \/>\n<meta property=\"og:url\" content=\"https:\/\/www.pescafish.it\/new\/prodotto\/mulinello-aero-bb-shimano\/\" \/>\n<meta property=\"og:site_name\" content=\"Pesca Fish\" \/>\n<meta property=\"article:publisher\" content=\"https:\/\/www.facebook.com\/pescafishvr\/\" \/>\n<meta property=\"article:modified_time\" content=\"2023-01-27T09:59:16+00:00\" \/>\n<meta property=\"og:image\" content=\"https:\/\/www.pescafish.it\/new\/wp-content\/uploads\/2023\/01\/AERO-BB.jpg\" \/>\n\t<meta property=\"og:image:width\" content=\"1299\" \/>\n\t<meta property=\"og:image:height\" content=\"1299\" \/>\n<meta name=\"twitter:card\" content=\"summary_large_image\" \/>\n<meta name=\"twitter:label1\" content=\"Scritto da\">\n\t<meta name=\"twitter:data1\" content=\"francesca\">\n\t<meta name=\"twitter:label2\" content=\"Tempo di lettura stimato\">\n\t<meta name=\"twitter:data2\" content=\"1 minuto\">\n<script type=\"application\/ld+json\" class=\"yoast-schema-graph\">{\"@context\":\"https:\/\/schema.org\",\"@graph\":[{\"@type\":\"WebSite\",\"@id\":\"https:\/\/www.pescafish.it\/new\/#website\",\"url\":\"https:\/\/www.pescafish.it\/new\/\",\"name\":\"Pesca Fish\",\"description\":\"Benvenuti sul nostro sito!\",\"potentialAction\":[{\"@type\":\"SearchAction\",\"target\":\"https:\/\/www.pescafish.it\/new\/?s={search_term_string}\",\"query-input\":\"required name=search_term_string\"}],\"inLanguage\":\"it-IT\"},{\"@type\":\"ImageObject\",\"@id\":\"https:\/\/www.pescafish.it\/new\/prodotto\/mulinello-aero-bb-shimano\/#primaryimage\",\"inLanguage\":\"it-IT\",\"url\":\"https:\/\/www.pescafish.it\/new\/wp-content\/uploads\/2023\/01\/AERO-BB.jpg\",\"width\":1299,\"height\":1299,\"caption\":\"aero bb shimano\"},{\"@type\":\"WebPage\",\"@id\":\"https:\/\/www.pescafish.it\/new\/prodotto\/mulinello-aero-bb-shimano\/#webpage\",\"url\":\"https:\/\/www.pescafish.it\/new\/prodotto\/mulinello-aero-bb-shimano\/\",\"name\":\"Mulinello Aero BB - Shimano - Pesca Fish\",\"isPartOf\":{\"@id\":\"https:\/\/www.pescafish.it\/new\/#website\"},\"primaryImageOfPage\":{\"@id\":\"https:\/\/www.pescafish.it\/new\/prodotto\/mulinello-aero-bb-shimano\/#primaryimage\"},\"datePublished\":\"2023-01-10T10:39:07+00:00\",\"dateModified\":\"2023-01-27T09:59:16+00:00\",\"inLanguage\":\"it-IT\",\"potentialAction\":[{\"@type\":\"ReadAction\",\"target\":[\"https:\/\/www.pescafish.it\/new\/prodotto\/mulinello-aero-bb-shimano\/\"]}]}]}<\/script>\n<!-- \/ Yoast SEO plugin. -->","_links":{"self":[{"href":"https:\/\/www.pescafish.it\/new\/wp-json\/wp\/v2\/product\/84921"}],"collection":[{"href":"https:\/\/www.pescafish.it\/new\/wp-json\/wp\/v2\/product"}],"about":[{"href":"https:\/\/www.pescafish.it\/new\/wp-json\/wp\/v2\/types\/product"}],"replies":[{"embeddable":true,"href":"https:\/\/www.pescafish.it\/new\/wp-json\/wp\/v2\/comments?post=84921"}],"wp:featuredmedia":[{"embeddable":true,"href":"https:\/\/www.pescafish.it\/new\/wp-json\/wp\/v2\/media\/84922"}],"wp:attachment":[{"href":"https:\/\/www.pescafish.it\/new\/wp-json\/wp\/v2\/media?parent=84921"}],"wp:term":[{"taxonomy":"product_cat","embeddable":true,"href":"https:\/\/www.pescafish.it\/new\/wp-json\/wp\/v2\/product_cat?post=84921"},{"taxonomy":"product_tag","embeddable":true,"href":"https:\/\/www.pescafish.it\/new\/wp-json\/wp\/v2\/product_tag?post=84921"}],"curies":[{"name":"wp","href":"https:\/\/api.w.org\/{rel}","templated":true}]}}