{"id":83097,"date":"2022-10-25T17:04:38","date_gmt":"2022-10-25T15:04:38","guid":{"rendered":"https:\/\/www.pescafish.it\/new\/?post_type=product&#038;p=83097"},"modified":"2022-10-25T17:04:39","modified_gmt":"2022-10-25T15:04:39","slug":"real-thing-shad-35-molix","status":"publish","type":"product","link":"https:\/\/www.pescafish.it\/new\/prodotto\/real-thing-shad-35-molix\/","title":{"rendered":"Real Thing Shad 3,5&#8243; &#8211; Molix"},"content":{"rendered":"<h2>Real Thing Shad 3,5&#8243;<\/h2>\n<p>RT Shad \u00e8 una piccola e realistica soft shad realizzata attraverso una morbida miscela ad alta densit\u00e0. Il particolare design imita le forme di un piccolo pesce foraggio che scatener\u00e0 l\u2019istinto predatorio anche predatori pi\u00f9 svogliati e diffidenti.<br \/>\nForma, profilo idrodinamico e il paddle voluminoso conferiscono un movimento originale e realistico ed una grande stabilit\u00e0 utilizzandolo con diverse tipologie di montaggio. Il nuoto risulta cos\u00ec molto naturale e vibrante con un accentuato effetto rolling a qualsiasi velocit\u00e0 di recupero.<br \/>\nGrande polivalenza ed efficacia sia in acqua dolce che salata. E\u2019 destinata a un grande numero di predatori: consigliato per Black Bass, Trote, Lucci, Barbi e Aspi in acqua dolce senza dimenticarsi delle Spigole e altri predatori costieri in mare, pescando lungo scogliere e foci; spot questi ultimi dove trova il massimo della versatilit\u00e0.<br \/>\nDisponibile sia in colorazioni imitative sia in colorazioni classiche alle quali grazie ad un\u2019ulteriore passaggio produttivo \u00e8 stato aggiunto un inserto ad alta concentrazione di glitter per esaltarne i riflessi durante l\u2019azione di recupero.<\/p>\n<p><strong>Disponibile nelle seguenti colorazioni:<\/strong><br \/>\n<strong>RTS35-MP1\u00a0<\/strong> Mixed Pack 1<br \/>\n<strong>RTS35-MP2<\/strong>\u00a0 Mixed Pack 2<br \/>\n<strong>RTS35-MP3<\/strong>\u00a0 Mixed Pack 3<\/p>\n<p><strong>Confezione da 6 pezzi.<\/strong><\/p>\n","protected":false},"excerpt":{"rendered":"<p>Real Thing Shad 3,5&#8243; RT Shad \u00e8 una piccola e realistica soft shad realizzata attraverso una morbida miscela ad alta densit\u00e0. Il particolare design imita le forme di un piccolo pesce foraggio che scatener\u00e0 l\u2019istinto predatorio anche predatori pi\u00f9 svogliati e diffidenti. Forma, profilo idrodinamico e il paddle voluminoso conferiscono un movimento originale e realistico [&hellip;]<\/p>\n","protected":false},"featured_media":83098,"comment_status":"closed","ping_status":"closed","template":"","meta":[],"product_cat":[658],"product_tag":[1025],"yoast_head":"<!-- This site is optimized with the Yoast SEO plugin v15.3 - https:\/\/yoast.com\/wordpress\/plugins\/seo\/ -->\n<title>Real Thing Shad 3,5&quot; - Molix - Pesca Fish<\/title>\n<meta name=\"robots\" content=\"index, follow, max-snippet:-1, max-image-preview:large, max-video-preview:-1\" \/>\n<link rel=\"canonical\" href=\"https:\/\/www.pescafish.it\/new\/prodotto\/real-thing-shad-35-molix\/\" \/>\n<meta property=\"og:locale\" content=\"it_IT\" \/>\n<meta property=\"og:type\" content=\"article\" \/>\n<meta property=\"og:title\" content=\"Real Thing Shad 3,5&quot; - Molix - Pesca Fish\" \/>\n<meta property=\"og:description\" content=\"Real Thing Shad 3,5&#8243; RT Shad \u00e8 una piccola e realistica soft shad realizzata attraverso una morbida miscela ad alta densit\u00e0. Il particolare design imita le forme di un piccolo pesce foraggio che scatener\u00e0 l\u2019istinto predatorio anche predatori pi\u00f9 svogliati e diffidenti. Forma, profilo idrodinamico e il paddle voluminoso conferiscono un movimento originale e realistico [&hellip;]\" \/>\n<meta property=\"og:url\" content=\"https:\/\/www.pescafish.it\/new\/prodotto\/real-thing-shad-35-molix\/\" \/>\n<meta property=\"og:site_name\" content=\"Pesca Fish\" \/>\n<meta property=\"article:publisher\" content=\"https:\/\/www.facebook.com\/pescafishvr\/\" \/>\n<meta property=\"article:modified_time\" content=\"2022-10-25T15:04:39+00:00\" \/>\n<meta property=\"og:image\" content=\"https:\/\/www.pescafish.it\/new\/wp-content\/uploads\/2022\/10\/mixed-pack-1-1.jpg\" \/>\n\t<meta property=\"og:image:width\" content=\"789\" \/>\n\t<meta property=\"og:image:height\" content=\"794\" \/>\n<meta name=\"twitter:card\" content=\"summary_large_image\" \/>\n<meta name=\"twitter:label1\" content=\"Scritto da\">\n\t<meta name=\"twitter:data1\" content=\"francesca\">\n\t<meta name=\"twitter:label2\" content=\"Tempo di lettura stimato\">\n\t<meta name=\"twitter:data2\" content=\"1 minuto\">\n<script type=\"application\/ld+json\" class=\"yoast-schema-graph\">{\"@context\":\"https:\/\/schema.org\",\"@graph\":[{\"@type\":\"WebSite\",\"@id\":\"https:\/\/www.pescafish.it\/new\/#website\",\"url\":\"https:\/\/www.pescafish.it\/new\/\",\"name\":\"Pesca Fish\",\"description\":\"Benvenuti sul nostro sito!\",\"potentialAction\":[{\"@type\":\"SearchAction\",\"target\":\"https:\/\/www.pescafish.it\/new\/?s={search_term_string}\",\"query-input\":\"required name=search_term_string\"}],\"inLanguage\":\"it-IT\"},{\"@type\":\"ImageObject\",\"@id\":\"https:\/\/www.pescafish.it\/new\/prodotto\/real-thing-shad-35-molix\/#primaryimage\",\"inLanguage\":\"it-IT\",\"url\":\"https:\/\/www.pescafish.it\/new\/wp-content\/uploads\/2022\/10\/mixed-pack-1-1.jpg\",\"width\":789,\"height\":794,\"caption\":\"Molix\"},{\"@type\":\"WebPage\",\"@id\":\"https:\/\/www.pescafish.it\/new\/prodotto\/real-thing-shad-35-molix\/#webpage\",\"url\":\"https:\/\/www.pescafish.it\/new\/prodotto\/real-thing-shad-35-molix\/\",\"name\":\"Real Thing Shad 3,5\\\" - Molix - Pesca Fish\",\"isPartOf\":{\"@id\":\"https:\/\/www.pescafish.it\/new\/#website\"},\"primaryImageOfPage\":{\"@id\":\"https:\/\/www.pescafish.it\/new\/prodotto\/real-thing-shad-35-molix\/#primaryimage\"},\"datePublished\":\"2022-10-25T15:04:38+00:00\",\"dateModified\":\"2022-10-25T15:04:39+00:00\",\"inLanguage\":\"it-IT\",\"potentialAction\":[{\"@type\":\"ReadAction\",\"target\":[\"https:\/\/www.pescafish.it\/new\/prodotto\/real-thing-shad-35-molix\/\"]}]}]}<\/script>\n<!-- \/ Yoast SEO plugin. -->","_links":{"self":[{"href":"https:\/\/www.pescafish.it\/new\/wp-json\/wp\/v2\/product\/83097"}],"collection":[{"href":"https:\/\/www.pescafish.it\/new\/wp-json\/wp\/v2\/product"}],"about":[{"href":"https:\/\/www.pescafish.it\/new\/wp-json\/wp\/v2\/types\/product"}],"replies":[{"embeddable":true,"href":"https:\/\/www.pescafish.it\/new\/wp-json\/wp\/v2\/comments?post=83097"}],"wp:featuredmedia":[{"embeddable":true,"href":"https:\/\/www.pescafish.it\/new\/wp-json\/wp\/v2\/media\/83098"}],"wp:attachment":[{"href":"https:\/\/www.pescafish.it\/new\/wp-json\/wp\/v2\/media?parent=83097"}],"wp:term":[{"taxonomy":"product_cat","embeddable":true,"href":"https:\/\/www.pescafish.it\/new\/wp-json\/wp\/v2\/product_cat?post=83097"},{"taxonomy":"product_tag","embeddable":true,"href":"https:\/\/www.pescafish.it\/new\/wp-json\/wp\/v2\/product_tag?post=83097"}],"curies":[{"name":"wp","href":"https:\/\/api.w.org\/{rel}","templated":true}]}}