{"id":82745,"date":"2022-10-13T19:27:07","date_gmt":"2022-10-13T17:27:07","guid":{"rendered":"https:\/\/www.pescafish.it\/new\/?post_type=product&#038;p=82745"},"modified":"2025-05-07T16:53:42","modified_gmt":"2025-05-07T14:53:42","slug":"venator-spinnerbait-1oz-molix","status":"publish","type":"product","link":"https:\/\/www.pescafish.it\/new\/prodotto\/venator-spinnerbait-1oz-molix\/","title":{"rendered":"Venator Spinnerbait 1oz \u2013 Molix"},"content":{"rendered":"<p>Spinnerbait montato su filo d\u2019acciaio armonico a \u201cdoppia densit\u00e0\u201d. L\u2019occhiello che congiunge il braccio alla paletta principale presenta una saldatura che elimina il rischio di cedimento della pala. L\u2019amo, grande e robusto, \u00e8 di elevatissima qualit\u00e0. La forma particolare della testina- Flat Head \u2013 garantisce un bilanciamento perfetto e un movimento utile gi\u00e0 al primo contatto con acqua. Lo skirt in silicone \u201cfine cut\u201d pulsa come veri schooling fish e le palette, a profilo largo, diffondono forti vibrazioni anche in recupero a bassa velocit\u00e0. Il modello da 1\/2oz. \u00e8 il pi\u00f9 versatile. \u00c8\u2019 utilizzabile con variazioni del ritmo, attraverso strutture, erbai, tronchi, pontili, etc. Il 5\/8oz., invece, lavora lentamente su fondali marcati ed \u00e8 ideale da sfruttare a slow-rolling.<\/p>\n<p><strong>Versione:<\/strong>\u00a0Double Willow<br \/>\n<strong>Peso:<\/strong> 1oz<\/p>\n<p><strong>Disponibile nelle seguenti colorazioni:<br \/>\nVES1DW-02H\u00a0 <\/strong>02H \u2013 White Chartreuse Heritage<strong><br \/>\nVES1DW-07H\u00a0 <\/strong>07H \u2013 Special White Heritage<strong><br \/>\n<b>VES1DW-10\u00a0 <\/b><\/strong>10 &#8211; Hot Craw<strong><br \/>\nVES1DW-11 <\/strong>\u00a011 \u2013 Black Moon<\/p>\n","protected":false},"excerpt":{"rendered":"<p>Spinnerbait montato su filo d\u2019acciaio armonico a \u201cdoppia densit\u00e0\u201d. L\u2019occhiello che congiunge il braccio alla paletta principale presenta una saldatura che elimina il rischio di cedimento della pala. L\u2019amo, grande e robusto, \u00e8 di elevatissima qualit\u00e0. La forma particolare della testina- Flat Head \u2013 garantisce un bilanciamento perfetto e un movimento utile gi\u00e0 al primo [&hellip;]<\/p>\n","protected":false},"featured_media":82746,"comment_status":"closed","ping_status":"closed","template":"","meta":[],"product_cat":[130],"product_tag":[1025],"yoast_head":"<!-- This site is optimized with the Yoast SEO plugin v15.3 - https:\/\/yoast.com\/wordpress\/plugins\/seo\/ -->\n<title>Venator Spinnerbait 1oz \u2013 Molix - Pesca Fish<\/title>\n<meta name=\"robots\" content=\"index, follow, max-snippet:-1, max-image-preview:large, max-video-preview:-1\" \/>\n<link rel=\"canonical\" href=\"https:\/\/www.pescafish.it\/new\/prodotto\/venator-spinnerbait-1oz-molix\/\" \/>\n<meta property=\"og:locale\" content=\"it_IT\" \/>\n<meta property=\"og:type\" content=\"article\" \/>\n<meta property=\"og:title\" content=\"Venator Spinnerbait 1oz \u2013 Molix - Pesca Fish\" \/>\n<meta property=\"og:description\" content=\"Spinnerbait montato su filo d\u2019acciaio armonico a \u201cdoppia densit\u00e0\u201d. L\u2019occhiello che congiunge il braccio alla paletta principale presenta una saldatura che elimina il rischio di cedimento della pala. L\u2019amo, grande e robusto, \u00e8 di elevatissima qualit\u00e0. La forma particolare della testina- Flat Head \u2013 garantisce un bilanciamento perfetto e un movimento utile gi\u00e0 al primo [&hellip;]\" \/>\n<meta property=\"og:url\" content=\"https:\/\/www.pescafish.it\/new\/prodotto\/venator-spinnerbait-1oz-molix\/\" \/>\n<meta property=\"og:site_name\" content=\"Pesca Fish\" \/>\n<meta property=\"article:publisher\" content=\"https:\/\/www.facebook.com\/pescafishvr\/\" \/>\n<meta property=\"article:modified_time\" content=\"2025-05-07T14:53:42+00:00\" \/>\n<meta property=\"og:image\" content=\"https:\/\/www.pescafish.it\/new\/wp-content\/uploads\/2022\/10\/venator_1dw_10-hot-craw.jpg\" \/>\n\t<meta property=\"og:image:width\" content=\"1000\" \/>\n\t<meta property=\"og:image:height\" content=\"1000\" \/>\n<meta name=\"twitter:card\" content=\"summary_large_image\" \/>\n<meta name=\"twitter:label1\" content=\"Scritto da\">\n\t<meta name=\"twitter:data1\" content=\"francesca\">\n\t<meta name=\"twitter:label2\" content=\"Tempo di lettura stimato\">\n\t<meta name=\"twitter:data2\" content=\"1 minuto\">\n<script type=\"application\/ld+json\" class=\"yoast-schema-graph\">{\"@context\":\"https:\/\/schema.org\",\"@graph\":[{\"@type\":\"WebSite\",\"@id\":\"https:\/\/www.pescafish.it\/new\/#website\",\"url\":\"https:\/\/www.pescafish.it\/new\/\",\"name\":\"Pesca Fish\",\"description\":\"Benvenuti sul nostro sito!\",\"potentialAction\":[{\"@type\":\"SearchAction\",\"target\":\"https:\/\/www.pescafish.it\/new\/?s={search_term_string}\",\"query-input\":\"required name=search_term_string\"}],\"inLanguage\":\"it-IT\"},{\"@type\":\"ImageObject\",\"@id\":\"https:\/\/www.pescafish.it\/new\/prodotto\/venator-spinnerbait-1oz-molix\/#primaryimage\",\"inLanguage\":\"it-IT\",\"url\":\"https:\/\/www.pescafish.it\/new\/wp-content\/uploads\/2022\/10\/venator_1dw_10-hot-craw.jpg\",\"width\":1000,\"height\":1000,\"caption\":\"venator spinnerbait 1oz molix\"},{\"@type\":\"WebPage\",\"@id\":\"https:\/\/www.pescafish.it\/new\/prodotto\/venator-spinnerbait-1oz-molix\/#webpage\",\"url\":\"https:\/\/www.pescafish.it\/new\/prodotto\/venator-spinnerbait-1oz-molix\/\",\"name\":\"Venator Spinnerbait 1oz \\u2013 Molix - Pesca Fish\",\"isPartOf\":{\"@id\":\"https:\/\/www.pescafish.it\/new\/#website\"},\"primaryImageOfPage\":{\"@id\":\"https:\/\/www.pescafish.it\/new\/prodotto\/venator-spinnerbait-1oz-molix\/#primaryimage\"},\"datePublished\":\"2022-10-13T17:27:07+00:00\",\"dateModified\":\"2025-05-07T14:53:42+00:00\",\"inLanguage\":\"it-IT\",\"potentialAction\":[{\"@type\":\"ReadAction\",\"target\":[\"https:\/\/www.pescafish.it\/new\/prodotto\/venator-spinnerbait-1oz-molix\/\"]}]}]}<\/script>\n<!-- \/ Yoast SEO plugin. -->","_links":{"self":[{"href":"https:\/\/www.pescafish.it\/new\/wp-json\/wp\/v2\/product\/82745"}],"collection":[{"href":"https:\/\/www.pescafish.it\/new\/wp-json\/wp\/v2\/product"}],"about":[{"href":"https:\/\/www.pescafish.it\/new\/wp-json\/wp\/v2\/types\/product"}],"replies":[{"embeddable":true,"href":"https:\/\/www.pescafish.it\/new\/wp-json\/wp\/v2\/comments?post=82745"}],"wp:featuredmedia":[{"embeddable":true,"href":"https:\/\/www.pescafish.it\/new\/wp-json\/wp\/v2\/media\/82746"}],"wp:attachment":[{"href":"https:\/\/www.pescafish.it\/new\/wp-json\/wp\/v2\/media?parent=82745"}],"wp:term":[{"taxonomy":"product_cat","embeddable":true,"href":"https:\/\/www.pescafish.it\/new\/wp-json\/wp\/v2\/product_cat?post=82745"},{"taxonomy":"product_tag","embeddable":true,"href":"https:\/\/www.pescafish.it\/new\/wp-json\/wp\/v2\/product_tag?post=82745"}],"curies":[{"name":"wp","href":"https:\/\/api.w.org\/{rel}","templated":true}]}}