{"id":82556,"date":"2022-10-07T18:45:12","date_gmt":"2022-10-07T16:45:12","guid":{"rendered":"https:\/\/www.pescafish.it\/new\/?post_type=product&#038;p=82556"},"modified":"2022-10-07T18:45:13","modified_gmt":"2022-10-07T16:45:13","slug":"tsubusen-pellet-350g-marukyu","status":"publish","type":"product","link":"https:\/\/www.pescafish.it\/new\/prodotto\/tsubusen-pellet-350g-marukyu\/","title":{"rendered":"Tsubusen Pellet 350g &#8211; Marukyu"},"content":{"rendered":"<p>Utilizzando la migliore farina di pesce reperibile sul mercato, lavorata secondo gli esclusivi standard qualitativi giapponesi, vengono realizzati degli speciali pellet che subiscono successivamente una frantumazione a freddo, particolarmente delicata, che ne conserva integre le caratteristiche chimiche e nutrizionali, ma ne migliora notevolmente la parte meccanica. Nessun additivo aggiunto, nessun aroma, solamente la parte migliore delle farina di pesce. La sofficit\u00e0 del mix una volta completamente reidratato \u00e8 difficile da descrivere se non lo si \u00e8 provato.\u00a0Velocit\u00e0 di disgregazione e disfacimento totale sono un&#8217;altra caratteristica che colpisce per il efficacia anche su pesci apatici. Essendo un derivato di pellet per l&#8217;uso professionale in acqua coltura, non crea problemi di over feeding, risultando estremamente appetibile ma soprattutto digeribile.<br \/>\nLa semplicit\u00e0 di utilizzo \u00e8 oltremodo stupefacente.\u00a0Basta bagnare il composto 15 minuti prima, lasciarlo riposare mescolando ogni tanto e sar\u00e0 pronto per essere utilizzato in tantissimi modi differenti.\u00a0Le dosi di bagnatura sono rispettivamente di 2.5 parti di TSUBUSEN PELLET ed 1 di acqua per l&#8217;uso nel method\/feeder fishing (fino ad arrivare a 3 a 1 nel caso di profondit\u00e0 e distanze elevate); 3 parti di TSUBUSEN PELLET ed 1 di acqua per formare delle palle sia da lanciare che da scodellare con appositi cupping kit nella pesca al colpo. Eccezionale resa utilizzato da solo, \u00e8 anche un ottimo additivo per migliorare qualit\u00e0 sia meccaniche che organolettiche dei vostri mix preferiti.<\/p>\n<p><strong>Confezione da 350g<\/strong><\/p>\n","protected":false},"excerpt":{"rendered":"<p>Utilizzando la migliore farina di pesce reperibile sul mercato, lavorata secondo gli esclusivi standard qualitativi giapponesi, vengono realizzati degli speciali pellet che subiscono successivamente una frantumazione a freddo, particolarmente delicata, che ne conserva integre le caratteristiche chimiche e nutrizionali, ma ne migliora notevolmente la parte meccanica. Nessun additivo aggiunto, nessun aroma, solamente la parte migliore [&hellip;]<\/p>\n","protected":false},"featured_media":82558,"comment_status":"closed","ping_status":"closed","template":"","meta":[],"product_cat":[707],"product_tag":[1218],"yoast_head":"<!-- This site is optimized with the Yoast SEO plugin v15.3 - https:\/\/yoast.com\/wordpress\/plugins\/seo\/ -->\n<title>Tsubusen Pellet 350g - Marukyu - Pesca Fish<\/title>\n<meta name=\"robots\" content=\"index, follow, max-snippet:-1, max-image-preview:large, max-video-preview:-1\" \/>\n<link rel=\"canonical\" href=\"https:\/\/www.pescafish.it\/new\/prodotto\/tsubusen-pellet-350g-marukyu\/\" \/>\n<meta property=\"og:locale\" content=\"it_IT\" \/>\n<meta property=\"og:type\" content=\"article\" \/>\n<meta property=\"og:title\" content=\"Tsubusen Pellet 350g - Marukyu - Pesca Fish\" \/>\n<meta property=\"og:description\" content=\"Utilizzando la migliore farina di pesce reperibile sul mercato, lavorata secondo gli esclusivi standard qualitativi giapponesi, vengono realizzati degli speciali pellet che subiscono successivamente una frantumazione a freddo, particolarmente delicata, che ne conserva integre le caratteristiche chimiche e nutrizionali, ma ne migliora notevolmente la parte meccanica. Nessun additivo aggiunto, nessun aroma, solamente la parte migliore [&hellip;]\" \/>\n<meta property=\"og:url\" content=\"https:\/\/www.pescafish.it\/new\/prodotto\/tsubusen-pellet-350g-marukyu\/\" \/>\n<meta property=\"og:site_name\" content=\"Pesca Fish\" \/>\n<meta property=\"article:publisher\" content=\"https:\/\/www.facebook.com\/pescafishvr\/\" \/>\n<meta property=\"article:modified_time\" content=\"2022-10-07T16:45:13+00:00\" \/>\n<meta property=\"og:image\" content=\"https:\/\/www.pescafish.it\/new\/wp-content\/uploads\/2022\/10\/TSUBUSEN-PELLET.jpg\" \/>\n\t<meta property=\"og:image:width\" content=\"1000\" \/>\n\t<meta property=\"og:image:height\" content=\"1000\" \/>\n<meta name=\"twitter:card\" content=\"summary_large_image\" \/>\n<meta name=\"twitter:label1\" content=\"Scritto da\">\n\t<meta name=\"twitter:data1\" content=\"francesca\">\n\t<meta name=\"twitter:label2\" content=\"Tempo di lettura stimato\">\n\t<meta name=\"twitter:data2\" content=\"1 minuto\">\n<script type=\"application\/ld+json\" class=\"yoast-schema-graph\">{\"@context\":\"https:\/\/schema.org\",\"@graph\":[{\"@type\":\"WebSite\",\"@id\":\"https:\/\/www.pescafish.it\/new\/#website\",\"url\":\"https:\/\/www.pescafish.it\/new\/\",\"name\":\"Pesca Fish\",\"description\":\"Benvenuti sul nostro sito!\",\"potentialAction\":[{\"@type\":\"SearchAction\",\"target\":\"https:\/\/www.pescafish.it\/new\/?s={search_term_string}\",\"query-input\":\"required name=search_term_string\"}],\"inLanguage\":\"it-IT\"},{\"@type\":\"ImageObject\",\"@id\":\"https:\/\/www.pescafish.it\/new\/prodotto\/tsubusen-pellet-350g-marukyu\/#primaryimage\",\"inLanguage\":\"it-IT\",\"url\":\"https:\/\/www.pescafish.it\/new\/wp-content\/uploads\/2022\/10\/TSUBUSEN-PELLET.jpg\",\"width\":1000,\"height\":1000,\"caption\":\"tsubusen pellet marukyu\"},{\"@type\":\"WebPage\",\"@id\":\"https:\/\/www.pescafish.it\/new\/prodotto\/tsubusen-pellet-350g-marukyu\/#webpage\",\"url\":\"https:\/\/www.pescafish.it\/new\/prodotto\/tsubusen-pellet-350g-marukyu\/\",\"name\":\"Tsubusen Pellet 350g - Marukyu - Pesca Fish\",\"isPartOf\":{\"@id\":\"https:\/\/www.pescafish.it\/new\/#website\"},\"primaryImageOfPage\":{\"@id\":\"https:\/\/www.pescafish.it\/new\/prodotto\/tsubusen-pellet-350g-marukyu\/#primaryimage\"},\"datePublished\":\"2022-10-07T16:45:12+00:00\",\"dateModified\":\"2022-10-07T16:45:13+00:00\",\"inLanguage\":\"it-IT\",\"potentialAction\":[{\"@type\":\"ReadAction\",\"target\":[\"https:\/\/www.pescafish.it\/new\/prodotto\/tsubusen-pellet-350g-marukyu\/\"]}]}]}<\/script>\n<!-- \/ Yoast SEO plugin. -->","_links":{"self":[{"href":"https:\/\/www.pescafish.it\/new\/wp-json\/wp\/v2\/product\/82556"}],"collection":[{"href":"https:\/\/www.pescafish.it\/new\/wp-json\/wp\/v2\/product"}],"about":[{"href":"https:\/\/www.pescafish.it\/new\/wp-json\/wp\/v2\/types\/product"}],"replies":[{"embeddable":true,"href":"https:\/\/www.pescafish.it\/new\/wp-json\/wp\/v2\/comments?post=82556"}],"wp:featuredmedia":[{"embeddable":true,"href":"https:\/\/www.pescafish.it\/new\/wp-json\/wp\/v2\/media\/82558"}],"wp:attachment":[{"href":"https:\/\/www.pescafish.it\/new\/wp-json\/wp\/v2\/media?parent=82556"}],"wp:term":[{"taxonomy":"product_cat","embeddable":true,"href":"https:\/\/www.pescafish.it\/new\/wp-json\/wp\/v2\/product_cat?post=82556"},{"taxonomy":"product_tag","embeddable":true,"href":"https:\/\/www.pescafish.it\/new\/wp-json\/wp\/v2\/product_tag?post=82556"}],"curies":[{"name":"wp","href":"https:\/\/api.w.org\/{rel}","templated":true}]}}