{"id":81152,"date":"2022-08-11T09:42:00","date_gmt":"2022-08-11T07:42:00","guid":{"rendered":"https:\/\/www.pescafish.it\/new\/?post_type=product&#038;p=81152"},"modified":"2025-02-18T16:32:08","modified_gmt":"2025-02-18T15:32:08","slug":"rap-v-blade-5cm-10gr-rapala","status":"publish","type":"product","link":"https:\/\/www.pescafish.it\/new\/prodotto\/rap-v-blade-5cm-10gr-rapala\/","title":{"rendered":"Rap-V Blade 5cm 10gr \u2013 Rapala"},"content":{"rendered":"<p>Il Rap-V Blade \u00e8 l\u2019artificiale dal perfetto equilibrio tra metallo e plastica. Questa esca estremamente versatile produce notevoli vibrazioni istantanee durante il sollevamento o il recupero. Il Rap-V pu\u00f2 essere lavorato a profondit\u00e0 variabili con un\u2019ampia gamma di tecniche, dal classico spinning alla pesca a vertical. Per la presentazione verticale, lascia cadere sul fondo ed adotta un\u2019azione di jigging. Il Rap-v Blade \u00e8 dotato di due posizioni di collegamento del moschettone: in quella anteriore si avr\u00e0 un\u2019azione di nuoto in caduta pi\u00f9 lenta, mentre in quella posteriore si avr\u00e0 una caduta pi\u00f9 rapida di testa. La Rap-V Blade offre un\u2019azione ed una presentazione ideali per qualsiasi predatore nei paraggi.<\/p>\n<p><strong>Lunghezza:<\/strong> 5cm<br \/>\n<strong>Peso:<\/strong> 10g<br \/>\n<strong>Profondit\u00e0:<\/strong>\u00a0Variabile<\/p>\n<p><strong>Disponibile nelle seguenti colorazioni:<br \/>\n<\/strong><strong>RA5822163\u00a0<\/strong> BLK<br \/>\n<strong>RA5822171\u00a0<\/strong> GH<br \/>\n<strong>RA5822178\u00a0<\/strong> PEL<br \/>\n<strong>RA5822180\u00a0<\/strong> ROL<\/p>\n","protected":false},"excerpt":{"rendered":"<p>Il Rap-V Blade \u00e8 l\u2019artificiale dal perfetto equilibrio tra metallo e plastica. Questa esca estremamente versatile produce notevoli vibrazioni istantanee durante il sollevamento o il recupero. Il Rap-V pu\u00f2 essere lavorato a profondit\u00e0 variabili con un\u2019ampia gamma di tecniche, dal classico spinning alla pesca a vertical. Per la presentazione verticale, lascia cadere sul fondo ed [&hellip;]<\/p>\n","protected":false},"featured_media":81162,"comment_status":"closed","ping_status":"closed","template":"","meta":[],"product_cat":[625],"product_tag":[1113],"yoast_head":"<!-- This site is optimized with the Yoast SEO plugin v15.3 - https:\/\/yoast.com\/wordpress\/plugins\/seo\/ -->\n<title>Rap-V Blade 5cm 10gr \u2013 Rapala - Pesca Fish<\/title>\n<meta name=\"robots\" content=\"index, follow, max-snippet:-1, max-image-preview:large, max-video-preview:-1\" \/>\n<link rel=\"canonical\" href=\"https:\/\/www.pescafish.it\/new\/prodotto\/rap-v-blade-5cm-10gr-rapala\/\" \/>\n<meta property=\"og:locale\" content=\"it_IT\" \/>\n<meta property=\"og:type\" content=\"article\" \/>\n<meta property=\"og:title\" content=\"Rap-V Blade 5cm 10gr \u2013 Rapala - Pesca Fish\" \/>\n<meta property=\"og:description\" content=\"Il Rap-V Blade \u00e8 l\u2019artificiale dal perfetto equilibrio tra metallo e plastica. Questa esca estremamente versatile produce notevoli vibrazioni istantanee durante il sollevamento o il recupero. Il Rap-V pu\u00f2 essere lavorato a profondit\u00e0 variabili con un\u2019ampia gamma di tecniche, dal classico spinning alla pesca a vertical. Per la presentazione verticale, lascia cadere sul fondo ed [&hellip;]\" \/>\n<meta property=\"og:url\" content=\"https:\/\/www.pescafish.it\/new\/prodotto\/rap-v-blade-5cm-10gr-rapala\/\" \/>\n<meta property=\"og:site_name\" content=\"Pesca Fish\" \/>\n<meta property=\"article:publisher\" content=\"https:\/\/www.facebook.com\/pescafishvr\/\" \/>\n<meta property=\"article:modified_time\" content=\"2025-02-18T15:32:08+00:00\" \/>\n<meta property=\"og:image\" content=\"https:\/\/www.pescafish.it\/new\/wp-content\/uploads\/2022\/08\/154927550298_KLL_product_1_rapala-rap-v-blade-wobbler-bleak.jpeg\" \/>\n\t<meta property=\"og:image:width\" content=\"1500\" \/>\n\t<meta property=\"og:image:height\" content=\"1299\" \/>\n<meta name=\"twitter:card\" content=\"summary_large_image\" \/>\n<meta name=\"twitter:label1\" content=\"Scritto da\">\n\t<meta name=\"twitter:data1\" content=\"francesca\">\n\t<meta name=\"twitter:label2\" content=\"Tempo di lettura stimato\">\n\t<meta name=\"twitter:data2\" content=\"1 minuto\">\n<script type=\"application\/ld+json\" class=\"yoast-schema-graph\">{\"@context\":\"https:\/\/schema.org\",\"@graph\":[{\"@type\":\"WebSite\",\"@id\":\"https:\/\/www.pescafish.it\/new\/#website\",\"url\":\"https:\/\/www.pescafish.it\/new\/\",\"name\":\"Pesca Fish\",\"description\":\"Benvenuti sul nostro sito!\",\"potentialAction\":[{\"@type\":\"SearchAction\",\"target\":\"https:\/\/www.pescafish.it\/new\/?s={search_term_string}\",\"query-input\":\"required name=search_term_string\"}],\"inLanguage\":\"it-IT\"},{\"@type\":\"ImageObject\",\"@id\":\"https:\/\/www.pescafish.it\/new\/prodotto\/rap-v-blade-5cm-10gr-rapala\/#primaryimage\",\"inLanguage\":\"it-IT\",\"url\":\"https:\/\/www.pescafish.it\/new\/wp-content\/uploads\/2022\/08\/154927550298_KLL_product_1_rapala-rap-v-blade-wobbler-bleak.jpeg\",\"width\":1500,\"height\":1299},{\"@type\":\"WebPage\",\"@id\":\"https:\/\/www.pescafish.it\/new\/prodotto\/rap-v-blade-5cm-10gr-rapala\/#webpage\",\"url\":\"https:\/\/www.pescafish.it\/new\/prodotto\/rap-v-blade-5cm-10gr-rapala\/\",\"name\":\"Rap-V Blade 5cm 10gr \\u2013 Rapala - Pesca Fish\",\"isPartOf\":{\"@id\":\"https:\/\/www.pescafish.it\/new\/#website\"},\"primaryImageOfPage\":{\"@id\":\"https:\/\/www.pescafish.it\/new\/prodotto\/rap-v-blade-5cm-10gr-rapala\/#primaryimage\"},\"datePublished\":\"2022-08-11T07:42:00+00:00\",\"dateModified\":\"2025-02-18T15:32:08+00:00\",\"inLanguage\":\"it-IT\",\"potentialAction\":[{\"@type\":\"ReadAction\",\"target\":[\"https:\/\/www.pescafish.it\/new\/prodotto\/rap-v-blade-5cm-10gr-rapala\/\"]}]}]}<\/script>\n<!-- \/ Yoast SEO plugin. -->","_links":{"self":[{"href":"https:\/\/www.pescafish.it\/new\/wp-json\/wp\/v2\/product\/81152"}],"collection":[{"href":"https:\/\/www.pescafish.it\/new\/wp-json\/wp\/v2\/product"}],"about":[{"href":"https:\/\/www.pescafish.it\/new\/wp-json\/wp\/v2\/types\/product"}],"replies":[{"embeddable":true,"href":"https:\/\/www.pescafish.it\/new\/wp-json\/wp\/v2\/comments?post=81152"}],"wp:featuredmedia":[{"embeddable":true,"href":"https:\/\/www.pescafish.it\/new\/wp-json\/wp\/v2\/media\/81162"}],"wp:attachment":[{"href":"https:\/\/www.pescafish.it\/new\/wp-json\/wp\/v2\/media?parent=81152"}],"wp:term":[{"taxonomy":"product_cat","embeddable":true,"href":"https:\/\/www.pescafish.it\/new\/wp-json\/wp\/v2\/product_cat?post=81152"},{"taxonomy":"product_tag","embeddable":true,"href":"https:\/\/www.pescafish.it\/new\/wp-json\/wp\/v2\/product_tag?post=81152"}],"curies":[{"name":"wp","href":"https:\/\/api.w.org\/{rel}","templated":true}]}}