{"id":79912,"date":"2022-07-04T18:22:13","date_gmt":"2022-07-04T16:22:13","guid":{"rendered":"https:\/\/www.pescafish.it\/new\/?post_type=product&#038;p=79912"},"modified":"2024-11-12T14:56:26","modified_gmt":"2024-11-12T13:56:26","slug":"titan-worm-swinbait-hook-bkk","status":"publish","type":"product","link":"https:\/\/www.pescafish.it\/new\/prodotto\/titan-worm-swinbait-hook-bkk\/","title":{"rendered":"Titan Worm Swinbait Hook\u00a0&#8211; BKK"},"content":{"rendered":"<h2>Titan Worm Swinbait Hook<\/h2>\n<p>Il BKK Titan \u00e8 progettato per il rigging in stile weedless di grandi esche in plastica morbida come grandi swimbait e tubi.<\/p>\n<p>Pi\u00f9 di un anno di prove sul campo con specie diverse sono alla base della qualit\u00e0 costruttiva e della versatilit\u00e0 dell&#8217;amo.<\/p>\n<p>L&#8217;amo \u00e8 dotato di una molla di bloccaggio che tiene saldamente in posizione le esche e consente ai pescatori di aggiungere o rimuovere facilmente le esche morbide.<\/p>\n<p>Un tappo in silicone regolabile mantiene la plastica morbida in posizione durante il lancio, consentendo allo stesso tempo di scorrere verso il basso l&#8217;amo quando il pesce colpisce.<\/p>\n<p>Inoltre, una gola profonda presenta una sezione della punta dell&#8217;amo molto pi\u00f9 lunga che penetra pi\u00f9 lontano nella bocca del pesce per un amo pi\u00f9 sicuro.<\/p>\n<p>L&#8217;esclusivo rivestimento Super Slide del gancio di BKK migliora la capacit\u00e0 di penetrazione e riduce l&#8217;attrito al livello minimo.<\/p>\n<p>Il Titan \u00e8 il miglior amo per quei pescatori che non vogliono scendere a compromessi sulla velocit\u00e0 di allacciamento quando pescano senza erba con esche in plastica morbida.<\/p>\n<p><strong>Disponibile nelle seguenti misure:<br \/>\nA-EW-9612<\/strong>\u00a0 Size 3\/0<br \/>\n<strong>A-EW-9614<\/strong>\u00a0 Size 5\/0<br \/>\n<strong>A-EW-9617<\/strong>\u00a0 Size 8\/0<br \/>\n<strong>A-EW-9621<\/strong>\u00a0 Size 12\/0<\/p>\n","protected":false},"excerpt":{"rendered":"<p>Titan Worm Swinbait Hook Il BKK Titan \u00e8 progettato per il rigging in stile weedless di grandi esche in plastica morbida come grandi swimbait e tubi. Pi\u00f9 di un anno di prove sul campo con specie diverse sono alla base della qualit\u00e0 costruttiva e della versatilit\u00e0 dell&#8217;amo. L&#8217;amo \u00e8 dotato di una molla di bloccaggio [&hellip;]<\/p>\n","protected":false},"featured_media":79913,"comment_status":"closed","ping_status":"closed","template":"","meta":[],"product_cat":[682],"product_tag":[1330],"yoast_head":"<!-- This site is optimized with the Yoast SEO plugin v15.3 - https:\/\/yoast.com\/wordpress\/plugins\/seo\/ -->\n<title>Titan Worm Swinbait Hook\u00a0- BKK - Pesca Fish<\/title>\n<meta name=\"robots\" content=\"index, follow, max-snippet:-1, max-image-preview:large, max-video-preview:-1\" \/>\n<link rel=\"canonical\" href=\"https:\/\/www.pescafish.it\/new\/prodotto\/titan-worm-swinbait-hook-bkk\/\" \/>\n<meta property=\"og:locale\" content=\"it_IT\" \/>\n<meta property=\"og:type\" content=\"article\" \/>\n<meta property=\"og:title\" content=\"Titan Worm Swinbait Hook\u00a0- BKK - Pesca Fish\" \/>\n<meta property=\"og:description\" content=\"Titan Worm Swinbait Hook Il BKK Titan \u00e8 progettato per il rigging in stile weedless di grandi esche in plastica morbida come grandi swimbait e tubi. Pi\u00f9 di un anno di prove sul campo con specie diverse sono alla base della qualit\u00e0 costruttiva e della versatilit\u00e0 dell&#8217;amo. L&#8217;amo \u00e8 dotato di una molla di bloccaggio [&hellip;]\" \/>\n<meta property=\"og:url\" content=\"https:\/\/www.pescafish.it\/new\/prodotto\/titan-worm-swinbait-hook-bkk\/\" \/>\n<meta property=\"og:site_name\" content=\"Pesca Fish\" \/>\n<meta property=\"article:publisher\" content=\"https:\/\/www.facebook.com\/pescafishvr\/\" \/>\n<meta property=\"article:modified_time\" content=\"2024-11-12T13:56:26+00:00\" \/>\n<meta property=\"og:image\" content=\"https:\/\/www.pescafish.it\/new\/wp-content\/uploads\/2022\/07\/Titan-PK.jpg\" \/>\n\t<meta property=\"og:image:width\" content=\"734\" \/>\n\t<meta property=\"og:image:height\" content=\"734\" \/>\n<meta name=\"twitter:card\" content=\"summary_large_image\" \/>\n<meta name=\"twitter:label1\" content=\"Scritto da\">\n\t<meta name=\"twitter:data1\" content=\"francesca\">\n\t<meta name=\"twitter:label2\" content=\"Tempo di lettura stimato\">\n\t<meta name=\"twitter:data2\" content=\"1 minuto\">\n<script type=\"application\/ld+json\" class=\"yoast-schema-graph\">{\"@context\":\"https:\/\/schema.org\",\"@graph\":[{\"@type\":\"WebSite\",\"@id\":\"https:\/\/www.pescafish.it\/new\/#website\",\"url\":\"https:\/\/www.pescafish.it\/new\/\",\"name\":\"Pesca Fish\",\"description\":\"Benvenuti sul nostro sito!\",\"potentialAction\":[{\"@type\":\"SearchAction\",\"target\":\"https:\/\/www.pescafish.it\/new\/?s={search_term_string}\",\"query-input\":\"required name=search_term_string\"}],\"inLanguage\":\"it-IT\"},{\"@type\":\"ImageObject\",\"@id\":\"https:\/\/www.pescafish.it\/new\/prodotto\/titan-worm-swinbait-hook-bkk\/#primaryimage\",\"inLanguage\":\"it-IT\",\"url\":\"https:\/\/www.pescafish.it\/new\/wp-content\/uploads\/2022\/07\/Titan-PK.jpg\",\"width\":734,\"height\":734,\"caption\":\"BKK\"},{\"@type\":\"WebPage\",\"@id\":\"https:\/\/www.pescafish.it\/new\/prodotto\/titan-worm-swinbait-hook-bkk\/#webpage\",\"url\":\"https:\/\/www.pescafish.it\/new\/prodotto\/titan-worm-swinbait-hook-bkk\/\",\"name\":\"Titan Worm Swinbait Hook\\u00a0- BKK - Pesca Fish\",\"isPartOf\":{\"@id\":\"https:\/\/www.pescafish.it\/new\/#website\"},\"primaryImageOfPage\":{\"@id\":\"https:\/\/www.pescafish.it\/new\/prodotto\/titan-worm-swinbait-hook-bkk\/#primaryimage\"},\"datePublished\":\"2022-07-04T16:22:13+00:00\",\"dateModified\":\"2024-11-12T13:56:26+00:00\",\"inLanguage\":\"it-IT\",\"potentialAction\":[{\"@type\":\"ReadAction\",\"target\":[\"https:\/\/www.pescafish.it\/new\/prodotto\/titan-worm-swinbait-hook-bkk\/\"]}]}]}<\/script>\n<!-- \/ Yoast SEO plugin. -->","_links":{"self":[{"href":"https:\/\/www.pescafish.it\/new\/wp-json\/wp\/v2\/product\/79912"}],"collection":[{"href":"https:\/\/www.pescafish.it\/new\/wp-json\/wp\/v2\/product"}],"about":[{"href":"https:\/\/www.pescafish.it\/new\/wp-json\/wp\/v2\/types\/product"}],"replies":[{"embeddable":true,"href":"https:\/\/www.pescafish.it\/new\/wp-json\/wp\/v2\/comments?post=79912"}],"wp:featuredmedia":[{"embeddable":true,"href":"https:\/\/www.pescafish.it\/new\/wp-json\/wp\/v2\/media\/79913"}],"wp:attachment":[{"href":"https:\/\/www.pescafish.it\/new\/wp-json\/wp\/v2\/media?parent=79912"}],"wp:term":[{"taxonomy":"product_cat","embeddable":true,"href":"https:\/\/www.pescafish.it\/new\/wp-json\/wp\/v2\/product_cat?post=79912"},{"taxonomy":"product_tag","embeddable":true,"href":"https:\/\/www.pescafish.it\/new\/wp-json\/wp\/v2\/product_tag?post=79912"}],"curies":[{"name":"wp","href":"https:\/\/api.w.org\/{rel}","templated":true}]}}