{"id":79073,"date":"2022-06-09T16:25:59","date_gmt":"2022-06-09T14:25:59","guid":{"rendered":"https:\/\/www.pescafish.it\/new\/?post_type=product&#038;p=79073"},"modified":"2023-04-19T16:40:20","modified_gmt":"2023-04-19T14:40:20","slug":"saltist-mq-daiwa","status":"publish","type":"product","link":"https:\/\/www.pescafish.it\/new\/prodotto\/saltist-mq-daiwa\/","title":{"rendered":"Saltist MQ &#8211; Daiwa"},"content":{"rendered":"<h2>Saltist MQ<\/h2>\n<p>Uno dei mulinelli da spinning big game pi\u00f9 completi sul mercato: il nuovo Saltist MQ \u00e8 robustissimo ed estremamente solido e potente, progettato per resistere e contrastare al meglio la forza dei pi\u00f9 potenti predatori acquatici. Ogni componente del nuovo Saltist \u00e8 stato progettato e sviluppato per offrire massima affidabilit\u00e0 e robustezza.<\/p>\n<p><strong>CORPO MONOSCOCCA:\u00a0<\/strong>la struttura portante \u00e8 costituita dall\u2019ormai celebre\u00a0<strong>Monocoque Body<\/strong>, un pezzo unico di alluminio lavorato che conferisce al mulinello rigidit\u00e0 strutturale e resistenza inarrivabili per qualsiasi mulinello con corpo assemblato.<\/p>\n<p><strong>ROTORE AIR ROTOR IN ZAION:<\/strong>Costruito nel materiale composito pi\u00f9 innovativo sviluppato da Daiwa, \u00e8 leggero e al contempo reattivo, resistente ed estremamente scorrevole grazie al limitato grado di inerzia.<\/p>\n<p><strong>ARCHETTO AIR BAIL:\u00a0<\/strong>Esclusiva Daiwa l\u2019Air Bail \u00e8 uno speciale archetto cavo che si allarga in modo dolce e graduale per inglobare il rullino guida-filo, garantendo sempre la massima scorrevolezza della lenza anche quando non in tensione, prevenendo i grovigli.<\/p>\n<p><strong>TECNOLOGIA MAGSEALED:\u00a0<\/strong>una speciale membrana di olio magnetizzato protegge da acqua e sporcizia la meccanica interna del mulinello.\u00a0 SopratTutto nella pesca in mare, questa tecnologia allunga notevolmente la vita del mulinello, prevenendo l\u2019azione corrosiva della salsedine.<\/p>\n<p><strong>POMELLO ARK:\u00a0<\/strong>Per combattere i pi\u00f9 esuberanti predatori acquatici occorre presa ferma e grande controllo: per questo il nuovo Saltist \u00e8 equipaggiato di serie, su tutte le taglie, con pomello sferico in alluminio.<\/p>\n<p><strong>Caratteristiche:<\/strong><\/p>\n<div class=\"flex_column av_one_third flex_column_div av-zero-column-padding first avia-builder-el-20 el_after_av_one_full el_before_av_one_third column-top-margin\">\n<section class=\"av_textblock_section \">\n<div class=\"avia_textblock \">\n<p>\u2022 Corpo Monocoque Body in Alluminio<br \/>\n\u2022 Rotore Air Rotor in Zaion<br \/>\n\u2022 Tough Digigear<br \/>\n\u2022 Bobina Long Cast ABS in Alluminio<br \/>\n\u2022 Archetto Air Bail monopezzo<br \/>\n\u2022 Tecnologia Magsealed a protezione del corpo<br \/>\n\u2022 Rullino guidafilo Twistbuster II<br \/>\n\u2022 Frizione Carbon ATD (Automatic Tournament Drag)<br \/>\n\u2022 6 cuscinetti a sfera<br \/>\n\u2022 Manovella monoblocco in Alluminio<br \/>\n\u2022 6 cuscinetti a sfera + 1 roller<br \/>\n\u2022 Frizione Carbon ATD (Automatic Tournament Drag) dotata di dischi in carbonio<br \/>\n\u2022 Infinite Anti-Reverse<br \/>\n\u2022 Cross Wrap<\/p>\n<\/div>\n<\/section>\n<\/div>\n<p><b>Disponibile nelle seguenti misure:<\/b><\/p>\n<table style=\"height: 114px; width: 100%; border-collapse: collapse;\" border=\"1\">\n<tbody>\n<tr style=\"height: 23px;\">\n<td style=\"width: 16.6667%; height: 23px;\"><strong>Codice<\/strong><\/td>\n<td style=\"width: 16.6667%; height: 23px;\"><strong>Capacit\u00e0 Bob\u00a0<\/strong><\/td>\n<td style=\"width: 16.6667%; height: 23px;\"><strong>Rapporto Di Recupero\u00a0<\/strong><\/td>\n<td style=\"width: 16.6667%; height: 23px;\"><strong>Cuscinetti a Sfera<\/strong><\/td>\n<td style=\"width: 16.6667%; height: 23px;\"><strong>Pero (GR)<\/strong><\/td>\n<td style=\"width: 16.6667%; height: 23px;\"><strong>Freno (KG)<\/strong><\/td>\n<\/tr>\n<tr style=\"height: 23px;\">\n<td style=\"width: 16.6667%; height: 23px;\"><strong>21SALMQ4000DXH<\/strong><\/td>\n<td style=\"width: 16.6667%; height: 23px;\">150 m \u00d8 37<\/td>\n<td style=\"width: 16.6667%; height: 23px;\">6,2:1 (99 cm)<\/td>\n<td style=\"width: 16.6667%; height: 23px;\">6<\/td>\n<td style=\"width: 16.6667%; height: 23px;\">290<\/td>\n<td style=\"width: 16.6667%; height: 23px;\">12<\/td>\n<\/tr>\n<tr style=\"height: 23px;\">\n<td style=\"width: 16.6667%; height: 23px;\"><strong>21SALMQ5000DH<\/strong><\/td>\n<td style=\"width: 16.6667%; height: 23px;\">150 m \u00d8 40<\/td>\n<td style=\"width: 16.6667%; height: 23px;\">5,7:1 (96 cm)<\/td>\n<td style=\"width: 16.6667%; height: 23px;\">6<\/td>\n<td style=\"width: 16.6667%; height: 23px;\">430<\/td>\n<td style=\"width: 16.6667%; height: 23px;\">12<\/td>\n<\/tr>\n<tr style=\"height: 23px;\">\n<td style=\"width: 16.6667%; height: 22px;\"><strong>21SALMQ6000DH<\/strong><\/td>\n<td style=\"width: 16.6667%; height: 22px;\">150 m \u00d8 43<\/td>\n<td style=\"width: 16.6667%; height: 22px;\">5,7:1 (101 cm)<\/td>\n<td style=\"width: 16.6667%; height: 22px;\">6<\/td>\n<td style=\"width: 16.6667%; height: 22px;\">435<\/td>\n<td style=\"width: 16.6667%; height: 22px;\">12<\/td>\n<\/tr>\n<tr style=\"height: 23px;\">\n<td style=\"width: 16.6667%; height: 23px;\"><strong>21SALMQ14000H<\/strong><\/td>\n<td style=\"width: 16.6667%; height: 23px;\">300 m \u00d8 40<\/td>\n<td style=\"width: 16.6667%; height: 23px;\">5,7:1 (122 cm)<\/td>\n<td style=\"width: 16.6667%; height: 23px;\">6<\/td>\n<td style=\"width: 16.6667%; height: 23px;\">630<\/td>\n<td style=\"width: 16.6667%; height: 23px;\">15<\/td>\n<\/tr>\n<\/tbody>\n<\/table>\n","protected":false},"excerpt":{"rendered":"<p>Saltist MQ Uno dei mulinelli da spinning big game pi\u00f9 completi sul mercato: il nuovo Saltist MQ \u00e8 robustissimo ed estremamente solido e potente, progettato per resistere e contrastare al meglio la forza dei pi\u00f9 potenti predatori acquatici. Ogni componente del nuovo Saltist \u00e8 stato progettato e sviluppato per offrire massima affidabilit\u00e0 e robustezza. CORPO [&hellip;]<\/p>\n","protected":false},"featured_media":79080,"comment_status":"closed","ping_status":"closed","template":"","meta":[],"product_cat":[351],"product_tag":[1051],"yoast_head":"<!-- This site is optimized with the Yoast SEO plugin v15.3 - https:\/\/yoast.com\/wordpress\/plugins\/seo\/ -->\n<title>Saltist MQ - Daiwa - Pesca Fish<\/title>\n<meta name=\"robots\" content=\"index, follow, max-snippet:-1, max-image-preview:large, max-video-preview:-1\" \/>\n<link rel=\"canonical\" href=\"https:\/\/www.pescafish.it\/new\/prodotto\/saltist-mq-daiwa\/\" \/>\n<meta property=\"og:locale\" content=\"it_IT\" \/>\n<meta property=\"og:type\" content=\"article\" \/>\n<meta property=\"og:title\" content=\"Saltist MQ - Daiwa - Pesca Fish\" \/>\n<meta property=\"og:description\" content=\"Saltist MQ Uno dei mulinelli da spinning big game pi\u00f9 completi sul mercato: il nuovo Saltist MQ \u00e8 robustissimo ed estremamente solido e potente, progettato per resistere e contrastare al meglio la forza dei pi\u00f9 potenti predatori acquatici. Ogni componente del nuovo Saltist \u00e8 stato progettato e sviluppato per offrire massima affidabilit\u00e0 e robustezza. CORPO [&hellip;]\" \/>\n<meta property=\"og:url\" content=\"https:\/\/www.pescafish.it\/new\/prodotto\/saltist-mq-daiwa\/\" \/>\n<meta property=\"og:site_name\" content=\"Pesca Fish\" \/>\n<meta property=\"article:publisher\" content=\"https:\/\/www.facebook.com\/pescafishvr\/\" \/>\n<meta property=\"article:modified_time\" content=\"2023-04-19T14:40:20+00:00\" \/>\n<meta property=\"og:image\" content=\"https:\/\/www.pescafish.it\/new\/wp-content\/uploads\/2022\/06\/saltist.jpg\" \/>\n\t<meta property=\"og:image:width\" content=\"1287\" \/>\n\t<meta property=\"og:image:height\" content=\"1287\" \/>\n<meta name=\"twitter:card\" content=\"summary_large_image\" \/>\n<meta name=\"twitter:label1\" content=\"Scritto da\">\n\t<meta name=\"twitter:data1\" content=\"francesca\">\n\t<meta name=\"twitter:label2\" content=\"Tempo di lettura stimato\">\n\t<meta name=\"twitter:data2\" content=\"1 minuto\">\n<script type=\"application\/ld+json\" class=\"yoast-schema-graph\">{\"@context\":\"https:\/\/schema.org\",\"@graph\":[{\"@type\":\"WebSite\",\"@id\":\"https:\/\/www.pescafish.it\/new\/#website\",\"url\":\"https:\/\/www.pescafish.it\/new\/\",\"name\":\"Pesca Fish\",\"description\":\"Benvenuti sul nostro sito!\",\"potentialAction\":[{\"@type\":\"SearchAction\",\"target\":\"https:\/\/www.pescafish.it\/new\/?s={search_term_string}\",\"query-input\":\"required name=search_term_string\"}],\"inLanguage\":\"it-IT\"},{\"@type\":\"ImageObject\",\"@id\":\"https:\/\/www.pescafish.it\/new\/prodotto\/saltist-mq-daiwa\/#primaryimage\",\"inLanguage\":\"it-IT\",\"url\":\"https:\/\/www.pescafish.it\/new\/wp-content\/uploads\/2022\/06\/saltist.jpg\",\"width\":1287,\"height\":1287,\"caption\":\"Daiwa\"},{\"@type\":\"WebPage\",\"@id\":\"https:\/\/www.pescafish.it\/new\/prodotto\/saltist-mq-daiwa\/#webpage\",\"url\":\"https:\/\/www.pescafish.it\/new\/prodotto\/saltist-mq-daiwa\/\",\"name\":\"Saltist MQ - Daiwa - Pesca Fish\",\"isPartOf\":{\"@id\":\"https:\/\/www.pescafish.it\/new\/#website\"},\"primaryImageOfPage\":{\"@id\":\"https:\/\/www.pescafish.it\/new\/prodotto\/saltist-mq-daiwa\/#primaryimage\"},\"datePublished\":\"2022-06-09T14:25:59+00:00\",\"dateModified\":\"2023-04-19T14:40:20+00:00\",\"inLanguage\":\"it-IT\",\"potentialAction\":[{\"@type\":\"ReadAction\",\"target\":[\"https:\/\/www.pescafish.it\/new\/prodotto\/saltist-mq-daiwa\/\"]}]}]}<\/script>\n<!-- \/ Yoast SEO plugin. -->","_links":{"self":[{"href":"https:\/\/www.pescafish.it\/new\/wp-json\/wp\/v2\/product\/79073"}],"collection":[{"href":"https:\/\/www.pescafish.it\/new\/wp-json\/wp\/v2\/product"}],"about":[{"href":"https:\/\/www.pescafish.it\/new\/wp-json\/wp\/v2\/types\/product"}],"replies":[{"embeddable":true,"href":"https:\/\/www.pescafish.it\/new\/wp-json\/wp\/v2\/comments?post=79073"}],"wp:featuredmedia":[{"embeddable":true,"href":"https:\/\/www.pescafish.it\/new\/wp-json\/wp\/v2\/media\/79080"}],"wp:attachment":[{"href":"https:\/\/www.pescafish.it\/new\/wp-json\/wp\/v2\/media?parent=79073"}],"wp:term":[{"taxonomy":"product_cat","embeddable":true,"href":"https:\/\/www.pescafish.it\/new\/wp-json\/wp\/v2\/product_cat?post=79073"},{"taxonomy":"product_tag","embeddable":true,"href":"https:\/\/www.pescafish.it\/new\/wp-json\/wp\/v2\/product_tag?post=79073"}],"curies":[{"name":"wp","href":"https:\/\/api.w.org\/{rel}","templated":true}]}}