{"id":78600,"date":"2022-05-14T12:07:07","date_gmt":"2022-05-14T10:07:07","guid":{"rendered":"https:\/\/www.pescafish.it\/new\/?post_type=product&#038;p=78600"},"modified":"2025-03-18T18:18:24","modified_gmt":"2025-03-18T17:18:24","slug":"swim-stim-red-krill-mix-dynamite-baits","status":"publish","type":"product","link":"https:\/\/www.pescafish.it\/new\/prodotto\/swim-stim-red-krill-mix-dynamite-baits\/","title":{"rendered":"Swim Stim Red Krill Mix &#8211; Dynamite Baits"},"content":{"rendered":"<div id=\"product-description-short-6037\" class=\"tvproduct-page-decs\">\n<p>Swim Stim Red Krill Mix \u00e8 una nuova pastura da feeder al krill, perfetta per tutte le situazioni di pesca. Presenta la stessa Koi Technology delle normali pasture Swim Stim, ma \u00e8 stato aggiunto farina di pesce e particelle pi\u00f9 grandi per adattarsi alle grandi acque del continente, dove \u00e8 importante prendere di mira un mix di specie, tra cui le carpe.<\/p>\n<p><strong>Confezione da 1,8kg<\/strong><\/p>\n<\/div>\n","protected":false},"excerpt":{"rendered":"<p>Swim Stim Red Krill Mix \u00e8 una nuova pastura da feeder al krill, perfetta per tutte le situazioni di pesca. Presenta la stessa Koi Technology delle normali pasture Swim Stim, ma \u00e8 stato aggiunto farina di pesce e particelle pi\u00f9 grandi per adattarsi alle grandi acque del continente, dove \u00e8 importante prendere di mira un [&hellip;]<\/p>\n","protected":false},"featured_media":78601,"comment_status":"closed","ping_status":"closed","template":"","meta":[],"product_cat":[705],"product_tag":[1097],"yoast_head":"<!-- This site is optimized with the Yoast SEO plugin v15.3 - https:\/\/yoast.com\/wordpress\/plugins\/seo\/ -->\n<title>Swim Stim Red Krill Mix - Dynamite Baits - Pesca Fish<\/title>\n<meta name=\"robots\" content=\"index, follow, max-snippet:-1, max-image-preview:large, max-video-preview:-1\" \/>\n<link rel=\"canonical\" href=\"https:\/\/www.pescafish.it\/new\/prodotto\/swim-stim-red-krill-mix-dynamite-baits\/\" \/>\n<meta property=\"og:locale\" content=\"it_IT\" \/>\n<meta property=\"og:type\" content=\"article\" \/>\n<meta property=\"og:title\" content=\"Swim Stim Red Krill Mix - Dynamite Baits - Pesca Fish\" \/>\n<meta property=\"og:description\" content=\"Swim Stim Red Krill Mix \u00e8 una nuova pastura da feeder al krill, perfetta per tutte le situazioni di pesca. Presenta la stessa Koi Technology delle normali pasture Swim Stim, ma \u00e8 stato aggiunto farina di pesce e particelle pi\u00f9 grandi per adattarsi alle grandi acque del continente, dove \u00e8 importante prendere di mira un [&hellip;]\" \/>\n<meta property=\"og:url\" content=\"https:\/\/www.pescafish.it\/new\/prodotto\/swim-stim-red-krill-mix-dynamite-baits\/\" \/>\n<meta property=\"og:site_name\" content=\"Pesca Fish\" \/>\n<meta property=\"article:publisher\" content=\"https:\/\/www.facebook.com\/pescafishvr\/\" \/>\n<meta property=\"article:modified_time\" content=\"2025-03-18T17:18:24+00:00\" \/>\n<meta property=\"og:image\" content=\"https:\/\/www.pescafish.it\/new\/wp-content\/uploads\/2022\/05\/red-krill-mix.jpg\" \/>\n\t<meta property=\"og:image:width\" content=\"481\" \/>\n\t<meta property=\"og:image:height\" content=\"481\" \/>\n<meta name=\"twitter:card\" content=\"summary_large_image\" \/>\n<meta name=\"twitter:label1\" content=\"Scritto da\">\n\t<meta name=\"twitter:data1\" content=\"francesca\">\n\t<meta name=\"twitter:label2\" content=\"Tempo di lettura stimato\">\n\t<meta name=\"twitter:data2\" content=\"0 minuti\">\n<script type=\"application\/ld+json\" class=\"yoast-schema-graph\">{\"@context\":\"https:\/\/schema.org\",\"@graph\":[{\"@type\":\"WebSite\",\"@id\":\"https:\/\/www.pescafish.it\/new\/#website\",\"url\":\"https:\/\/www.pescafish.it\/new\/\",\"name\":\"Pesca Fish\",\"description\":\"Benvenuti sul nostro sito!\",\"potentialAction\":[{\"@type\":\"SearchAction\",\"target\":\"https:\/\/www.pescafish.it\/new\/?s={search_term_string}\",\"query-input\":\"required name=search_term_string\"}],\"inLanguage\":\"it-IT\"},{\"@type\":\"ImageObject\",\"@id\":\"https:\/\/www.pescafish.it\/new\/prodotto\/swim-stim-red-krill-mix-dynamite-baits\/#primaryimage\",\"inLanguage\":\"it-IT\",\"url\":\"https:\/\/www.pescafish.it\/new\/wp-content\/uploads\/2022\/05\/red-krill-mix.jpg\",\"width\":481,\"height\":481,\"caption\":\"red krill mix dynamite baits\"},{\"@type\":\"WebPage\",\"@id\":\"https:\/\/www.pescafish.it\/new\/prodotto\/swim-stim-red-krill-mix-dynamite-baits\/#webpage\",\"url\":\"https:\/\/www.pescafish.it\/new\/prodotto\/swim-stim-red-krill-mix-dynamite-baits\/\",\"name\":\"Swim Stim Red Krill Mix - Dynamite Baits - Pesca Fish\",\"isPartOf\":{\"@id\":\"https:\/\/www.pescafish.it\/new\/#website\"},\"primaryImageOfPage\":{\"@id\":\"https:\/\/www.pescafish.it\/new\/prodotto\/swim-stim-red-krill-mix-dynamite-baits\/#primaryimage\"},\"datePublished\":\"2022-05-14T10:07:07+00:00\",\"dateModified\":\"2025-03-18T17:18:24+00:00\",\"inLanguage\":\"it-IT\",\"potentialAction\":[{\"@type\":\"ReadAction\",\"target\":[\"https:\/\/www.pescafish.it\/new\/prodotto\/swim-stim-red-krill-mix-dynamite-baits\/\"]}]}]}<\/script>\n<!-- \/ Yoast SEO plugin. -->","_links":{"self":[{"href":"https:\/\/www.pescafish.it\/new\/wp-json\/wp\/v2\/product\/78600"}],"collection":[{"href":"https:\/\/www.pescafish.it\/new\/wp-json\/wp\/v2\/product"}],"about":[{"href":"https:\/\/www.pescafish.it\/new\/wp-json\/wp\/v2\/types\/product"}],"replies":[{"embeddable":true,"href":"https:\/\/www.pescafish.it\/new\/wp-json\/wp\/v2\/comments?post=78600"}],"wp:featuredmedia":[{"embeddable":true,"href":"https:\/\/www.pescafish.it\/new\/wp-json\/wp\/v2\/media\/78601"}],"wp:attachment":[{"href":"https:\/\/www.pescafish.it\/new\/wp-json\/wp\/v2\/media?parent=78600"}],"wp:term":[{"taxonomy":"product_cat","embeddable":true,"href":"https:\/\/www.pescafish.it\/new\/wp-json\/wp\/v2\/product_cat?post=78600"},{"taxonomy":"product_tag","embeddable":true,"href":"https:\/\/www.pescafish.it\/new\/wp-json\/wp\/v2\/product_tag?post=78600"}],"curies":[{"name":"wp","href":"https:\/\/api.w.org\/{rel}","templated":true}]}}