{"id":78575,"date":"2022-05-14T10:05:32","date_gmt":"2022-05-14T08:05:32","guid":{"rendered":"https:\/\/www.pescafish.it\/new\/?post_type=product&#038;p=78575"},"modified":"2022-05-14T10:05:33","modified_gmt":"2022-05-14T08:05:33","slug":"bps-spray-600ml-imperial-bait","status":"publish","type":"product","link":"https:\/\/www.pescafish.it\/new\/prodotto\/bps-spray-600ml-imperial-bait\/","title":{"rendered":"BPS Spray 600ml &#8211; Imperial Bait"},"content":{"rendered":"<div id=\"testo_dsc_articolo\">\n<h2>BPS Spray 600ml<\/h2>\n<div>Il &#8220;Boilie protector Spray&#8221; si impiega direttamente sul salame di mix prima che venga introdotto nella pistola estrusore ed all\u2019interno della stessa, come anche sulla tavola di rullaggio in piccola quantit\u00e0 (distanza dello spray circa 10cm). Una confezione \u00e8 sufficiente per circa 100kg di boilies. &#8211; Gli impasti particolarmente duri vengono estrusi pi\u00f9 facilmente dalla pistola &#8211; Le salsiccie di mix non si attaccano tra di loro &#8211; Le boilies crude non si appiccicano tra di loro &#8211; Le boilies saranno rullate pi\u00f9 facilmente ed usciranno pi\u00f9 rotonde dalla tavola di rullaggio &#8211; Durante la bollitura l\u2019assorbimento dell\u2019acqua \u00e8 ridotto al minimo &#8211; Lo spray riduce la perdita di aroma e degli elementi nutritivi durante la bollitura &#8211; Durante la bollitura si produce meno schiuma ed acqua sporca &#8211; Le boilies si aciugano pi\u00f9 velocemente ed assorbono meno umidit\u00e0 &#8211; L\u2019aroma delle vostre boilies, una volta cotte ed asciutte, risulter\u00e0 pi\u00f9 intenso. L\u2019Imperial Bait \u201cBPS\u201d \u00e8 stato sviluppato in maniera che i suoi componenti si dissolvano durante il processo di bollitura (il tempo di bollitura dipende dalla vostra boilie). Perci\u00f2 lo spray protegge la boilies nel momento in cui \u00e8 necessario. Un\u2019 ora dopo la cottura le boilies sono gi\u00e0 asciutte e pi\u00f9 dure. Gli aromi e gli additivi sono preservati al massimo.<\/div>\n<div><\/div>\n<div><strong>NON ESISTE UN SELFMAKER CHE NON PARLI BENE DI QUESTO PRODOTTO, INDISPENSABILE!!!<\/strong><\/div>\n<\/div>\n","protected":false},"excerpt":{"rendered":"<p>BPS Spray 600ml Il &#8220;Boilie protector Spray&#8221; si impiega direttamente sul salame di mix prima che venga introdotto nella pistola estrusore ed all\u2019interno della stessa, come anche sulla tavola di rullaggio in piccola quantit\u00e0 (distanza dello spray circa 10cm). Una confezione \u00e8 sufficiente per circa 100kg di boilies. &#8211; Gli impasti particolarmente duri vengono estrusi [&hellip;]<\/p>\n","protected":false},"featured_media":78578,"comment_status":"closed","ping_status":"closed","template":"","meta":[],"product_cat":[924],"product_tag":[1132],"yoast_head":"<!-- This site is optimized with the Yoast SEO plugin v15.3 - https:\/\/yoast.com\/wordpress\/plugins\/seo\/ -->\n<title>BPS Spray 600ml - Imperial Bait - Pesca Fish<\/title>\n<meta name=\"robots\" content=\"index, follow, max-snippet:-1, max-image-preview:large, max-video-preview:-1\" \/>\n<link rel=\"canonical\" href=\"https:\/\/www.pescafish.it\/new\/prodotto\/bps-spray-600ml-imperial-bait\/\" \/>\n<meta property=\"og:locale\" content=\"it_IT\" \/>\n<meta property=\"og:type\" content=\"article\" \/>\n<meta property=\"og:title\" content=\"BPS Spray 600ml - Imperial Bait - Pesca Fish\" \/>\n<meta property=\"og:description\" content=\"BPS Spray 600ml Il &#8220;Boilie protector Spray&#8221; si impiega direttamente sul salame di mix prima che venga introdotto nella pistola estrusore ed all\u2019interno della stessa, come anche sulla tavola di rullaggio in piccola quantit\u00e0 (distanza dello spray circa 10cm). Una confezione \u00e8 sufficiente per circa 100kg di boilies. &#8211; Gli impasti particolarmente duri vengono estrusi [&hellip;]\" \/>\n<meta property=\"og:url\" content=\"https:\/\/www.pescafish.it\/new\/prodotto\/bps-spray-600ml-imperial-bait\/\" \/>\n<meta property=\"og:site_name\" content=\"Pesca Fish\" \/>\n<meta property=\"article:publisher\" content=\"https:\/\/www.facebook.com\/pescafishvr\/\" \/>\n<meta property=\"article:modified_time\" content=\"2022-05-14T08:05:33+00:00\" \/>\n<meta property=\"og:image\" content=\"https:\/\/www.pescafish.it\/new\/wp-content\/uploads\/2022\/05\/ib_bps-boilie_protector_spray.jpg\" \/>\n\t<meta property=\"og:image:width\" content=\"600\" \/>\n\t<meta property=\"og:image:height\" content=\"600\" \/>\n<meta name=\"twitter:card\" content=\"summary_large_image\" \/>\n<meta name=\"twitter:label1\" content=\"Scritto da\">\n\t<meta name=\"twitter:data1\" content=\"francesca\">\n\t<meta name=\"twitter:label2\" content=\"Tempo di lettura stimato\">\n\t<meta name=\"twitter:data2\" content=\"1 minuto\">\n<script type=\"application\/ld+json\" class=\"yoast-schema-graph\">{\"@context\":\"https:\/\/schema.org\",\"@graph\":[{\"@type\":\"WebSite\",\"@id\":\"https:\/\/www.pescafish.it\/new\/#website\",\"url\":\"https:\/\/www.pescafish.it\/new\/\",\"name\":\"Pesca Fish\",\"description\":\"Benvenuti sul nostro sito!\",\"potentialAction\":[{\"@type\":\"SearchAction\",\"target\":\"https:\/\/www.pescafish.it\/new\/?s={search_term_string}\",\"query-input\":\"required name=search_term_string\"}],\"inLanguage\":\"it-IT\"},{\"@type\":\"ImageObject\",\"@id\":\"https:\/\/www.pescafish.it\/new\/prodotto\/bps-spray-600ml-imperial-bait\/#primaryimage\",\"inLanguage\":\"it-IT\",\"url\":\"https:\/\/www.pescafish.it\/new\/wp-content\/uploads\/2022\/05\/ib_bps-boilie_protector_spray.jpg\",\"width\":600,\"height\":600,\"caption\":\"Imperial Bait\"},{\"@type\":\"WebPage\",\"@id\":\"https:\/\/www.pescafish.it\/new\/prodotto\/bps-spray-600ml-imperial-bait\/#webpage\",\"url\":\"https:\/\/www.pescafish.it\/new\/prodotto\/bps-spray-600ml-imperial-bait\/\",\"name\":\"BPS Spray 600ml - Imperial Bait - Pesca Fish\",\"isPartOf\":{\"@id\":\"https:\/\/www.pescafish.it\/new\/#website\"},\"primaryImageOfPage\":{\"@id\":\"https:\/\/www.pescafish.it\/new\/prodotto\/bps-spray-600ml-imperial-bait\/#primaryimage\"},\"datePublished\":\"2022-05-14T08:05:32+00:00\",\"dateModified\":\"2022-05-14T08:05:33+00:00\",\"inLanguage\":\"it-IT\",\"potentialAction\":[{\"@type\":\"ReadAction\",\"target\":[\"https:\/\/www.pescafish.it\/new\/prodotto\/bps-spray-600ml-imperial-bait\/\"]}]}]}<\/script>\n<!-- \/ Yoast SEO plugin. -->","_links":{"self":[{"href":"https:\/\/www.pescafish.it\/new\/wp-json\/wp\/v2\/product\/78575"}],"collection":[{"href":"https:\/\/www.pescafish.it\/new\/wp-json\/wp\/v2\/product"}],"about":[{"href":"https:\/\/www.pescafish.it\/new\/wp-json\/wp\/v2\/types\/product"}],"replies":[{"embeddable":true,"href":"https:\/\/www.pescafish.it\/new\/wp-json\/wp\/v2\/comments?post=78575"}],"wp:featuredmedia":[{"embeddable":true,"href":"https:\/\/www.pescafish.it\/new\/wp-json\/wp\/v2\/media\/78578"}],"wp:attachment":[{"href":"https:\/\/www.pescafish.it\/new\/wp-json\/wp\/v2\/media?parent=78575"}],"wp:term":[{"taxonomy":"product_cat","embeddable":true,"href":"https:\/\/www.pescafish.it\/new\/wp-json\/wp\/v2\/product_cat?post=78575"},{"taxonomy":"product_tag","embeddable":true,"href":"https:\/\/www.pescafish.it\/new\/wp-json\/wp\/v2\/product_tag?post=78575"}],"curies":[{"name":"wp","href":"https:\/\/api.w.org\/{rel}","templated":true}]}}