{"id":77786,"date":"2022-04-01T17:03:14","date_gmt":"2022-04-01T15:03:14","guid":{"rendered":"https:\/\/www.pescafish.it\/new\/?post_type=product&#038;p=77786"},"modified":"2024-10-11T11:00:32","modified_gmt":"2024-10-11T09:00:32","slug":"le-tackle-tee-black-korda","status":"publish","type":"product","link":"https:\/\/www.pescafish.it\/new\/prodotto\/le-tackle-tee-black-korda\/","title":{"rendered":"Le Tackle Tee Black &#8211; Korda"},"content":{"rendered":"<h2>Le Tackle Tee Black<\/h2>\n<p>Questa maglietta ha una finitura a &#8220;pelle di pesca&#8221; che le conferisce una consistenza morbida e vellutata con una bella sensazione sulla pelle. \u00c8 traspirante, quindi ottima per l&#8217;uso in estate o come uno dei diversi strati durante la stagione pi\u00f9 fredda. La Tackle Tee presenta un logo grande ed elegante sul retro che \u00e8 costruito utilizzando la grafica di molti degli articoli di attrezzatura della gamma Korda, da cui il nome.<\/p>\n<p><strong>Disponibile nelle seguenti taglie:<br \/>\nKCL707<\/strong>\u00a0 Size S<br \/>\n<strong>KCL708<\/strong>\u00a0 Size M<br \/>\n<strong>KCL709<\/strong>\u00a0 Size L<br \/>\n<strong>KCL710<\/strong>\u00a0 Size XL<br \/>\n<strong>KCL711<\/strong>\u00a0 Size XXL<br \/>\n<strong>KCL712<\/strong>\u00a0 Size XXXL<\/p>\n","protected":false},"excerpt":{"rendered":"<p>Le Tackle Tee Black Questa maglietta ha una finitura a &#8220;pelle di pesca&#8221; che le conferisce una consistenza morbida e vellutata con una bella sensazione sulla pelle. \u00c8 traspirante, quindi ottima per l&#8217;uso in estate o come uno dei diversi strati durante la stagione pi\u00f9 fredda. La Tackle Tee presenta un logo grande ed elegante [&hellip;]<\/p>\n","protected":false},"featured_media":77789,"comment_status":"closed","ping_status":"closed","template":"","meta":[],"product_cat":[771],"product_tag":[1018],"yoast_head":"<!-- This site is optimized with the Yoast SEO plugin v15.3 - https:\/\/yoast.com\/wordpress\/plugins\/seo\/ -->\n<title>Le Tackle Tee Black - Korda - Pesca Fish<\/title>\n<meta name=\"robots\" content=\"index, follow, max-snippet:-1, max-image-preview:large, max-video-preview:-1\" \/>\n<link rel=\"canonical\" href=\"https:\/\/www.pescafish.it\/new\/prodotto\/le-tackle-tee-black-korda\/\" \/>\n<meta property=\"og:locale\" content=\"it_IT\" \/>\n<meta property=\"og:type\" content=\"article\" \/>\n<meta property=\"og:title\" content=\"Le Tackle Tee Black - Korda - Pesca Fish\" \/>\n<meta property=\"og:description\" content=\"Le Tackle Tee Black Questa maglietta ha una finitura a &#8220;pelle di pesca&#8221; che le conferisce una consistenza morbida e vellutata con una bella sensazione sulla pelle. \u00c8 traspirante, quindi ottima per l&#8217;uso in estate o come uno dei diversi strati durante la stagione pi\u00f9 fredda. La Tackle Tee presenta un logo grande ed elegante [&hellip;]\" \/>\n<meta property=\"og:url\" content=\"https:\/\/www.pescafish.it\/new\/prodotto\/le-tackle-tee-black-korda\/\" \/>\n<meta property=\"og:site_name\" content=\"Pesca Fish\" \/>\n<meta property=\"article:publisher\" content=\"https:\/\/www.facebook.com\/pescafishvr\/\" \/>\n<meta property=\"article:modified_time\" content=\"2024-10-11T09:00:32+00:00\" \/>\n<meta property=\"og:image\" content=\"https:\/\/www.pescafish.it\/new\/wp-content\/uploads\/2022\/04\/Korda-LE-Tackle-Tee-Black-.jpg\" \/>\n\t<meta property=\"og:image:width\" content=\"800\" \/>\n\t<meta property=\"og:image:height\" content=\"600\" \/>\n<meta name=\"twitter:card\" content=\"summary_large_image\" \/>\n<meta name=\"twitter:label1\" content=\"Scritto da\">\n\t<meta name=\"twitter:data1\" content=\"francesca\">\n\t<meta name=\"twitter:label2\" content=\"Tempo di lettura stimato\">\n\t<meta name=\"twitter:data2\" content=\"0 minuti\">\n<script type=\"application\/ld+json\" class=\"yoast-schema-graph\">{\"@context\":\"https:\/\/schema.org\",\"@graph\":[{\"@type\":\"WebSite\",\"@id\":\"https:\/\/www.pescafish.it\/new\/#website\",\"url\":\"https:\/\/www.pescafish.it\/new\/\",\"name\":\"Pesca Fish\",\"description\":\"Benvenuti sul nostro sito!\",\"potentialAction\":[{\"@type\":\"SearchAction\",\"target\":\"https:\/\/www.pescafish.it\/new\/?s={search_term_string}\",\"query-input\":\"required name=search_term_string\"}],\"inLanguage\":\"it-IT\"},{\"@type\":\"ImageObject\",\"@id\":\"https:\/\/www.pescafish.it\/new\/prodotto\/le-tackle-tee-black-korda\/#primaryimage\",\"inLanguage\":\"it-IT\",\"url\":\"https:\/\/www.pescafish.it\/new\/wp-content\/uploads\/2022\/04\/Korda-LE-Tackle-Tee-Black-.jpg\",\"width\":800,\"height\":600,\"caption\":\"Korda\"},{\"@type\":\"WebPage\",\"@id\":\"https:\/\/www.pescafish.it\/new\/prodotto\/le-tackle-tee-black-korda\/#webpage\",\"url\":\"https:\/\/www.pescafish.it\/new\/prodotto\/le-tackle-tee-black-korda\/\",\"name\":\"Le Tackle Tee Black - Korda - Pesca Fish\",\"isPartOf\":{\"@id\":\"https:\/\/www.pescafish.it\/new\/#website\"},\"primaryImageOfPage\":{\"@id\":\"https:\/\/www.pescafish.it\/new\/prodotto\/le-tackle-tee-black-korda\/#primaryimage\"},\"datePublished\":\"2022-04-01T15:03:14+00:00\",\"dateModified\":\"2024-10-11T09:00:32+00:00\",\"inLanguage\":\"it-IT\",\"potentialAction\":[{\"@type\":\"ReadAction\",\"target\":[\"https:\/\/www.pescafish.it\/new\/prodotto\/le-tackle-tee-black-korda\/\"]}]}]}<\/script>\n<!-- \/ Yoast SEO plugin. -->","_links":{"self":[{"href":"https:\/\/www.pescafish.it\/new\/wp-json\/wp\/v2\/product\/77786"}],"collection":[{"href":"https:\/\/www.pescafish.it\/new\/wp-json\/wp\/v2\/product"}],"about":[{"href":"https:\/\/www.pescafish.it\/new\/wp-json\/wp\/v2\/types\/product"}],"replies":[{"embeddable":true,"href":"https:\/\/www.pescafish.it\/new\/wp-json\/wp\/v2\/comments?post=77786"}],"wp:featuredmedia":[{"embeddable":true,"href":"https:\/\/www.pescafish.it\/new\/wp-json\/wp\/v2\/media\/77789"}],"wp:attachment":[{"href":"https:\/\/www.pescafish.it\/new\/wp-json\/wp\/v2\/media?parent=77786"}],"wp:term":[{"taxonomy":"product_cat","embeddable":true,"href":"https:\/\/www.pescafish.it\/new\/wp-json\/wp\/v2\/product_cat?post=77786"},{"taxonomy":"product_tag","embeddable":true,"href":"https:\/\/www.pescafish.it\/new\/wp-json\/wp\/v2\/product_tag?post=77786"}],"curies":[{"name":"wp","href":"https:\/\/api.w.org\/{rel}","templated":true}]}}