{"id":77503,"date":"2022-03-25T18:47:25","date_gmt":"2022-03-25T17:47:25","guid":{"rendered":"https:\/\/www.pescafish.it\/new\/?post_type=product&#038;p=77503"},"modified":"2022-03-25T18:47:25","modified_gmt":"2022-03-25T17:47:25","slug":"hybrid-evolution-manni","status":"publish","type":"product","link":"https:\/\/www.pescafish.it\/new\/prodotto\/hybrid-evolution-manni\/","title":{"rendered":"Hybrid Evolution &#8211; Manni"},"content":{"rendered":"<p>Dopo anni di ricerca e sviluppo nasce l&#8217;elastico pieno HYBRID EVOLUTION. \u00c8 una evoluzione degli ormai classici elastici ibridi ed ha delle caratteristiche uniche.<\/p>\n<p>\u2022 STRETCH &#8211; ALLUNGAMENTO 800%: ha una estensione 8 volte la sua lunghezza iniziale come i migliori cavi, valori mai raggiunti da elastici pieni<br \/>\n\u2022 TRATTAMENTO ANTI U.V: Lo rende molto resistente alla luce del sole e quindi migliora in modo sensibile la durata nel tempo<br \/>\n\u2022 TRATTAMENTO ANTI AGE: \u00e8 un sistema di lavorazione che rende la superficie pi\u00f9 resistente agli agenti esterni e riduce l&#8217;attrito con il ptfe delle nostre cime<br \/>\n\u2022 OPTIMIZED RETRACTION: la caratteristica pi\u00f9 difficile da mettere a punto, cio\u00e8 annullare il principale difetto degli elastici ibridi classici che \u00e8 la ridotta capacit\u00e0 di rientro dopo la estensione<br \/>\n\u2022 Con HYBRID EVOLUTION: abbiamo completamente annullato questo problema e vedrete che questa caratteristica fa davvero la differenza<br \/>\n\u2022 MADE IN EUROPE: costruito in Europa con le migliori tecnologie costruttive ed i migliori materiali<br \/>\n\u2022 EXTENDED RANGE: gamma di diametri molto completa che va da meno di 1mm A oltre 3mm in 11 diverse misure<br \/>\n\u2022 CONFEZIONI DI 5MT: lunghezza che permette di attrezzare almeno 2 punte senza sprecare materiale<\/p>\n<p><strong>Disponibile nelle seguenti misure:<\/strong><br \/>\n<strong>HYEV-0.92\u00a0<\/strong> Arancio Fluo 0,92mm<br \/>\n<strong>HYEV-1.05<\/strong>\u00a0 Verde Fluo 1,05mm<br \/>\n<strong>HYEV-1.23<\/strong>\u00a0 Giallo Fluo 1,23mm<br \/>\n<strong>HYEV-1.48\u00a0<\/strong> Arancio Fluo 1,48mm<br \/>\n<strong>HYEV-1.69<\/strong>\u00a0 Blu Fluo 1,69mm<br \/>\n<strong>HYEV-1.91<\/strong>\u00a0 Rosso Fluo 1,91mm<br \/>\n<strong>HYEV-2.08<\/strong>\u00a0 Verde Fluo 2,08mm<br \/>\n<strong>HYEV-2.26\u00a0<\/strong> Giallo Fluo 2,26mm<br \/>\n<strong>HYEV-2.58\u00a0<\/strong> Rosso Fluo\u00a0 2,58mm<br \/>\n<strong>HYEV-2.89<\/strong>\u00a0 Blu Fluo 2,89mm<br \/>\n<strong>HYEV-3.22<\/strong>\u00a0 Giallo Fluo 3,22mm<\/p>\n<p><strong>Confezione da 5 metri<\/strong><\/p>\n","protected":false},"excerpt":{"rendered":"<p>Dopo anni di ricerca e sviluppo nasce l&#8217;elastico pieno HYBRID EVOLUTION. \u00c8 una evoluzione degli ormai classici elastici ibridi ed ha delle caratteristiche uniche. \u2022 STRETCH &#8211; ALLUNGAMENTO 800%: ha una estensione 8 volte la sua lunghezza iniziale come i migliori cavi, valori mai raggiunti da elastici pieni \u2022 TRATTAMENTO ANTI U.V: Lo rende molto [&hellip;]<\/p>\n","protected":false},"featured_media":77505,"comment_status":"closed","ping_status":"closed","template":"","meta":[],"product_cat":[177],"product_tag":[1290],"yoast_head":"<!-- This site is optimized with the Yoast SEO plugin v15.3 - https:\/\/yoast.com\/wordpress\/plugins\/seo\/ -->\n<title>Hybrid Evolution - Manni - Pesca Fish<\/title>\n<meta name=\"robots\" content=\"index, follow, max-snippet:-1, max-image-preview:large, max-video-preview:-1\" \/>\n<link rel=\"canonical\" href=\"https:\/\/www.pescafish.it\/new\/prodotto\/hybrid-evolution-manni\/\" \/>\n<meta property=\"og:locale\" content=\"it_IT\" \/>\n<meta property=\"og:type\" content=\"article\" \/>\n<meta property=\"og:title\" content=\"Hybrid Evolution - Manni - Pesca Fish\" \/>\n<meta property=\"og:description\" content=\"Dopo anni di ricerca e sviluppo nasce l&#8217;elastico pieno HYBRID EVOLUTION. \u00c8 una evoluzione degli ormai classici elastici ibridi ed ha delle caratteristiche uniche. \u2022 STRETCH &#8211; ALLUNGAMENTO 800%: ha una estensione 8 volte la sua lunghezza iniziale come i migliori cavi, valori mai raggiunti da elastici pieni \u2022 TRATTAMENTO ANTI U.V: Lo rende molto [&hellip;]\" \/>\n<meta property=\"og:url\" content=\"https:\/\/www.pescafish.it\/new\/prodotto\/hybrid-evolution-manni\/\" \/>\n<meta property=\"og:site_name\" content=\"Pesca Fish\" \/>\n<meta property=\"article:publisher\" content=\"https:\/\/www.facebook.com\/pescafishvr\/\" \/>\n<meta property=\"og:image\" content=\"https:\/\/www.pescafish.it\/new\/wp-content\/uploads\/2022\/03\/HYBRID-EVOLUTION.jpg\" \/>\n\t<meta property=\"og:image:width\" content=\"883\" \/>\n\t<meta property=\"og:image:height\" content=\"883\" \/>\n<meta name=\"twitter:card\" content=\"summary_large_image\" \/>\n<meta name=\"twitter:label1\" content=\"Scritto da\">\n\t<meta name=\"twitter:data1\" content=\"francesca\">\n\t<meta name=\"twitter:label2\" content=\"Tempo di lettura stimato\">\n\t<meta name=\"twitter:data2\" content=\"1 minuto\">\n<script type=\"application\/ld+json\" class=\"yoast-schema-graph\">{\"@context\":\"https:\/\/schema.org\",\"@graph\":[{\"@type\":\"WebSite\",\"@id\":\"https:\/\/www.pescafish.it\/new\/#website\",\"url\":\"https:\/\/www.pescafish.it\/new\/\",\"name\":\"Pesca Fish\",\"description\":\"Benvenuti sul nostro sito!\",\"potentialAction\":[{\"@type\":\"SearchAction\",\"target\":\"https:\/\/www.pescafish.it\/new\/?s={search_term_string}\",\"query-input\":\"required name=search_term_string\"}],\"inLanguage\":\"it-IT\"},{\"@type\":\"ImageObject\",\"@id\":\"https:\/\/www.pescafish.it\/new\/prodotto\/hybrid-evolution-manni\/#primaryimage\",\"inLanguage\":\"it-IT\",\"url\":\"https:\/\/www.pescafish.it\/new\/wp-content\/uploads\/2022\/03\/HYBRID-EVOLUTION.jpg\",\"width\":883,\"height\":883,\"caption\":\"hybrid evolution manni\"},{\"@type\":\"WebPage\",\"@id\":\"https:\/\/www.pescafish.it\/new\/prodotto\/hybrid-evolution-manni\/#webpage\",\"url\":\"https:\/\/www.pescafish.it\/new\/prodotto\/hybrid-evolution-manni\/\",\"name\":\"Hybrid Evolution - Manni - Pesca Fish\",\"isPartOf\":{\"@id\":\"https:\/\/www.pescafish.it\/new\/#website\"},\"primaryImageOfPage\":{\"@id\":\"https:\/\/www.pescafish.it\/new\/prodotto\/hybrid-evolution-manni\/#primaryimage\"},\"datePublished\":\"2022-03-25T17:47:25+00:00\",\"dateModified\":\"2022-03-25T17:47:25+00:00\",\"inLanguage\":\"it-IT\",\"potentialAction\":[{\"@type\":\"ReadAction\",\"target\":[\"https:\/\/www.pescafish.it\/new\/prodotto\/hybrid-evolution-manni\/\"]}]}]}<\/script>\n<!-- \/ Yoast SEO plugin. -->","_links":{"self":[{"href":"https:\/\/www.pescafish.it\/new\/wp-json\/wp\/v2\/product\/77503"}],"collection":[{"href":"https:\/\/www.pescafish.it\/new\/wp-json\/wp\/v2\/product"}],"about":[{"href":"https:\/\/www.pescafish.it\/new\/wp-json\/wp\/v2\/types\/product"}],"replies":[{"embeddable":true,"href":"https:\/\/www.pescafish.it\/new\/wp-json\/wp\/v2\/comments?post=77503"}],"wp:featuredmedia":[{"embeddable":true,"href":"https:\/\/www.pescafish.it\/new\/wp-json\/wp\/v2\/media\/77505"}],"wp:attachment":[{"href":"https:\/\/www.pescafish.it\/new\/wp-json\/wp\/v2\/media?parent=77503"}],"wp:term":[{"taxonomy":"product_cat","embeddable":true,"href":"https:\/\/www.pescafish.it\/new\/wp-json\/wp\/v2\/product_cat?post=77503"},{"taxonomy":"product_tag","embeddable":true,"href":"https:\/\/www.pescafish.it\/new\/wp-json\/wp\/v2\/product_tag?post=77503"}],"curies":[{"name":"wp","href":"https:\/\/api.w.org\/{rel}","templated":true}]}}