{"id":76242,"date":"2022-03-04T18:52:38","date_gmt":"2022-03-04T17:52:38","guid":{"rendered":"https:\/\/www.pescafish.it\/new\/?post_type=product&#038;p=76242"},"modified":"2022-03-04T18:52:39","modified_gmt":"2022-03-04T17:52:39","slug":"topper-oil-range-nutrabaits","status":"publish","type":"product","link":"https:\/\/www.pescafish.it\/new\/prodotto\/topper-oil-range-nutrabaits\/","title":{"rendered":"Topper Oil Range &#8211; Nutrabaits"},"content":{"rendered":"<h2>Topper Oil Range<\/h2>\n<p>Ovviamente l&#8217;olio galleggia quando viene miscelato con acqua o qualsiasi altro liquido, quindi in qualsiasi situazione di pesca ha un effetto a breve termine prima che l&#8217;olio si disperda in superficie e fuori dalla tua nuotata. Quello che abbiamo creato sono tre gamme, Fango di salmone, Fango di canapa e Fango di noci. Il tutto miscelato con un alimento liquido molto denso e trigger di alimentazione che si trasformano in una propriet\u00e0 simile al gel con il nostro processo di miscelazione interno. Questi liquidi si trovano sul fondo del lago rilasciando lentamente minuscole goccioline di olio in superficie per un periodo di 4 ore in acqua calda e 6 ore + in acqua fredda, creando una piccola macchia piatta sopra l&#8217;area innestata. La magia inizia quando la carpa si nutre della tua area con l&#8217;esca, gli oli verranno rilasciati dando una grande macchia piatta e un chiaro segno che i pesci si nutrono in modo aggressivo della tua area con l&#8217;esca. Pi\u00f9 grande \u00e8 il punto piatto, pi\u00f9 pesci si nutrono nella tua area con l&#8217;esca.<\/p>\n<p>Ci sono molti altri liquidi sul mercato che si disperdono attraverso la colonna d&#8217;acqua, ma questo \u00e8 il primo attrattore a base di olio del suo tipo.<\/p>\n<p>Pu\u00f2 essere aggiunto a mangimi per tappeti, miscele di sacchi, pellet, sacchi solidi, particelle o semplicemente rivestendo le tue esche e totalmente compatibile con PVA.<\/p>\n<p>Pensare fuori dagli schemi per darti un grande vantaggio nella tua pesca.<\/p>\n<p><strong>Disponibile nelle seguenti varianti:<\/strong><\/p>\n<p><strong>NU4079<\/strong>\u00a0 Nut Sludge<br \/>\n<strong>NU4080<\/strong>\u00a0 Salmon Sludge<br \/>\n<strong>NU4081<\/strong>\u00a0 Hemp Sludge<\/p>\n<p><strong>Barattolo da 250ml<\/strong><\/p>\n","protected":false},"excerpt":{"rendered":"<p>Topper Oil Range Ovviamente l&#8217;olio galleggia quando viene miscelato con acqua o qualsiasi altro liquido, quindi in qualsiasi situazione di pesca ha un effetto a breve termine prima che l&#8217;olio si disperda in superficie e fuori dalla tua nuotata. Quello che abbiamo creato sono tre gamme, Fango di salmone, Fango di canapa e Fango di [&hellip;]<\/p>\n","protected":false},"featured_media":76243,"comment_status":"closed","ping_status":"closed","template":"","meta":[],"product_cat":[943],"product_tag":[1049],"yoast_head":"<!-- This site is optimized with the Yoast SEO plugin v15.3 - https:\/\/yoast.com\/wordpress\/plugins\/seo\/ -->\n<title>Topper Oil Range - Nutrabaits - Pesca Fish<\/title>\n<meta name=\"robots\" content=\"index, follow, max-snippet:-1, max-image-preview:large, max-video-preview:-1\" \/>\n<link rel=\"canonical\" href=\"https:\/\/www.pescafish.it\/new\/prodotto\/topper-oil-range-nutrabaits\/\" \/>\n<meta property=\"og:locale\" content=\"it_IT\" \/>\n<meta property=\"og:type\" content=\"article\" \/>\n<meta property=\"og:title\" content=\"Topper Oil Range - Nutrabaits - Pesca Fish\" \/>\n<meta property=\"og:description\" content=\"Topper Oil Range Ovviamente l&#8217;olio galleggia quando viene miscelato con acqua o qualsiasi altro liquido, quindi in qualsiasi situazione di pesca ha un effetto a breve termine prima che l&#8217;olio si disperda in superficie e fuori dalla tua nuotata. Quello che abbiamo creato sono tre gamme, Fango di salmone, Fango di canapa e Fango di [&hellip;]\" \/>\n<meta property=\"og:url\" content=\"https:\/\/www.pescafish.it\/new\/prodotto\/topper-oil-range-nutrabaits\/\" \/>\n<meta property=\"og:site_name\" content=\"Pesca Fish\" \/>\n<meta property=\"article:publisher\" content=\"https:\/\/www.facebook.com\/pescafishvr\/\" \/>\n<meta property=\"article:modified_time\" content=\"2022-03-04T17:52:39+00:00\" \/>\n<meta property=\"og:image\" content=\"https:\/\/www.pescafish.it\/new\/wp-content\/uploads\/2022\/03\/9369554B-7297-4393-83FA-87A65C051BDC-1024x679-1.jpeg\" \/>\n\t<meta property=\"og:image:width\" content=\"1024\" \/>\n\t<meta property=\"og:image:height\" content=\"679\" \/>\n<meta name=\"twitter:card\" content=\"summary_large_image\" \/>\n<meta name=\"twitter:label1\" content=\"Scritto da\">\n\t<meta name=\"twitter:data1\" content=\"francesca\">\n\t<meta name=\"twitter:label2\" content=\"Tempo di lettura stimato\">\n\t<meta name=\"twitter:data2\" content=\"1 minuto\">\n<script type=\"application\/ld+json\" class=\"yoast-schema-graph\">{\"@context\":\"https:\/\/schema.org\",\"@graph\":[{\"@type\":\"WebSite\",\"@id\":\"https:\/\/www.pescafish.it\/new\/#website\",\"url\":\"https:\/\/www.pescafish.it\/new\/\",\"name\":\"Pesca Fish\",\"description\":\"Benvenuti sul nostro sito!\",\"potentialAction\":[{\"@type\":\"SearchAction\",\"target\":\"https:\/\/www.pescafish.it\/new\/?s={search_term_string}\",\"query-input\":\"required name=search_term_string\"}],\"inLanguage\":\"it-IT\"},{\"@type\":\"ImageObject\",\"@id\":\"https:\/\/www.pescafish.it\/new\/prodotto\/topper-oil-range-nutrabaits\/#primaryimage\",\"inLanguage\":\"it-IT\",\"url\":\"https:\/\/www.pescafish.it\/new\/wp-content\/uploads\/2022\/03\/9369554B-7297-4393-83FA-87A65C051BDC-1024x679-1.jpeg\",\"width\":1024,\"height\":679,\"caption\":\"Nutrabaits\"},{\"@type\":\"WebPage\",\"@id\":\"https:\/\/www.pescafish.it\/new\/prodotto\/topper-oil-range-nutrabaits\/#webpage\",\"url\":\"https:\/\/www.pescafish.it\/new\/prodotto\/topper-oil-range-nutrabaits\/\",\"name\":\"Topper Oil Range - Nutrabaits - Pesca Fish\",\"isPartOf\":{\"@id\":\"https:\/\/www.pescafish.it\/new\/#website\"},\"primaryImageOfPage\":{\"@id\":\"https:\/\/www.pescafish.it\/new\/prodotto\/topper-oil-range-nutrabaits\/#primaryimage\"},\"datePublished\":\"2022-03-04T17:52:38+00:00\",\"dateModified\":\"2022-03-04T17:52:39+00:00\",\"inLanguage\":\"it-IT\",\"potentialAction\":[{\"@type\":\"ReadAction\",\"target\":[\"https:\/\/www.pescafish.it\/new\/prodotto\/topper-oil-range-nutrabaits\/\"]}]}]}<\/script>\n<!-- \/ Yoast SEO plugin. -->","_links":{"self":[{"href":"https:\/\/www.pescafish.it\/new\/wp-json\/wp\/v2\/product\/76242"}],"collection":[{"href":"https:\/\/www.pescafish.it\/new\/wp-json\/wp\/v2\/product"}],"about":[{"href":"https:\/\/www.pescafish.it\/new\/wp-json\/wp\/v2\/types\/product"}],"replies":[{"embeddable":true,"href":"https:\/\/www.pescafish.it\/new\/wp-json\/wp\/v2\/comments?post=76242"}],"wp:featuredmedia":[{"embeddable":true,"href":"https:\/\/www.pescafish.it\/new\/wp-json\/wp\/v2\/media\/76243"}],"wp:attachment":[{"href":"https:\/\/www.pescafish.it\/new\/wp-json\/wp\/v2\/media?parent=76242"}],"wp:term":[{"taxonomy":"product_cat","embeddable":true,"href":"https:\/\/www.pescafish.it\/new\/wp-json\/wp\/v2\/product_cat?post=76242"},{"taxonomy":"product_tag","embeddable":true,"href":"https:\/\/www.pescafish.it\/new\/wp-json\/wp\/v2\/product_tag?post=76242"}],"curies":[{"name":"wp","href":"https:\/\/api.w.org\/{rel}","templated":true}]}}