{"id":76216,"date":"2022-03-04T16:26:57","date_gmt":"2022-03-04T15:26:57","guid":{"rendered":"https:\/\/www.pescafish.it\/new\/?post_type=product&#038;p=76216"},"modified":"2022-06-09T15:36:34","modified_gmt":"2022-06-09T13:36:34","slug":"basia-surf-45-scw-qd-r-daiwa","status":"publish","type":"product","link":"https:\/\/www.pescafish.it\/new\/prodotto\/basia-surf-45-scw-qd-r-daiwa\/","title":{"rendered":"Basia Surf 45 scw qd-r &#8211; Daiwa"},"content":{"rendered":"<div class=\"flex_column av_one_full flex_column_div av-zero-column-padding first avia-builder-el-11 el_after_av_hr el_before_av_one_full \">\n<div class=\"av-special-heading av-special-heading-h3 blockquote elegant-quote elegant-centered avia-builder-el-12 avia-builder-el-no-sibling \">\n<h2 class=\"av-special-heading-tag \">Basia Surf 45 scw qd-r<\/h2>\n<\/div>\n<\/div>\n<div class=\"flex_column av_one_full flex_column_div av-zero-column-padding first avia-builder-el-13 el_after_av_one_full avia-builder-el-last column-top-margin\">\n<section class=\"av_textblock_section \">\n<div class=\"avia_textblock \">\n<p>Il Basia surf 45 scw qd-r \u00e8 stato progettato e costruito in Giappone con le pi\u00f9 avanzate\u00a0tecnologie Daiwa:\u00a0un mulinello da surf-casting ad alte prestazioni e dalla qualit\u00e0 costruttiva eccezionale.<\/p>\n<p>Il corpo \u00e8 costruito in Zaion, il super-materiale a base di carbonio brevettato da Daiwa: coniuga resistenza e rigidit\u00e0 estreme ad una leggerezza irraggiungibile per qualsiasi mulinello con corpo in metallo.<\/p>\n<p>La dotazione del Basia surf 45 scw qd-r \u00e8 ricchissima: \u00e8 infatti fornito di serie con ben 3 bobine, di cui 2 di tipo shallow a capienza ridotta, per permettere l\u2019utilizzo di fili a diametro ridotto.<\/p>\n<p>La tecnologia Slow Cross Wrap ad imbobinamento lento garantisce una raccolta ottimale del filo, ma \u00e8 anche un valido aiuto per raggiungere distanze di lancio maggiori, migliorando a la fuoriuscita dalla bobina in fase in fase di lancio.<\/p>\n<p><strong>Caratteristiche:<\/strong><\/p>\n<div class=\"flex_column av_one_third flex_column_div av-zero-column-padding first avia-builder-el-18 el_after_av_one_full el_before_av_one_third column-top-margin\">\n<section class=\"av_textblock_section \">\n<div class=\"avia_textblock \">\n<p>\u2022 Corpo in Zaion<br \/>\n\u2022 Rotore Air Rotor in DS5<br \/>\n\u2022 Tough Digigear<br \/>\n\u2022 Magsealed a protezione del corpo<br \/>\n\u2022 Quick Drag<br \/>\n\u2022 Bobina Long Cast in Alluminio da 45mm<br \/>\n\u2022 Archetto Air Bail<br \/>\n\u2022 7 cuscinetti a sfera di cui 5 CRBB<br \/>\n\u2022 Rullino guidafilo Twist Buster II<br \/>\n\u2022 Infinite Anti-Reverse<br \/>\n\u2022 Imbobinamento Slow Cross Wrap<br \/>\n\u2022 2 Bobine di ricambio in dotazione (capacit\u00e0 0.18mm-300m e 0.35mm \u2013 300m)<br \/>\n\u2022 Peso: 510gr<\/p>\n<\/div>\n<\/section>\n<\/div>\n<\/div>\n<\/section>\n<\/div>\n","protected":false},"excerpt":{"rendered":"<p>Basia Surf 45 scw qd-r Il Basia surf 45 scw qd-r \u00e8 stato progettato e costruito in Giappone con le pi\u00f9 avanzate\u00a0tecnologie Daiwa:\u00a0un mulinello da surf-casting ad alte prestazioni e dalla qualit\u00e0 costruttiva eccezionale. Il corpo \u00e8 costruito in Zaion, il super-materiale a base di carbonio brevettato da Daiwa: coniuga resistenza e rigidit\u00e0 estreme ad [&hellip;]<\/p>\n","protected":false},"featured_media":79070,"comment_status":"closed","ping_status":"closed","template":"","meta":[],"product_cat":[351],"product_tag":[1051],"yoast_head":"<!-- This site is optimized with the Yoast SEO plugin v15.3 - https:\/\/yoast.com\/wordpress\/plugins\/seo\/ -->\n<title>Basia Surf 45 scw qd-r - Daiwa - Pesca Fish<\/title>\n<meta name=\"robots\" content=\"index, follow, max-snippet:-1, max-image-preview:large, max-video-preview:-1\" \/>\n<link rel=\"canonical\" href=\"https:\/\/www.pescafish.it\/new\/prodotto\/basia-surf-45-scw-qd-r-daiwa\/\" \/>\n<meta property=\"og:locale\" content=\"it_IT\" \/>\n<meta property=\"og:type\" content=\"article\" \/>\n<meta property=\"og:title\" content=\"Basia Surf 45 scw qd-r - Daiwa - Pesca Fish\" \/>\n<meta property=\"og:description\" content=\"Basia Surf 45 scw qd-r Il Basia surf 45 scw qd-r \u00e8 stato progettato e costruito in Giappone con le pi\u00f9 avanzate\u00a0tecnologie Daiwa:\u00a0un mulinello da surf-casting ad alte prestazioni e dalla qualit\u00e0 costruttiva eccezionale. Il corpo \u00e8 costruito in Zaion, il super-materiale a base di carbonio brevettato da Daiwa: coniuga resistenza e rigidit\u00e0 estreme ad [&hellip;]\" \/>\n<meta property=\"og:url\" content=\"https:\/\/www.pescafish.it\/new\/prodotto\/basia-surf-45-scw-qd-r-daiwa\/\" \/>\n<meta property=\"og:site_name\" content=\"Pesca Fish\" \/>\n<meta property=\"article:publisher\" content=\"https:\/\/www.facebook.com\/pescafishvr\/\" \/>\n<meta property=\"article:modified_time\" content=\"2022-06-09T13:36:34+00:00\" \/>\n<meta property=\"og:image\" content=\"https:\/\/www.pescafish.it\/new\/wp-content\/uploads\/2022\/03\/BASIA-SURF-45-type-r.jpg\" \/>\n\t<meta property=\"og:image:width\" content=\"1287\" \/>\n\t<meta property=\"og:image:height\" content=\"1287\" \/>\n<meta name=\"twitter:card\" content=\"summary_large_image\" \/>\n<meta name=\"twitter:label1\" content=\"Scritto da\">\n\t<meta name=\"twitter:data1\" content=\"francesca\">\n\t<meta name=\"twitter:label2\" content=\"Tempo di lettura stimato\">\n\t<meta name=\"twitter:data2\" content=\"1 minuto\">\n<script type=\"application\/ld+json\" class=\"yoast-schema-graph\">{\"@context\":\"https:\/\/schema.org\",\"@graph\":[{\"@type\":\"WebSite\",\"@id\":\"https:\/\/www.pescafish.it\/new\/#website\",\"url\":\"https:\/\/www.pescafish.it\/new\/\",\"name\":\"Pesca Fish\",\"description\":\"Benvenuti sul nostro sito!\",\"potentialAction\":[{\"@type\":\"SearchAction\",\"target\":\"https:\/\/www.pescafish.it\/new\/?s={search_term_string}\",\"query-input\":\"required name=search_term_string\"}],\"inLanguage\":\"it-IT\"},{\"@type\":\"ImageObject\",\"@id\":\"https:\/\/www.pescafish.it\/new\/prodotto\/basia-surf-45-scw-qd-r-daiwa\/#primaryimage\",\"inLanguage\":\"it-IT\",\"url\":\"https:\/\/www.pescafish.it\/new\/wp-content\/uploads\/2022\/03\/BASIA-SURF-45-type-r.jpg\",\"width\":1287,\"height\":1287},{\"@type\":\"WebPage\",\"@id\":\"https:\/\/www.pescafish.it\/new\/prodotto\/basia-surf-45-scw-qd-r-daiwa\/#webpage\",\"url\":\"https:\/\/www.pescafish.it\/new\/prodotto\/basia-surf-45-scw-qd-r-daiwa\/\",\"name\":\"Basia Surf 45 scw qd-r - Daiwa - Pesca Fish\",\"isPartOf\":{\"@id\":\"https:\/\/www.pescafish.it\/new\/#website\"},\"primaryImageOfPage\":{\"@id\":\"https:\/\/www.pescafish.it\/new\/prodotto\/basia-surf-45-scw-qd-r-daiwa\/#primaryimage\"},\"datePublished\":\"2022-03-04T15:26:57+00:00\",\"dateModified\":\"2022-06-09T13:36:34+00:00\",\"inLanguage\":\"it-IT\",\"potentialAction\":[{\"@type\":\"ReadAction\",\"target\":[\"https:\/\/www.pescafish.it\/new\/prodotto\/basia-surf-45-scw-qd-r-daiwa\/\"]}]}]}<\/script>\n<!-- \/ Yoast SEO plugin. -->","_links":{"self":[{"href":"https:\/\/www.pescafish.it\/new\/wp-json\/wp\/v2\/product\/76216"}],"collection":[{"href":"https:\/\/www.pescafish.it\/new\/wp-json\/wp\/v2\/product"}],"about":[{"href":"https:\/\/www.pescafish.it\/new\/wp-json\/wp\/v2\/types\/product"}],"replies":[{"embeddable":true,"href":"https:\/\/www.pescafish.it\/new\/wp-json\/wp\/v2\/comments?post=76216"}],"wp:featuredmedia":[{"embeddable":true,"href":"https:\/\/www.pescafish.it\/new\/wp-json\/wp\/v2\/media\/79070"}],"wp:attachment":[{"href":"https:\/\/www.pescafish.it\/new\/wp-json\/wp\/v2\/media?parent=76216"}],"wp:term":[{"taxonomy":"product_cat","embeddable":true,"href":"https:\/\/www.pescafish.it\/new\/wp-json\/wp\/v2\/product_cat?post=76216"},{"taxonomy":"product_tag","embeddable":true,"href":"https:\/\/www.pescafish.it\/new\/wp-json\/wp\/v2\/product_tag?post=76216"}],"curies":[{"name":"wp","href":"https:\/\/api.w.org\/{rel}","templated":true}]}}